000
CXUS53 KGRB 300801
CF6SUE
PRELIMINARY LOCAL CLIMATOLOGICAL DATA (WS FORM: F-6)
STATION: STURGEON BAY WI
MONTH: APRIL
YEAR: 2021
LATITUDE: 44 55 N
LONGITUDE: 87 25 W
TEMPERATURE IN F: :PCPN: SNOW: WIND :SUNSHINE: SKY :PK WND
================================================================================
1 2 3 4 5 6A 6B 7 8 9 10 11 12 13 14 15 16 17 18
12Z AVG MX 2MIN
DY MAX MIN AVG DEP HDD CDD WTR SNW DPTH SPD SPD DIR MIN PSBL S-S WX SPD DR
================================================================================
1 36 21 29 M 36 0 T M M 10.8 22 340 M M 3 26 340
2 44 22 33 M 32 0 M M M 12.1 23 170 M M 0 31 190
3 60 37 49 M 16 0 M M M 8.2 13 190 M M 0 M M
4 58 33 46 M 19 0 M M M 8.4 16 160 M M 0 23 160
5 69 47 58 M 7 0 T M M 13.4 18 180 M M 2 24 170
6 75 45 60 M 5 0 T M M 7.3 14 190 M M 2 21 340
7 69 41 55 M 10 0 T M M 8.7 15 170 M M 3 1 21 150
8 64 45 55 M 10 0 0.06 M M 8.2 17 160 M M 7 1 23 180
9 53 42 48 M 17 0 0.02 M M 9.6 15 160 M M 9 1 M M
10 53 45 49 M 16 0 0.01 M M 5.5 14 30 M M 9 1 22 30
11 52 41 47 M 18 0 0.03 M M 7.4 21 50 M M 9 1 28 50
12 57 38 48 M 17 0 0.02 M M 6.9 14 250 M M 5 1 20 250
13 47 37 42 M 23 0 M M M 10.3 16 260 M M 9 M M
14 43 34 39 M 26 0 T M M 9.3 15 350 M M 10 22 350
15 48 36 42 M 23 0 T M M 11.7 22 340 M M 9 30 330
16 50 34 42 M 23 0 M M M 7.6 14 350 M M 4 M M
17 53 32 43 M 22 0 M M M 7.1 14 350 M M 0 M M
18 53 30 42 M 23 0 M M M 8.9 16 160 M M 0 20 180
19 48 31 40 M 25 0 T M M 14.4 20 280 M M 9 28 280
20 39 28 34 M 31 0 T M M 8.5 17 310 M M 6 22 310
21 40 25 33 M 32 0 T M M 8.3 14 150 M M 5 1 18 340
22 50 27 39 M 26 0 M M M 10.0 18 170 M M 0 24 170
23 61 36 49 M 16 0 M M M 10.5 18 190 M M 3 26 190
24 58 34 46 M 19 0 0.36 M M 10.1 26 10 M M 9 1 36 10
25 44 31 38 M 27 0 T M M 11.3 17 350 M M 6 23 340
26 44 35 40 M 25 0 0.04 M M 10.7 17 110 M M 9 26 120
27 46 39 43 M 22 0 0.02 M M 11.0 21 340 M M 6 31 360
28 56 39 48 M 17 0 0.38 M M 11.1 20 20 M M 6 1 25 20
29 63 42 53 M 12 0 T M M 6.0 20 360 M M 6 M M
================================================================================
SM 1533 1027 595 0 0.94 M 273.4 M 146
================================================================================
AV 52.9 35.4 9.4 FASTST M M 5 MAX(MPH)
MISC ----> 26 10 36 10
================================================================================
NOTES:
# LAST OF SEVERAL OCCURRENCES
COLUMN 17 PEAK WIND IN M.P.H.
PRELIMINARY LOCAL CLIMATOLOGICAL DATA (WS FORM: F-6) , PAGE 2
STATION: STURGEON BAY WI
MONTH: APRIL
YEAR: 2021
LATITUDE: 44 55 N
LONGITUDE: 87 25 W
[TEMPERATURE DATA] [PRECIPITATION DATA] SYMBOLS USED IN COLUMN 16
AVERAGE MONTHLY: 44.1 TOTAL FOR MONTH: 0.94 1 = FOG OR MIST
DPTR FM NORMAL: 0.0 DPTR FM NORMAL: 0.94 2 = FOG REDUCING VISIBILITY
HIGHEST: 75 ON 6 GRTST 24HR 0.38 ON 28-28 TO 1/4 MILE OR LESS
LOWEST: 21 ON 1 3 = THUNDER
SNOW, ICE PELLETS, HAIL 4 = ICE PELLETS
TOTAL MONTH: M 5 = HAIL
GRTST 24HR M ON M 6 = FREEZING RAIN OR DRIZZLE
GRTST DEPTH: M ON M 7 = DUSTSTORM OR SANDSTORM:
VSBY 1/2 MILE OR LESS
8 = SMOKE OR HAZE
[NO. OF DAYS WITH] [WEATHER - DAYS WITH] 9 = BLOWING SNOW
X = TORNADO
MAX 32 OR BELOW: 0 0.01 INCH OR MORE: 9
MAX 90 OR ABOVE: 0 0.10 INCH OR MORE: 2
MIN 32 OR BELOW: 9 0.50 INCH OR MORE: 0
MIN 0 OR BELOW: 0 1.00 INCH OR MORE: 0
[HDD (BASE 65) ]
TOTAL THIS MO. 595 CLEAR (SCALE 0-3) 10
DPTR FM NORMAL M PTCLDY (SCALE 4-7) 10
TOTAL FM JUL 1 6754 CLOUDY (SCALE 8-10) 9
DPTR FM NORMAL 6516
[CDD (BASE 65) ]
TOTAL THIS MO. 0
DPTR FM NORMAL M [PRESSURE DATA]
TOTAL FM JAN 1 0 HIGHEST SLP M ON M
DPTR FM NORMAL 0 LOWEST SLP M ON M
[REMARKS]