000
CXUS52 KTBW 011014
CF6TBW
PRELIMINARY LOCAL CLIMATOLOGICAL DATA (WS FORM: F-6)
STATION: RUSKIN WFO
MONTH: SEPTEMBER
YEAR: 2023
LATITUDE: 27 42 N
LONGITUDE: 82 24 W
TEMPERATURE IN F: :PCPN: SNOW: WIND :SUNSHINE: SKY :PK WND
================================================================================
1 2 3 4 5 6A 6B 7 8 9 10 11 12 13 14 15 16 17 18
12Z AVG MX 2MIN
DY MAX MIN AVG DEP HDD CDD WTR SNW DPTH SPD SPD DIR MIN PSBL S-S WX SPD DR
================================================================================
1 93 77 85 3 0 20 T 0.0 0 M M M M M M M M
2 93 75 84 2 0 19 0.00 0.0 0 M M M M M M M M
3 92 72 82 0 0 17 0.00 0.0 0 M M M M M M M M
4 91 71 81 -1 0 16 0.00 0.0 0 M M M M M M M M
5 93 74 84 2 0 19 0.00 0.0 0 M M M M M M M M
6 92 74 83 1 0 18 0.00 0.0 0 M M M M M M M M
7 92 74 83 1 0 18 0.00 0.0 0 M M M M M M M M
8 87 71 79 -3 0 14 0.59 0.0 0 M M M M M M 13 M M
9 90 70 80 -2 0 15 0.00 0.0 0 M M M M M M M M
10 92 73 83 1 0 18 0.00 0.0 0 M M M M M M M M
11 94 75 85 3 0 20 T 0.0 0 M M M M M M M M
12 96 73 85 3 0 20 0.00 0.0 0 M M M M M M M M
13 93 76 85 3 0 20 0.00 0.0 0 M M M M M M M M
14 92 75 84 2 0 19 0.00 0.0 0 M M M M M M M M
15 92 75 84 3 0 19 0.00 0.0 0 M M M M M M M M
16 95 75 85 4 0 20 0.00 0.0 0 M M M M M M M M
17 92 76 84 3 0 19 0.00 0.0 0 M M M M M M M M
18 94 76 85 4 0 20 0.00 0.0 0 M M M M M M M M
19 89 75 82 1 0 17 0.00 0.0 0 M M M M M M M M
20 93 71 82 1 0 17 0.18 0.0 0 M M M M M M 3 M M
21 92 71 82 1 0 17 0.00 0.0 0 M M M M M M 3 M M
22 91 71 81 0 0 16 0.00 0.0 0 M M M M M M M M
23 89 68 79 -2 0 14 0.00 0.0 0 M M M M M M M M
24 91 71 81 1 0 16 0.00 0.0 0 M M M M M M M M
25 90 72 81 1 0 16 0.13 0.0 0 M M M M M M 3 M M
26 87 75 81 1 0 16 0.00 0.0 0 M M M M M M M M
27 89 75 82 2 0 17 0.01 0.0 0 M M M M M M M M
28 91 74 83 3 0 18 0.00 0.0 0 M M M M M M M M
29 90 73 82 2 0 17 4.11 0.0 0 M M M M M M 123 M M
30 93 75 84 4 0 19 0.98 0.0 0 M M M M M M 1 M M
================================================================================
SM 2748 2203 0 531 6.00 0.0 M M M
================================================================================
AV 91.6 73.4 M FASTST M M M MAX(MPH)
MISC ----> M M M M
================================================================================
NOTES:
# LAST OF SEVERAL OCCURRENCES
COLUMN 17 PEAK WIND IN M.P.H.
PRELIMINARY LOCAL CLIMATOLOGICAL DATA (WS FORM: F-6) , PAGE 2
STATION: RUSKIN WFO
MONTH: SEPTEMBER
YEAR: 2023
LATITUDE: 27 42 N
LONGITUDE: 82 24 W
[TEMPERATURE DATA] [PRECIPITATION DATA] SYMBOLS USED IN COLUMN 16
AVERAGE MONTHLY: 82.5 TOTAL FOR MONTH: 6.00 1 = FOG OR MIST
DPTR FM NORMAL: 1.3 DPTR FM NORMAL: -1.70 2 = FOG REDUCING VISIBILITY
HIGHEST: 96 ON 12 GRTST 24HR 4.11 ON 29-29 TO 1/4 MILE OR LESS
LOWEST: 68 ON 23 3 = THUNDER
SNOW, ICE PELLETS, HAIL 4 = ICE PELLETS
TOTAL MONTH: 0.0 INCH 5 = HAIL
GRTST 24HR 0.0 6 = FREEZING RAIN OR DRIZZLE
GRTST DEPTH: 0 7 = DUSTSTORM OR SANDSTORM:
VSBY 1/2 MILE OR LESS
8 = SMOKE OR HAZE
[NO. OF DAYS WITH] [WEATHER - DAYS WITH] 9 = BLOWING SNOW
X = TORNADO
MAX 32 OR BELOW: 0 0.01 INCH OR MORE: 6
MAX 90 OR ABOVE: 25 0.10 INCH OR MORE: 5
MIN 32 OR BELOW: 0 0.50 INCH OR MORE: 3
MIN 0 OR BELOW: 0 1.00 INCH OR MORE: 1
[HDD (BASE 65) ]
TOTAL THIS MO. 0 CLEAR (SCALE 0-3) 0
DPTR FM NORMAL 0 PTCLDY (SCALE 4-7) 0
TOTAL FM JUL 1 0 CLOUDY (SCALE 8-10) 30
DPTR FM NORMAL 0
[CDD (BASE 65) ]
TOTAL THIS MO. 531
DPTR FM NORMAL 45 [PRESSURE DATA]
TOTAL FM JAN 1 3519 HIGHEST SLP M ON M
DPTR FM NORMAL 620 LOWEST SLP M ON M
[REMARKS]
#FINAL-09-23#