000
CXUS54 KEPZ 011030
CF6TCS
PRELIMINARY LOCAL CLIMATOLOGICAL DATA (WS FORM: F-6)
STATION: TRUTH OR CONSEQUENCES
MONTH: JULY
YEAR: 2020
LATITUDE: 33 13 N
LONGITUDE: 107 16 W
TEMPERATURE IN F: :PCPN: SNOW: WIND :SUNSHINE: SKY :PK WND
================================================================================
1 2 3 4 5 6A 6B 7 8 9 10 11 12 13 14 15 16 17 18
12Z AVG MX 2MIN
DY MAX MIN AVG DEP HDD CDD WTR SNW DPTH SPD SPD DIR MIN PSBL S-S WX SPD DR
================================================================================
1 94 68 81 1 0 16 0.00 M M 11.1 31 180 M M 0 45 180
2 95 73 84 4 0 19 T M M 7.1 20 340 M M 3 33 320
3 99 72 86 6 0 21 0.00 M M 8.9 17 200 M M 0 25 200
4 99 72 86 6 0 21 0.03 M M 7.5 25 210 M M 1 3 42 230
5 102 71 87 7 0 22 0.00 M M 4.3 17 20 M M 0 23 20
6 101 76 89 9 0 24 0.00 M M 7.0 22 150 M M 0 32 310
7 101 71 86 6 0 21 0.00 M M 9.0 22 210 M M 0 31 230
8 102 72 87 7 0 22 0.00 M M 6.6 23 230 M M 0 30 220
9 103 78 91 11 0 26 0.00 M M 7.5 21 330 M M 0 33 340
10 107 79 93 13 0 28 0.00 M M 7.8 20 50 M M 0 28 50
11 107 74 91 11 0 26 0.00 M M 6.0 25 210 M M 0 36 200
12 107 79 93 13 0 28 T M M 7.9 43 240 M M 0 70 240
13 105 79 92 12 0 27 T M M 9.4 36 310 M M 1 3 51 310
14 101 78 90 10 0 25 T M M 10.0 29 330 M M 1 3 40 320
15 M M M M M M 0.00 M M 11.5 29 190 M M 1 8 43 210
16 M M M M M M M M M M M M M M M M M
17 98 73 86 6 0 21 0.03 M M 8.1 20 210 M M 2 28 340
18 98 75 87 7 0 22 0.00 M M 10.2 23 310 M M 1 32 320
19 96 74 85 5 0 20 T M M 6.2 25 240 M M 3 3 35 240
20 99 73 86 6 0 21 T M M 7.1 22 150 M M 2 38 32 190
21 96 71 84 4 0 19 T M M 6.4 22 20 M M 2 31 10
22 90 68 79 -1 0 14 0.09 M M 7.0 25 100 M M 7 38 33 110
23 90 68 79 0 0 14 0.02 M M 5.1 21 300 M M 4 13 30 130
24 90 66 78 -1 0 13 0.39 M M 7.5 26 110 M M 5 138 39 110
25 87 65 76 -3 0 11 0.00 M M 5.4 14 320 M M 4 21 320
26 94 67 81 2 0 16 2.28 M M 6.5 28 90 M M 4 13 37 90
27 91 67 79 0 0 14 0.00 M M 4.2 13 220 M M 1 17 230
28 93 72 83 4 0 18 T M M 6.9 16 260 M M 1 3 22 40
29 100 72 86 7 0 21 0.00 M M 5.5 15 310 M M 0 21 60
30 103 73 88 9 0 23 0.00 M M 6.3 16 40 M M 0 8 23 80
31 98 75 87 8 0 22 0.00 M M 8.8 33 70 M M 0 47 80
================================================================================
SM 2846 2101 0 595 2.84 M 222.8 M 43
================================================================================
AV 98.1 72.4 7.4 FASTST M M 1 MAX(MPH)
MISC ----> 43 240 70 240
================================================================================
NOTES:
# LAST OF SEVERAL OCCURRENCES
COLUMN 17 PEAK WIND IN M.P.H.
PRELIMINARY LOCAL CLIMATOLOGICAL DATA (WS FORM: F-6) , PAGE 2
STATION: TRUTH OR CONSEQUENCES
MONTH: JULY
YEAR: 2020
LATITUDE: 33 13 N
LONGITUDE: 107 16 W
[TEMPERATURE DATA] [PRECIPITATION DATA] SYMBOLS USED IN COLUMN 16
AVERAGE MONTHLY: 85.3 TOTAL FOR MONTH: 2.84 1 = FOG OR MIST
DPTR FM NORMAL: 5.7 DPTR FM NORMAL: 0.71 2 = FOG REDUCING VISIBILITY
HIGHEST: 107 ON 12,11 GRTST 24HR 2.28 ON 26-26 TO 1/4 MILE OR LESS
LOWEST: 65 ON 25 3 = THUNDER
SNOW, ICE PELLETS, HAIL 4 = ICE PELLETS
TOTAL MONTH: M 5 = HAIL
GRTST 24HR M ON M 6 = FREEZING RAIN OR DRIZZLE
GRTST DEPTH: M ON M 7 = DUSTSTORM OR SANDSTORM:
VSBY 1/2 MILE OR LESS
8 = SMOKE OR HAZE
[NO. OF DAYS WITH] [WEATHER - DAYS WITH] 9 = BLOWING SNOW
X = TORNADO
MAX 32 OR BELOW: 0 0.01 INCH OR MORE: 6
MAX 90 OR ABOVE: 28 0.10 INCH OR MORE: 2
MIN 32 OR BELOW: 0 0.50 INCH OR MORE: 1
MIN 0 OR BELOW: 0 1.00 INCH OR MORE: 1
[HDD (BASE 65) ]
TOTAL THIS MO. 0 CLEAR (SCALE 0-3) 25
DPTR FM NORMAL 0 PTCLDY (SCALE 4-7) 5
TOTAL FM JUL 1 0 CLOUDY (SCALE 8-10) 1
DPTR FM NORMAL 0
[CDD (BASE 65) ]
TOTAL THIS MO. 595
DPTR FM NORMAL 142 [PRESSURE DATA]
TOTAL FM JAN 1 1453 HIGHEST SLP 30.02 ON 27
DPTR FM NORMAL 429 LOWEST SLP 29.61 ON 20
[REMARKS]
#FINAL-07-20#