000
CXUS51 KCLE 011754
CLMTOL
CLIMATE REPORT
NATIONAL WEATHER SERVICE CLEVELAND, OH
154 PM EDT MON APR 01 2024
...................................
...THE TOLEDO OH CLIMATE SUMMARY FOR THE MONTH OF MARCH 2024...
CLIMATE NORMAL PERIOD 1991 TO 2020
CLIMATE RECORD PERIOD 1873 TO 2024
WEATHER OBSERVED NORMAL DEPART LAST YEAR`S
VALUE DATE(S) VALUE FROM VALUE
NORMAL
..............................................................
TEMPERATURE (F)
RECORD
HIGH 85 03/21/2012
LOW -10 03/12/1948
HIGHEST 78 03/04
LOWEST 21 03/21
03/24
AVG. MAXIMUM 54.4 48.4 6.0 48.3
AVG. MINIMUM 33.5 29.9 3.6 31.8
MEAN 44.0 39.2 4.8 40.1
DAYS MAX >= 90 0 0.0 0.0 0
DAYS MAX <= 32 0 3.3 -3.3 0
DAYS MIN <= 32 14 21.4 -7.4 16
DAYS MIN <= 0 0 0.2 -0.2 0
PRECIPITATION (INCHES)
RECORD
MAXIMUM 7.99 1913
MINIMUM 0.05 1910
TOTALS 3.67 2.61 1.06 3.76
DAYS >= .01 10 11.5 -1.5 15
DAYS >= .10 6 6.4 -0.4 9
DAYS >= .50 2 1.5 0.5 2
DAYS >= 1.00 1 0.4 0.6 1
GREATEST
24 HR. TOTAL 1.75 03/14 TO 03/14 1.34
SNOWFALL (INCHES)
RECORDS
TOTAL 17.7 1993
TOTALS 0.1 5.3 -5.2 3.9
SINCE 7/1 9.6 36.1 -26.5 14.3
DAYS >= 1.0 0 1.8 -1.8 1
GREATEST
24 HR TOTAL 0.1 03/10 TO 03/10
DEGREE DAYS
HEATING TOTAL 646 803 -157 765
SINCE 7/1 4225 5027 -802 4440
COOLING TOTAL 0 1 -1 0
SINCE 1/1 0 1 -1 0
..............................................................
WIND (MPH)
AVERAGE WIND SPEED 9.1
HIGHEST WIND SPEED/DIRECTION 37/260 DATE 03/16
HIGHEST GUST SPEED/DIRECTION 55/270 DATE 03/16
SKY COVER
AVERAGE SKY COVER 0.52
AVERAGE RH (PERCENT) 63
WEATHER CONDITIONS. NUMBER OF DAYS WITH
THUNDERSTORM 2 MIXED PRECIP 0
HEAVY RAIN 2 RAIN 7
LIGHT RAIN 9 FREEZING RAIN 0
LT FREEZING RAIN 0 HAIL 0
HEAVY SNOW 0 SNOW 1
LIGHT SNOW 4 SLEET 0
FOG 12 FOG W/VIS <= 1/4 MILE 0
HAZE 6
- INDICATES NEGATIVE NUMBERS.
R INDICATES RECORD WAS SET OR TIED.
MM INDICATES DATA IS MISSING.
T INDICATES TRACE AMOUNT.
$$