000
CXUS55 KCYS 012004
CF6TOR
PRELIMINARY LOCAL CLIMATOLOGICAL DATA (WS FORM: F-6)
STATION: TORRINGTON WY AIRPORT
MONTH: APRIL
YEAR: 2023
LATITUDE: 42 3 N
LONGITUDE: 104 9 W
TEMPERATURE IN F: :PCPN: SNOW: WIND :SUNSHINE: SKY :PK WND
================================================================================
1 2 3 4 5 6A 6B 7 8 9 10 11 12 13 14 15 16 17 18
12Z AVG MX 2MIN
DY MAX MIN AVG DEP HDD CDD WTR SNW DPTH SPD SPD DIR MIN PSBL S-S WX SPD DR
================================================================================
1 60 21 41 -3 24 0 0.00 M M 11.8 33 250 M M 0 47 250
2 59 32 46 2 19 0 0.00 M M 17.7 39 290 M M 2 55 290
3 38 27 33 -11 32 0 M M M 16.7 30 70 M M 10 1 40 60
4 27 19 23 -21 42 0 M M M 17.5 32 40 M M 9 189 42 50
5 M M M M M M 0.00 M M 9.7 20 300 M M 3 26 320
6 M M M M M M 0.00 M M 11.5 29 290 M M 0 38 300
7 M M M M M M 0.00 M M 4.3 9 310 M M 0 14 250
8 M M M M M M 0.00 M M 9.1 22 290 M M 1 32 290
9 M M M M M M 0.00 M M 6.6 17 310 M M 0 24 310
10 M M M M M M M M M M M M M M M M M
11 M M M M M M M M M M M M M M M M M
12 M M M M M M M M M M M M M M M M M
13 80 49 65 19 0 0 0.00 M M 10.8 25 360 M M 2 36 360
14 M 33 M M M M 0.23 M M 8.8 24 340 M M 9 1 35 340
15 51 29 40 -6 25 0 T M M 13.0 28 300 M M 6 40 330
16 62 22 42 -4 23 0 0.00 M M 4.6 12 120 M M 0 15 230
17 75 30 53 7 12 0 0.00 M M 7.2 18 220 M M 0 8 26 300
18 73 37 55 8 10 0 T M M 8.9 38 290 M M 0 3 54 280
19 56 32 44 -3 21 0 0.00 M M 14.8 29 290 M M 3 8 40 270
20 52 24 38 -9 27 0 T M M 14.4 32 310 M M 4 43 300
21 49 25 37 -10 28 0 0.00 M M 15.5 29 310 M M 4 8 43 340
22 47 24 36 -12 29 0 0.00 M M 11.2 22 310 M M 8 35 340
23 59 20 40 -8 25 0 0.00 M M 5.6 15 300 M M 1 20 290
24 70 30 50 2 15 0 0.00 M M 7.7 29 150 M M 1 35 150
25 52 40 46 -2 19 0 0.13 M M 10.5 18 100 M M 7 1 25 140
26 67 42 55 6 10 0 0.00 M M 5.7 14 190 M M 6 1 17 200
27 65 39 52 3 13 0 0.06 M M 14.1 37 320 M M 4 51 310
28 61 36 49 0 16 0 T M M 13.5 25 320 M M 5 35 340
29 72 40 56 6 9 0 0.00 M M 13.5 30 340 M M 2 45 330
30 68 33 51 1 14 0 0.00 M M 6.6 16 100 M M 1 23 100
================================================================================
SM 1243 684 413 0 0.42 M 291.3 M 88
================================================================================
AV 59.2 31.1 10.8 FASTST M M 3 MAX(MPH)
MISC ----> 39 290 55 290
================================================================================
NOTES:
# LAST OF SEVERAL OCCURRENCES
COLUMN 17 PEAK WIND IN M.P.H.
PRELIMINARY LOCAL CLIMATOLOGICAL DATA (WS FORM: F-6) , PAGE 2
STATION: TORRINGTON WY AIRPORT
MONTH: APRIL
YEAR: 2023
LATITUDE: 42 3 N
LONGITUDE: 104 9 W
[TEMPERATURE DATA] [PRECIPITATION DATA] SYMBOLS USED IN COLUMN 16
AVERAGE MONTHLY: 45.1 TOTAL FOR MONTH: 0.42 1 = FOG OR MIST
DPTR FM NORMAL: -1.3 DPTR FM NORMAL: -1.19 2 = FOG REDUCING VISIBILITY
HIGHEST: 80 ON 13 GRTST 24HR 0.23 ON 14-14 TO 1/4 MILE OR LESS
LOWEST: 19 ON 4 3 = THUNDER
SNOW, ICE PELLETS, HAIL 4 = ICE PELLETS
TOTAL MONTH: M 5 = HAIL
GRTST 24HR M ON M 6 = FREEZING RAIN OR DRIZZLE
GRTST DEPTH: M ON M 7 = DUSTSTORM OR SANDSTORM:
VSBY 1/2 MILE OR LESS
8 = SMOKE OR HAZE
[NO. OF DAYS WITH] [WEATHER - DAYS WITH] 9 = BLOWING SNOW
X = TORNADO
MAX 32 OR BELOW: 1 0.01 INCH OR MORE: 3
MAX 90 OR ABOVE: 0 0.10 INCH OR MORE: 2
MIN 32 OR BELOW: 13 0.50 INCH OR MORE: 0
MIN 0 OR BELOW: 0 1.00 INCH OR MORE: 0
[HDD (BASE 65) ]
TOTAL THIS MO. 413 CLEAR (SCALE 0-3) 15
DPTR FM NORMAL -146 PTCLDY (SCALE 4-7) 9
TOTAL FM JUL 1 6367 CLOUDY (SCALE 8-10) 6
DPTR FM NORMAL 247
[CDD (BASE 65) ]
TOTAL THIS MO. 0
DPTR FM NORMAL -1 [PRESSURE DATA]
TOTAL FM JAN 1 0 HIGHEST SLP 30.32 ON 16
DPTR FM NORMAL -1 LOWEST SLP 29.26 ON 13
[REMARKS]
#FINAL-04-23#
INVALIDATED ASOS PRECIPTIATION FOR APRIL 3-4 SINCE OBSERVATIONS DID NOT
ALIGN WITH REPORTS OF SIGNIFICANT SNOW ACCUMULATION IN THE AREA.
INVALIDATED ASOS TEMPERATURES FOR APRIL 5-12 DUE TO SENSOR RUNNING MUCH
HIGHER THAN SURROUNDING AREAS DURING THIS PERIOD.
MONTHLY VALUES WILL BE REPORTED AS MISSING.