000
CXUS55 KCYS 011623
CLMTOR
CLIMATE REPORT
NATIONAL WEATHER SERVICE CHEYENNE WY
923 AM MST FRI MAR 01 2024
...................................
...THE TORRINGTON WY AIRPORT CLIMATE SUMMARY FOR THE MONTH OF FEBRUARY 2024...
CLIMATE NORMAL PERIOD 1991 TO 2020
CLIMATE RECORD PERIOD 1998 TO 2024
WEATHER OBSERVED NORMAL DEPART LAST YEAR`S
VALUE DATE(S) VALUE FROM VALUE DATE(S)
NORMAL
................................................................
TEMPERATURE (F)
RECORD
HIGH 73 02/28/2006
LOW -30 02/18/2006
HIGHEST 63 02/29 MM MM 60
LOWEST -4 02/17 MM MM -23
AVG. MAXIMUM 49.0 44.0 5.0 41.3
AVG. MINIMUM 23.1 17.2 5.9 16.1
MEAN 36.1 30.6 5.5 28.7
DAYS MAX >= 90 0 0.0 0.0 0
DAYS MAX <= 32 3 5.9 -2.9 4
DAYS MIN <= 32 23 26.5 -3.5 27
DAYS MIN <= 0 2 2.1 -0.1 3
PRECIPITATION (INCHES)
RECORD
MAXIMUM 1.15 2017
TOTALS 0.42 0.29 0.13 MM
DAYS >= .01 3 4.4 -1.4 0
DAYS >= .10 1 0.8 0.2 0
DAYS >= .50 0 0.0 0.0 0
DAYS >= 1.00 0 0.0 0.0 0
GREATEST
24 HR. TOTAL 0.38 02/03 TO 02/03 MM
DEGREE DAYS
HEATING TOTAL 832 963 -131 1011
SINCE 7/1 4400 4827 -427 MM
COOLING TOTAL 0 0 0 0
SINCE 1/1 0 0 0 MM
................................................................
WIND (MPH)
AVERAGE WIND SPEED 9.5
HIGHEST WIND SPEED/DIRECTION 44/260 DATE 02/26
HIGHEST GUST SPEED/DIRECTION 61/250 DATE 02/26
SKY COVER
POSSIBLE SUNSHINE (PERCENT) MM
AVERAGE SKY COVER 0.33
NUMBER OF DAYS FAIR 18
NUMBER OF DAYS PC 6
NUMBER OF DAYS CLOUDY 5
AVERAGE RH (PERCENT) 59
WEATHER CONDITIONS. NUMBER OF DAYS WITH
THUNDERSTORM 0 MIXED PRECIP 0
HEAVY RAIN 0 RAIN 1
LIGHT RAIN 5 FREEZING RAIN 0
LT FREEZING RAIN 0 HAIL 0
HEAVY SNOW 1 SNOW 2
LIGHT SNOW 4 SLEET 0
FOG 10 FOG W/VIS <= 1/4 MILE 5
HAZE 4
- INDICATES NEGATIVE NUMBERS.
R INDICATES RECORD WAS SET OR TIED.
MM INDICATES DATA IS MISSING.
T INDICATES TRACE AMOUNT.
$$