000
CXUS55 KCYS 011826
CLMTOR
CLIMATE REPORT
NATIONAL WEATHER SERVICE CHEYENNE WY
1126 AM MST FRI DEC 01 2023
...................................
...THE TORRINGTON WY AIRPORT CLIMATE SUMMARY FOR THE MONTH OF NOVEMBER 2023...
CLIMATE NORMAL PERIOD 1991 TO 2020
CLIMATE RECORD PERIOD 1998 TO 2023
WEATHER OBSERVED NORMAL DEPART LAST YEAR`S
VALUE DATE(S) VALUE FROM VALUE DATE(S)
NORMAL
................................................................
TEMPERATURE (F)
RECORD
HIGH 80 11/02/2008
LOW -14 11/13/2014
HIGHEST 76 11/05 MM MM 76
LOWEST 10 11/25 MM MM -7
AVG. MAXIMUM 55.2 50.7 4.5 46.3
AVG. MINIMUM 23.7 22.3 1.4 16.1
MEAN 39.5 36.5 3.0 31.2
DAYS MAX >= 90 0 0.0 0.0 0
DAYS MAX <= 32 2 2.6 -0.6 6
DAYS MIN <= 32 26 26.0 0.0 27
DAYS MIN <= 0 0 0.8 -0.8 1
PRECIPITATION (INCHES)
RECORD
MAXIMUM 1.01 2015
TOTALS MM 0.26 MM 0.11
DAYS >= .01 1 3.8 -2.8 2
DAYS >= .10 1 0.7 0.3 0
DAYS >= .50 0 0.0 0.0 0
DAYS >= 1.00 0 0.0 0.0 0
GREATEST
24 HR. TOTAL 0.12 11/16 TO 11/16 0.11 11/26 TO 11/27
DEGREE DAYS
HEATING TOTAL 759 855 -96 1006
SINCE 7/1 1354 1542 -188 MM
COOLING TOTAL 0 0 0 0
SINCE 1/1 651 725 -74 MM
................................................................
WIND (MPH)
AVERAGE WIND SPEED 7.4
HIGHEST WIND SPEED/DIRECTION 43/280 DATE 11/05
HIGHEST GUST SPEED/DIRECTION 58/270 DATE 11/05
SKY COVER
POSSIBLE SUNSHINE (PERCENT) MM
AVERAGE SKY COVER 0.20
NUMBER OF DAYS FAIR 22
NUMBER OF DAYS PC 7
NUMBER OF DAYS CLOUDY 1
AVERAGE RH (PERCENT) 56
WEATHER CONDITIONS. NUMBER OF DAYS WITH
THUNDERSTORM 0 MIXED PRECIP 0
HEAVY RAIN 0 RAIN 0
LIGHT RAIN 5 FREEZING RAIN 0
LT FREEZING RAIN 0 HAIL 0
HEAVY SNOW 0 SNOW 1
LIGHT SNOW 4 SLEET 0
FOG 4 FOG W/VIS <= 1/4 MILE 1
HAZE 3
- INDICATES NEGATIVE NUMBERS.
R INDICATES RECORD WAS SET OR TIED.
MM INDICATES DATA IS MISSING.
T INDICATES TRACE AMOUNT.
$$