000
CXUS52 KTBW 020310
CLMTPA
CLIMATE REPORT
NATIONAL WEATHER SERVICE TAMPA BAY FL
1010 PM EST THU FEB 01 2024
...................................
...THE TAMPA CLIMATE SUMMARY FOR THE MONTH OF JANUARY 2024...
CLIMATE NORMAL PERIOD: 1991 TO 2020
CLIMATE RECORD PERIOD: 1890 TO 2024
WEATHER OBSERVED NORMAL DEPART LAST YEAR`S
VALUE DATE(S) VALUE FROM VALUE DATE(S)
NORMAL
................................................................
TEMPERATURE (F)
ALL-TIME JANUARY RECORD
HIGH 86 01/31/2002
01/01/1991
LOW 21 01/21/1985
JANUARY 2024
HIGHEST 82 01/25 70 12 84 01/29
LOWEST 37 01/21 50 -13 40 01/15
01/16
AVG. MAXIMUM 70.0 71.3 -1.3 73.8
AVG. MINIMUM 53.5 52.8 0.7 55.5
MEAN 61.7 62.0 -0.3 64.6
DAYS MAX >= 90 0 0.0 0.0 0
DAYS MAX <= 32 0 0.0 0.0 0
DAYS MIN <= 32 0 0.5 -0.5 0
DAYS MIN <= 0 0 0.0 0.0 0
PRECIPITATION (INCHES)
ALL-TIME JANUARY RECORD
MAXIMUM 8.02 1948
MINIMUM T 1950
JANUARY 2024
TOTALS 3.12 2.65 0.47 1.55
DAILY AVG. 0.10 0.09 0.01 0.05
DAYS >= .01 13 7.1 5.9 7
DAYS >= .10 7 4.4 2.6 5
DAYS >= .50 2 2.0 0.0 0
DAYS >= 1.00 0 0.8 -0.8 0
GREATEST
24 HR. TOTAL 1.18 01/06 TO 01/07
DEGREE DAYS
HEATING TOTAL 145 152 -7 93
SINCE 7/1 250 291 -41 MM
COOLING TOTAL 51 61 -10 91
SINCE 1/1 51 61 -10 MM
................................................................
WIND (MPH)
AVERAGE WIND SPEED 7.5
HIGHEST WIND SPEED/DIRECTION 29/260 DATE 01/09
HIGHEST GUST SPEED/DIRECTION 43/180 DATE 01/09
SKY COVER
POSSIBLE SUNSHINE (PERCENT) MM
AVERAGE SKY COVER 0.68
NUMBER OF DAYS FAIR 2
NUMBER OF DAYS PC 17
NUMBER OF DAYS CLOUDY 12
AVERAGE RH (PERCENT) 74
WEATHER CONDITIONS. NUMBER OF DAYS WITH
THUNDERSTORM 2 MIXED PRECIP 0
HEAVY RAIN 3 RAIN 5
LIGHT RAIN 14 FREEZING RAIN 0
LT FREEZING RAIN 0 HAIL 0
HEAVY SNOW 0 SNOW 0
LIGHT SNOW 0 SLEET 0
FOG 12 FOG W/VIS <= 1/4 MILE 1
HAZE 1
- INDICATES NEGATIVE NUMBERS.
R INDICATES RECORD WAS SET OR TIED.
MM INDICATES DATA IS MISSING.
T INDICATES TRACE AMOUNT.
$$