000
CXUS52 KTBW 011630
CLMTPA
CLIMATE REPORT
NATIONAL WEATHER SERVICE TAMPA BAY FL
1230 PM EDT SUN OCT 01 2023
...................................
...THE TAMPA CLIMATE SUMMARY FOR THE MONTH OF SEPTEMBER 2023...
CLIMATE NORMAL PERIOD: 1991 TO 2020
CLIMATE RECORD PERIOD: 1890 TO 2023
WEATHER OBSERVED NORMAL DEPART LAST YEAR`S
VALUE DATE(S) VALUE FROM VALUE DATE(S)
NORMAL
................................................................
TEMPERATURE (F)
ALL-TIME SEPTEMBER RECORD
HIGH 96 09/05/2020
09/10/2019
09/20/2018
09/07/1991
09/06/1991
09/19/1972
09/01/1963
09/07/1961
09/04/1961
09/02/1958
09/05/1941
LOW 54 09/22/1897
SEPTEMBER 2023
HIGHEST 94 09/13 MM MM 94 09/05
09/06
09/22
LOWEST 71 09/23 MM MM 65 09/29
09/30
AVG. MAXIMUM 91.3 90.2 1.1 89.4
AVG. MINIMUM 76.2 75.3 0.9 75.4
MEAN 83.8 82.7 1.1 82.4
DAYS MAX >= 90 24 17.9 6.1 20
DAYS MAX <= 32 0 0.0 0.0 0
DAYS MIN <= 32 0 0.0 0.0 0
DAYS MIN <= 0 0 0.0 0.0 0
PRECIPITATION (INCHES)
ALL-TIME SEPTEMBER RECORD
MAXIMUM 18.93 1912
MINIMUM 0.79 2005
1910
SEPTEMBER 2023
TOTALS 5.97 6.09 -0.12 12.29
DAILY AVG. 0.20 0.20 -0.00 0.41
DAYS >= .01 9 12.8 -3.8 18
DAYS >= .10 6 8.2 -2.2 10
DAYS >= .50 3 3.8 -0.8 7
DAYS >= 1.00 3 1.9 1.1 6
GREATEST
24 HR. TOTAL 2.30 09/15 TO 09/15
DEGREE DAYS
HEATING TOTAL 0 0 0 0
SINCE 7/1 0 0 0 MM
COOLING TOTAL 572 532 40 529
SINCE 1/1 3829 3260 569 MM
................................................................
WIND (MPH)
AVERAGE WIND SPEED 5.4
HIGHEST WIND SPEED/DIRECTION 25/360 DATE 09/15
HIGHEST GUST SPEED/DIRECTION 37/360 DATE 09/20
SKY COVER
POSSIBLE SUNSHINE (PERCENT) MM
AVERAGE SKY COVER 0.50
NUMBER OF DAYS FAIR 10
NUMBER OF DAYS PC 17
NUMBER OF DAYS CLOUDY 3
AVERAGE RH (PERCENT) 71
WEATHER CONDITIONS. NUMBER OF DAYS WITH
THUNDERSTORM 13 MIXED PRECIP 0
HEAVY RAIN 4 RAIN 6
LIGHT RAIN 10 FREEZING RAIN 0
LT FREEZING RAIN 0 HAIL 0
HEAVY SNOW 0 SNOW 0
LIGHT SNOW 0 SLEET 0
FOG 6 FOG W/VIS <= 1/4 MILE 0
HAZE 1
- INDICATES NEGATIVE NUMBERS.
R INDICATES RECORD WAS SET OR TIED.
MM INDICATES DATA IS MISSING.
T INDICATES TRACE AMOUNT.
$$