000
CXUS54 KMRX 011030
CF6TRI
PRELIMINARY LOCAL CLIMATOLOGICAL DATA (WS FORM: F-6)
STATION: TRI-CITIES AIRPORT
MONTH: SEPTEMBER
YEAR: 2022
LATITUDE: 36 28 N
LONGITUDE: 82 24 W
TEMPERATURE IN F: :PCPN: SNOW: WIND :SUNSHINE: SKY :PK WND
================================================================================
1 2 3 4 5 6A 6B 7 8 9 10 11 12 13 14 15 16 17 18
12Z AVG MX 2MIN
DY MAX MIN AVG DEP HDD CDD WTR SNW DPTH SPD SPD DIR MIN PSBL S-S WX SPD DR
================================================================================
1 87 58 73 0 0 8 0.00 0.0 0 1.0 9 360 M M 3 12 12 330
2 90 60 75 3 0 10 0.00 0.0 0 0.9 9 140 M M 5 1 12 170
3 87 64 76 4 0 11 0.00 0.0 0 2.0 9 170 M M 7 14 160
4 84 69 77 5 0 12 0.03 0.0 0 1.8 10 190 M M 9 138 16 190
5 81 69 75 3 0 10 0.47 0.0 0 1.5 9 280 M M 9 1 11 290
6 84 68 76 4 0 11 0.05 0.0 0 2.5 10 10 M M 8 13 18 350
7 82 63 73 2 0 8 0.00 0.0 0 2.5 13 350 M M 7 12 19 20
8 84 57 71 0 0 6 0.00 0.0 0 2.3 10 350 M M 3 1 15 10
9 83 59 71 0 0 6 0.00 0.0 0 4.4 15 120 M M 5 22 120
10 70 64 67 -3 0 2 0.42 0.0 0 1.4 7 60 M M 10 18 12 30
11 83 66 75 5 0 10 0.04 0.0 0 2.3 15 330 M M 9 13 20 320
12 80 58 69 -1 0 4 0.37 0.0 0 6.2 18 270 M M 7 1 26 260
13 77 51 64 -6 1 0 0.00 0.0 0 3.8 16 250 M M 4 1 20 280
14 77 54 66 -3 0 1 0.00 0.0 0 2.0 10 350 M M 4 128 16 350
15 82 50 66 -3 0 1 0.00 0.0 0 0.9 7 80 M M 2 12 12 350
16 83 52 68 -1 0 3 0.00 0.0 0 0.6 8 180 M M 2 1 11 120
17 82 55 69 1 0 4 0.00 0.0 0 0.8 8 190 M M 4 12 12 290
18 83 56 70 2 0 5 0.00 0.0 0 0.9 9 320 M M 3 18 12 300
19 83 54 69 1 0 4 0.00 0.0 0 2.6 8 260 M M 3 1 M M
20 89 60 75 8 0 10 0.00 0.0 0 1.2 9 350 M M 3 1 17 320
21 90 55 73 6 0 8 0.00 0.0 0 0.7 8 340 M M 1 12 12 350
22 80 56 68 2 0 3 0.01 0.0 0 4.7 17 330 M M 5 27 350
23 72 43 58 -8 7 0 0.00 0.0 0 2.3 8 340 M M 2 13 150
24 69 53 61 -5 4 0 0.01 0.0 0 1.1 7 330 M M 8 8 360
25 75 50 63 -2 2 0 1.01 0.0 0 3.8 23 340 M M 6 123 40 320
26 74 49 62 -3 3 0 0.00 0.0 0 5.5 20 240 M M 6 12 28 250
27 69 43 56 -9 9 0 0.00 0.0 0 4.4 20 250 M M 3 12 26 300
28 66 42 54 -10 11 0 0.00 0.0 0 3.1 17 360 M M 4 12 29 350
29 74 40 57 -7 8 0 0.00 0.0 0 4.0 14 40 M M 1 25 40
30 64 50 57 -7 8 0 0.54 0.0 0 4.0 13 40 M M 7 1 21 40
================================================================================
SM 2384 1668 53 137 2.95 0.0 75.2 M 150
================================================================================
AV 79.5 55.6 2.5 FASTST M M 5 MAX(MPH)
MISC ----> 23 340 40 320
================================================================================
NOTES:
# LAST OF SEVERAL OCCURRENCES
COLUMN 17 PEAK WIND IN M.P.H.
PRELIMINARY LOCAL CLIMATOLOGICAL DATA (WS FORM: F-6) , PAGE 2
STATION: TRI-CITIES AIRPORT
MONTH: SEPTEMBER
YEAR: 2022
LATITUDE: 36 28 N
LONGITUDE: 82 24 W
[TEMPERATURE DATA] [PRECIPITATION DATA] SYMBOLS USED IN COLUMN 16
AVERAGE MONTHLY: 67.5 TOTAL FOR MONTH: 2.95 1 = FOG OR MIST
DPTR FM NORMAL: -1.1 DPTR FM NORMAL: 0.11 2 = FOG REDUCING VISIBILITY
HIGHEST: 90 ON 21, 2 GRTST 24HR 1.01 ON 25-25 TO 1/4 MILE OR LESS
LOWEST: 40 ON 29 3 = THUNDER
SNOW, ICE PELLETS, HAIL 4 = ICE PELLETS
TOTAL MONTH: 0.0 INCH 5 = HAIL
GRTST 24HR 0.0 6 = FREEZING RAIN OR DRIZZLE
GRTST DEPTH: 0 7 = DUSTSTORM OR SANDSTORM:
VSBY 1/2 MILE OR LESS
8 = SMOKE OR HAZE
[NO. OF DAYS WITH] [WEATHER - DAYS WITH] 9 = BLOWING SNOW
X = TORNADO
MAX 32 OR BELOW: 0 0.01 INCH OR MORE: 10
MAX 90 OR ABOVE: 2 0.10 INCH OR MORE: 5
MIN 32 OR BELOW: 0 0.50 INCH OR MORE: 2
MIN 0 OR BELOW: 0 1.00 INCH OR MORE: 1
[HDD (BASE 65) ]
TOTAL THIS MO. 53 CLEAR (SCALE 0-3) 7
DPTR FM NORMAL 17 PTCLDY (SCALE 4-7) 18
TOTAL FM JUL 1 53 CLOUDY (SCALE 8-10) 5
DPTR FM NORMAL 18
[CDD (BASE 65) ]
TOTAL THIS MO. 137
DPTR FM NORMAL -5 [PRESSURE DATA]
TOTAL FM JAN 1 1285 HIGHEST SLP 30.32 ON 28
DPTR FM NORMAL 201 LOWEST SLP 29.78 ON 25
[REMARKS]
#FINAL-09-22#