000
CXUS56 KSGX 011045
CF6TRM
PRELIMINARY LOCAL CLIMATOLOGICAL DATA (WS FORM: F-6)
STATION: THERMAL AIRPORT CA
MONTH: JULY
YEAR: 2021
LATITUDE: 33 37 N
LONGITUDE: 116 10 W
TEMPERATURE IN F: :PCPN: SNOW: WIND :SUNSHINE: SKY :PK WND
================================================================================
1 2 3 4 5 6A 6B 7 8 9 10 11 12 13 14 15 16 17 18
12Z AVG MX 2MIN
DY MAX MIN AVG DEP HDD CDD WTR SNW DPTH SPD SPD DIR MIN PSBL S-S WX SPD DR
================================================================================
1 106 76 91 1 0 26 0.00 M M 4.2 13 130 M M 0 38 19 150
2 106 73 90 0 0 25 0.00 M M 5.3 22 130 M M 0 28 130
3 109 82 96 6 0 31 0.00 M M 4.9 15 140 M M 0 20 140
4 109 78 94 4 0 29 0.00 M M 6.1 16 340 M M 0 22 340
5 114 70 92 2 0 27 0.00 M M 6.2 18 340 M M 0 8 24 340
6 113 86 100 10 0 35 0.00 M M 7.6 16 330 M M 0 24 330
7 112 76 94 3 0 29 0.00 M M 4.2 15 310 M M 0 19 330
8 111 M M M M M 0.00 M M 6.3 16 130 M M 0 19 130
9 113 81 97 6 0 32 T M M 5.1 12 140 M M 0 18 150
10 114 82 98 7 0 33 0.00 M M 8.4 20 340 M M 0 25 330
11 111 87 99 8 0 34 0.00 M M 6.5 16 330 M M 1 21 320
12 108 83 96 5 0 31 0.00 M M 8.0 21 130 M M 1 8 25 130
13 108 81 95 4 0 30 0.00 M M 6.9 20 120 M M 0 25 120
14 109 79 94 3 0 29 0.00 M M 5.8 14 140 M M 0 20 130
15 110 78 94 2 0 29 0.00 M M 6.2 20 350 M M 0 25 350
16 111 74 93 1 0 28 0.00 M M 5.6 17 340 M M 0 23 330
17 107 76 92 0 0 27 0.00 M M 7.0 18 150 M M 0 26 140
18 109 84 97 5 0 32 0.00 M M 8.4 18 130 M M 1 3 22 140
19 111 79 95 3 0 30 0.00 M M 7.1 16 340 M M 0 20 340
20 110 80 95 3 0 30 0.00 M M 7.3 16 160 M M 0 22 140
21 114 92 103 11 0 38 0.00 M M 7.3 17 140 M M 0 22 310
22 108 84 96 4 0 31 0.00 M M 6.8 18 140 M M 0 3 24 140
23 108 81 95 3 0 30 0.00 M M 5.8 16 140 M M 0 23 150
24 97 78 88 -4 0 23 T M M 4.6 14 140 M M 0 18 120
25 99 80 90 -2 0 25 T M M 6.8 21 120 M M 1 26 120
26 100 76 88 -4 0 23 0.44 M M 6.4 13 140 M M 3 13 17 320
27 108 75 92 0 0 27 0.00 M M 5.4 16 330 M M 0 21 310
28 111 82 97 5 0 32 0.00 M M 7.8 17 330 M M 0 25 330
29 116 88 102 10 0 37 0.00 M M 8.2 23 90 M M 0 29 110
30 107 82 95 3 0 30 T M M 8.1 20 170 M M 0 38 26 170
31 105 78 92 0 0 27 0.00 M M 5.3 16 140 M M 0 22 140
================================================================================
SM 3374 2401 0 890 0.44 M 199.6 M 7
================================================================================
AV108.8 80.0 6.4 FASTST M M 0 MAX(MPH)
MISC ----> 23 90 29 110
================================================================================
NOTES:
# LAST OF SEVERAL OCCURRENCES
COLUMN 17 PEAK WIND IN M.P.H.
PRELIMINARY LOCAL CLIMATOLOGICAL DATA (WS FORM: F-6) , PAGE 2
STATION: THERMAL AIRPORT CA
MONTH: JULY
YEAR: 2021
LATITUDE: 33 37 N
LONGITUDE: 116 10 W
[TEMPERATURE DATA] [PRECIPITATION DATA] SYMBOLS USED IN COLUMN 16
AVERAGE MONTHLY: 94.4 TOTAL FOR MONTH: 0.44 1 = FOG OR MIST
DPTR FM NORMAL: 3.2 DPTR FM NORMAL: 0.31 2 = FOG REDUCING VISIBILITY
HIGHEST: 116 ON 29 GRTST 24HR 0.44 ON 25-26 TO 1/4 MILE OR LESS
LOWEST: 70 ON 5 3 = THUNDER
SNOW, ICE PELLETS, HAIL 4 = ICE PELLETS
TOTAL MONTH: M 5 = HAIL
GRTST 24HR M ON M 6 = FREEZING RAIN OR DRIZZLE
GRTST DEPTH: M ON M 7 = DUSTSTORM OR SANDSTORM:
VSBY 1/2 MILE OR LESS
8 = SMOKE OR HAZE
[NO. OF DAYS WITH] [WEATHER - DAYS WITH] 9 = BLOWING SNOW
X = TORNADO
MAX 32 OR BELOW: 0 0.01 INCH OR MORE: 1
MAX 90 OR ABOVE: 31 0.10 INCH OR MORE: 1
MIN 32 OR BELOW: 0 0.50 INCH OR MORE: 0
MIN 0 OR BELOW: 0 1.00 INCH OR MORE: 0
[HDD (BASE 65) ]
TOTAL THIS MO. 0 CLEAR (SCALE 0-3) 30
DPTR FM NORMAL 0 PTCLDY (SCALE 4-7) 1
TOTAL FM JUL 1 0 CLOUDY (SCALE 8-10) 0
DPTR FM NORMAL 0
[CDD (BASE 65) ]
TOTAL THIS MO. 890
DPTR FM NORMAL 76 [PRESSURE DATA]
TOTAL FM JAN 1 2545 HIGHEST SLP 29.98 ON 31
DPTR FM NORMAL 381 LOWEST SLP 29.61 ON 21
[REMARKS]
#FINAL-07-21#