000
CXUS56 KPQR 011155
CF6TTD
PRELIMINARY LOCAL CLIMATOLOGICAL DATA (WS FORM: F-6)
STATION: TROUTDALE OR
MONTH: MARCH
YEAR: 2021
LATITUDE: 45 33 N
LONGITUDE: 122 25 W
TEMPERATURE IN F: :PCPN: SNOW: WIND :SUNSHINE: SKY :PK WND
================================================================================
1 2 3 4 5 6A 6B 7 8 9 10 11 12 13 14 15 16 17 18
12Z AVG MX 2MIN
DY MAX MIN AVG DEP HDD CDD WTR SNW DPTH SPD SPD DIR MIN PSBL S-S WX SPD DR
================================================================================
1 62 39 51 6 14 0 0.00 M M 5.5 14 100 M M 1 19 80
2 57 34 46 1 19 0 0.00 M M 2.4 9 250 M M 1 12 12 260
3 62 30 46 1 19 0 0.00 M M 2.0 7 90 M M 1 128 9 320
4 64 35 50 5 15 0 0.00 M M 4.8 16 220 M M 4 23 120
5 52 38 45 0 20 0 0.30 M M 4.0 13 220 M M 8 1 18 220
6 56 39 48 2 17 0 0.01 M M 4.5 16 210 M M 8 22 230
7 52 40 46 0 19 0 0.22 M M 9.7 20 190 M M 7 3 28 200
8 52 39 46 0 19 0 0.04 M M 14.3 23 100 M M 3 30 90
9 56 41 49 3 16 0 0.02 M M 9.3 18 80 M M 9 23 90
10 57 38 48 2 17 0 T M M 1.2 13 40 M M 7 16 40
11 60 30 45 -2 20 0 0.00 M M 2.3 9 260 M M 0 13 270
12 62 31 47 0 18 0 0.00 M M 3.5 9 240 M M 0 12 250
13 64 32 48 1 17 0 0.00 M M 2.6 9 90 M M 0 12 190
14 51 39 45 -2 20 0 0.13 M M 5.7 15 310 M M 7 22 310
15 47 31 39 -8 26 0 T M M 3.1 12 240 M M 4 15 10
16 54 29 42 -6 23 0 0.00 M M 2.6 8 250 M M 1 1 12 330
17 63 31 47 -1 18 0 0.00 M M 2.7 13 200 M M 0 14 200
18 62 40 51 3 14 0 0.30 M M 5.6 17 230 M M 7 24 240
19 56 41 49 1 16 0 0.04 M M 7.8 22 200 M M 8 32 210
20 54 44 49 1 16 0 0.18 M M 8.7 22 210 M M 10 18 28 210
21 51 41 46 -2 19 0 0.11 M M 6.0 17 210 M M 10 21 200
22 54 40 47 -1 18 0 0.08 M M 5.0 18 310 M M 8 1 28 300
23 56 42 49 0 16 0 0.00 M M 2.2 9 240 M M 4 14 240
24 51 42 47 -2 18 0 0.17 M M 6.3 23 210 M M 9 28 220
25 56 44 50 1 15 0 0.03 M M 4.9 14 220 M M 9 1 18 220
26 55 44 50 1 15 0 T M M 2.5 8 270 M M 10 11 260
27 65 42 54 5 11 0 0.00 M M 2.4 8 230 M M 3 11 250
28 53 40 47 -2 18 0 0.14 M M 10.2 25 220 M M 7 37 260
29 54 36 45 -4 20 0 0.05 M M 6.5 17 240 M M 7 21 240
30 55 31 43 -7 22 0 0.00 M M 3.3 9 260 M M 3 14 310
31 67 33 50 0 15 0 0.00 M M 9.9 22 90 M M 0 28 90
================================================================================
SM 1760 1156 550 0 1.82 M 161.5 M 156
================================================================================
AV 56.8 37.3 5.2 FASTST M M 5 MAX(MPH)
MISC ----> 25 220 37 260
================================================================================
NOTES:
# LAST OF SEVERAL OCCURRENCES
COLUMN 17 PEAK WIND IN M.P.H.
PRELIMINARY LOCAL CLIMATOLOGICAL DATA (WS FORM: F-6) , PAGE 2
STATION: TROUTDALE OR
MONTH: MARCH
YEAR: 2021
LATITUDE: 45 33 N
LONGITUDE: 122 25 W
[TEMPERATURE DATA] [PRECIPITATION DATA] SYMBOLS USED IN COLUMN 16
AVERAGE MONTHLY: 47.0 TOTAL FOR MONTH: 1.82 1 = FOG OR MIST
DPTR FM NORMAL: -0.4 DPTR FM NORMAL: -2.82 2 = FOG REDUCING VISIBILITY
HIGHEST: 67 ON 31 GRTST 24HR 0.31 ON 18-19 TO 1/4 MILE OR LESS
LOWEST: 29 ON 16 3 = THUNDER
SNOW, ICE PELLETS, HAIL 4 = ICE PELLETS
TOTAL MONTH: M 5 = HAIL
GRTST 24HR M ON M 6 = FREEZING RAIN OR DRIZZLE
GRTST DEPTH: M ON M 7 = DUSTSTORM OR SANDSTORM:
VSBY 1/2 MILE OR LESS
8 = SMOKE OR HAZE
[NO. OF DAYS WITH] [WEATHER - DAYS WITH] 9 = BLOWING SNOW
X = TORNADO
MAX 32 OR BELOW: 0 0.01 INCH OR MORE: 15
MAX 90 OR ABOVE: 0 0.10 INCH OR MORE: 8
MIN 32 OR BELOW: 8 0.50 INCH OR MORE: 0
MIN 0 OR BELOW: 0 1.00 INCH OR MORE: 0
[HDD (BASE 65) ]
TOTAL THIS MO. 550 CLEAR (SCALE 0-3) 9
DPTR FM NORMAL 4 PTCLDY (SCALE 4-7) 15
TOTAL FM JUL 1 3294 CLOUDY (SCALE 8-10) 7
DPTR FM NORMAL -567
[CDD (BASE 65) ]
TOTAL THIS MO. 0
DPTR FM NORMAL 0 [PRESSURE DATA]
TOTAL FM JAN 1 0 HIGHEST SLP 30.51 ON 23
DPTR FM NORMAL 0 LOWEST SLP 29.75 ON 3
[REMARKS]
#FINAL-03-21#