000
CXUS54 KMEG 011000
CF6TUP
PRELIMINARY LOCAL CLIMATOLOGICAL DATA (WS FORM: F-6)
STATION: TUPELO
MONTH: DECEMBER
YEAR: 2022
LATITUDE: 34 16 N
LONGITUDE: 88 46 W
TEMPERATURE IN F: :PCPN: SNOW: WIND :SUNSHINE: SKY :PK WND
================================================================================
1 2 3 4 5 6A 6B 7 8 9 10 11 12 13 14 15 16 17 18
12Z AVG MX 2MIN
DY MAX MIN AVG DEP HDD CDD WTR SNW DPTH SPD SPD DIR MIN PSBL S-S WX SPD DR
================================================================================
1 52 27 40 -9 25 0 0.00 0.0 0 4.4 10 30 M M 0 14 50
2 64 41 53 5 12 0 0.02 0.0 0 11.5 21 170 M M 8 1 28 180
3 70 42 56 8 9 0 0.31 0.0 0 9.3 18 360 M M 8 1 23 360
4 51 36 44 -4 21 0 0.05 0.0 0 5.1 10 10 M M 5 12 10
5 64 47 56 8 9 0 1.98 0.0 0 3.7 9 170 M M 10 12 12 170
6 78 64 71 23 0 6 0.01 0.0 0 8.5 17 190 M M 10 1 23 180
7 72 64 68 21 0 3 0.50 0.0 0 3.0 10 230 M M 10 123 14 170
8 78 64 71 24 0 6 0.04 0.0 0 5.3 18 230 M M 9 128 24 240
9 69 52 61 14 4 0 0.50 0.0 0 3.1 7 350 M M 9 1 11 330
10 65 48 57 10 8 0 0.57 0.0 0 3.8 16 20 M M 10 123 19 10
11 60 53 57 10 8 0 T 0.0 0 8.5 16 20 M M 10 1 19 20
12 56 51 54 8 11 0 0.00 0.0 0 7.7 13 40 M M 10 1 16 40
13 63 51 57 11 8 0 0.12 0.0 0 10.5 24 150 M M 10 138 32 150
14 63 46 55 9 10 0 2.48 0.0 0 9.5 20 140 M M 8 13 26 130
15 54 36 45 -1 20 0 0.00 0.0 0 4.5 16 230 M M 1 22 240
16 53 31 42 -4 23 0 0.00 0.0 0 5.1 14 220 M M 3 19 210
17 51 33 42 -4 23 0 0.00 0.0 0 4.8 16 260 M M 0 25 270
18 48 26 37 -9 28 0 0.00 0.0 0 4.6 14 20 M M 0 18 30
19 45 27 36 -9 29 0 0.00 0.0 0 2.6 12 100 M M 3 14 110
20 51 34 43 -2 22 0 0.04 0.0 0 4.9 9 10 M M 8 12 20
21 50 30 40 -5 25 0 0.00 0.0 0 5.8 13 140 M M 6 18 16 130
22 54 16 35 -10 30 0 0.16 T 0 8.7 24 310 M M 10 18 37 300
23 18 4 11 -34 54 0 T T 0 9.1 21 320 M M 0 33 320
24 33 12 23 -22 42 0 0.00 0.0 0 4.8 13 240 M M 0 18 250
25 38 21 30 -14 35 0 0.00 0.0 0 2.6 15 10 M M 3 18 10
26 37 21 29 -15 36 0 0.00 0.0 0 3.4 14 170 M M 6 15 190
27 45 24 35 -9 30 0 0.00 0.0 0 3.5 13 360 M M 4 16 360
28 64 25 45 1 20 0 0.00 0.0 0 9.8 22 170 M M 1 29 170
29 69 53 61 17 4 0 0.06 0.0 0 9.9 26 180 M M 9 34 170
30 63 54 59 15 6 0 0.38 0.0 0 6.2 20 110 M M 8 1 29 260
31 68 54 61 17 4 0 0.01 0.0 0 2.8 9 190 M M 8 1 11 200
================================================================================
SM 1746 1187 556 15 7.23 T 187.0 M 187
================================================================================
AV 56.3 38.3 6.0 FASTST M M 6 MAX(MPH)
MISC ----> 26 180 37 300
================================================================================
NOTES:
# LAST OF SEVERAL OCCURRENCES
COLUMN 17 PEAK WIND IN M.P.H.
PRELIMINARY LOCAL CLIMATOLOGICAL DATA (WS FORM: F-6) , PAGE 2
STATION: TUPELO
MONTH: DECEMBER
YEAR: 2022
LATITUDE: 34 16 N
LONGITUDE: 88 46 W
[TEMPERATURE DATA] [PRECIPITATION DATA] SYMBOLS USED IN COLUMN 16
AVERAGE MONTHLY: 47.3 TOTAL FOR MONTH: 7.23 1 = FOG OR MIST
DPTR FM NORMAL: 1.4 DPTR FM NORMAL: 1.29 2 = FOG REDUCING VISIBILITY
HIGHEST: 78 ON 8, 6 GRTST 24HR 2.60 ON 13-14 TO 1/4 MILE OR LESS
LOWEST: 4 ON 23 3 = THUNDER
SNOW, ICE PELLETS, HAIL 4 = ICE PELLETS
TOTAL MONTH: T 5 = HAIL
GRTST 24HR T ON 22-22 6 = FREEZING RAIN OR DRIZZLE
GRTST DEPTH: 0 7 = DUSTSTORM OR SANDSTORM:
VSBY 1/2 MILE OR LESS
8 = SMOKE OR HAZE
[NO. OF DAYS WITH] [WEATHER - DAYS WITH] 9 = BLOWING SNOW
X = TORNADO
MAX 32 OR BELOW: 1 0.01 INCH OR MORE: 16
MAX 90 OR ABOVE: 0 0.10 INCH OR MORE: 9
MIN 32 OR BELOW: 12 0.50 INCH OR MORE: 5
MIN 0 OR BELOW: 0 1.00 INCH OR MORE: 2
[HDD (BASE 65) ]
TOTAL THIS MO. 556 CLEAR (SCALE 0-3) 8
DPTR FM NORMAL -38 PTCLDY (SCALE 4-7) 9
TOTAL FM JUL 1 1007 CLOUDY (SCALE 8-10) 14
DPTR FM NORMAL -78
[CDD (BASE 65) ]
TOTAL THIS MO. 15
DPTR FM NORMAL 12 [PRESSURE DATA]
TOTAL FM JAN 1 2504 HIGHEST SLP 30.54 ON 1
DPTR FM NORMAL 270 LOWEST SLP 29.57 ON 14
[REMARKS]
#FINAL-12-22#