000
CXUS54 KMEG 011533
CF6TUP
PRELIMINARY LOCAL CLIMATOLOGICAL DATA (WS FORM: F-6)
STATION: TUPELO
MONTH: DECEMBER
YEAR: 2020
LATITUDE: 34 16 N
LONGITUDE: 88 46 W
TEMPERATURE IN F: :PCPN: SNOW: WIND :SUNSHINE: SKY :PK WND
================================================================================
1 2 3 4 5 6A 6B 7 8 9 10 11 12 13 14 15 16 17 18
12Z AVG MX 2MIN
DY MAX MIN AVG DEP HDD CDD WTR SNW DPTH SPD SPD DIR MIN PSBL S-S WX SPD DR
================================================================================
1 51 27 39 -9 26 0 0.00 0.0 0 2.9 10 260 M M 0 13 250
2 56 24 40 -7 25 0 0.00 0.0 0 4.0 9 60 M M 0 13 50
3 53 37 45 -2 20 0 0.46 0.0 0 4.1 14 140 M M 9 1 18 120
4 51 35 43 -4 22 0 0.28 0.0 0 3.0 12 300 M M 7 1 19 320
5 63 32 48 2 17 0 0.00 0.0 0 2.0 9 350 M M 0 1 11 20
6 60 32 46 0 19 0 T 0.0 0 4.2 13 330 M M 3 1 16 330
7 50 32 41 -5 24 0 0.00 0.0 0 8.1 22 360 M M 3 28 360
8 56 29 43 -3 22 0 0.00 0.0 0 2.0 9 170 M M 0 1 13 170
9 69 31 50 5 15 0 0.00 0.0 0 2.3 13 250 M M 0 18 15 250
10 73 38 56 11 9 0 0.00 0.0 0 2.6 10 170 M M 0 14 150
11 66 40 53 8 12 0 0.01 0.0 0 6.2 15 160 M M 1 21 150
12 69 43 56 12 9 0 0.30 0.0 0 6.7 15 180 M M 6 1 20 180
13 58 35 47 3 18 0 1.32 0.0 0 10.2 25 360 M M 3 1 34 20
14 46 37 42 -2 23 0 0.13 0.0 0 11.3 21 20 M M 10 1 25 20
15 50 30 40 -4 25 0 0.07 0.0 0 4.0 13 60 M M 7 1 16 60
16 41 37 39 -5 26 0 0.13 0.0 0 5.5 12 340 M M 10 1 17 330
17 47 30 39 -5 26 0 0.00 0.0 0 3.6 12 340 M M 3 16 280
18 53 26 40 -3 25 0 0.00 0.0 0 2.5 10 110 M M 0 1 14 130
19 53 34 44 1 21 0 0.27 0.0 0 5.4 17 170 M M 8 1 22 170
20 52 46 49 6 16 0 0.01 0.0 0 2.1 13 250 M M 10 1 17 240
21 65 41 53 10 12 0 0.00 0.0 0 5.7 15 210 M M 4 1 19 210
22 64 35 50 7 15 0 0.00 0.0 0 1.7 9 70 M M 0 12 80
23 62 42 52 9 13 0 0.89 0.0 0 12.4 24 170 M M 6 13 31 360
24 54 30 42 0 23 0 0.26 0.0 0 7.9 23 340 M M 3 1 31 340
25 37 25 31 -11 34 0 0.00 0.0 0 5.7 14 260 M M 0 21 330
26 58 23 41 -1 24 0 0.00 0.0 0 5.8 10 170 M M 0 15 230
27 63 31 47 5 18 0 0.00 0.0 0 9.4 17 170 M M 1 23 170
28 65 38 52 10 13 0 0.00 0.0 0 5.5 12 20 M M 4 14 10
29 63 35 49 7 16 0 0.00 0.0 0 5.9 12 120 M M 1 16 110
30 70 46 58 16 7 0 0.34 0.0 0 10.5 23 360 M M 6 1 30 190
31 57 45 51 9 14 0 0.67 0.0 0 11.1 21 20 M M 10 1 24 30
================================================================================
SM 1775 1066 589 0 5.14 0.0 174.3 M 115
================================================================================
AV 57.3 34.4 5.6 FASTST M M 4 MAX(MPH)
MISC ----> 25 360 34 20
================================================================================
NOTES:
# LAST OF SEVERAL OCCURRENCES
COLUMN 17 PEAK WIND IN M.P.H.
PRELIMINARY LOCAL CLIMATOLOGICAL DATA (WS FORM: F-6) , PAGE 2
STATION: TUPELO
MONTH: DECEMBER
YEAR: 2020
LATITUDE: 34 16 N
LONGITUDE: 88 46 W
[TEMPERATURE DATA] [PRECIPITATION DATA] SYMBOLS USED IN COLUMN 16
AVERAGE MONTHLY: 45.8 TOTAL FOR MONTH: 5.14 1 = FOG OR MIST
DPTR FM NORMAL: 1.7 DPTR FM NORMAL: -1.14 2 = FOG REDUCING VISIBILITY
HIGHEST: 73 ON 10 GRTST 24HR 1.45 ON 13-14 TO 1/4 MILE OR LESS
LOWEST: 23 ON 26 3 = THUNDER
SNOW, ICE PELLETS, HAIL 4 = ICE PELLETS
TOTAL MONTH: 0.0 INCH 5 = HAIL
GRTST 24HR 0.0 6 = FREEZING RAIN OR DRIZZLE
GRTST DEPTH: 0 7 = DUSTSTORM OR SANDSTORM:
VSBY 1/2 MILE OR LESS
8 = SMOKE OR HAZE
[NO. OF DAYS WITH] [WEATHER - DAYS WITH] 9 = BLOWING SNOW
X = TORNADO
MAX 32 OR BELOW: 0 0.01 INCH OR MORE: 14
MAX 90 OR ABOVE: 0 0.10 INCH OR MORE: 11
MIN 32 OR BELOW: 14 0.50 INCH OR MORE: 3
MIN 0 OR BELOW: 0 1.00 INCH OR MORE: 1
[HDD (BASE 65) ]
TOTAL THIS MO. 589 CLEAR (SCALE 0-3) 16
DPTR FM NORMAL -62 PTCLDY (SCALE 4-7) 10
TOTAL FM JUL 1 947 CLOUDY (SCALE 8-10) 5
DPTR FM NORMAL -226
[CDD (BASE 65) ]
TOTAL THIS MO. 0
DPTR FM NORMAL -2 [PRESSURE DATA]
TOTAL FM JAN 1 2203 HIGHEST SLP 30.46 ON 18
DPTR FM NORMAL 157 LOWEST SLP 29.77 ON 23
[REMARKS]
#FINAL-12-20#