000
CXUS54 KMEG 011000
CF6TUP
PRELIMINARY LOCAL CLIMATOLOGICAL DATA (WS FORM: F-6)
STATION: TUPELO
MONTH: NOVEMBER
YEAR: 2020
LATITUDE: 34 16 N
LONGITUDE: 88 46 W
TEMPERATURE IN F: :PCPN: SNOW: WIND :SUNSHINE: SKY :PK WND
================================================================================
1 2 3 4 5 6A 6B 7 8 9 10 11 12 13 14 15 16 17 18
12Z AVG MX 2MIN
DY MAX MIN AVG DEP HDD CDD WTR SNW DPTH SPD SPD DIR MIN PSBL S-S WX SPD DR
================================================================================
1 70 43 57 -1 8 0 0.00 0.0 0 8.3 22 330 M M 0 1 28 340
2 60 34 47 -11 18 0 0.00 0.0 0 3.9 13 30 M M 0 17 60
3 69 37 53 -4 12 0 0.00 0.0 0 2.3 10 190 M M 0 12 290
4 73 40 57 0 8 0 0.00 0.0 0 1.8 8 130 M M 0 11 200
5 72 44 58 1 7 0 0.00 0.0 0 2.4 12 140 M M 0 13 140
6 78 46 62 6 3 0 0.00 0.0 0 4.6 10 80 M M 1 1 17 80
7 80 54 67 11 0 2 0.00 0.0 0 6.9 15 110 M M 6 20 110
8 83 63 73 17 0 8 0.00 0.0 0 6.9 17 110 M M 5 22 140
9 76 60 68 13 0 3 0.00 0.0 0 3.7 10 130 M M 7 1 15 170
10 73 62 68 13 0 3 0.07 0.0 0 4.0 10 140 M M 9 1 15 150
11 72 54 63 9 2 0 0.13 0.0 0 7.1 17 10 M M 8 12 23 330
12 71 48 60 6 5 0 0.00 0.0 0 5.1 17 10 M M 2 22 10
13 71 47 59 5 6 0 0.00 0.0 0 3.2 12 20 M M 3 14 320
14 76 45 61 7 4 0 0.00 0.0 0 7.6 20 180 M M 2 24 170
15 70 41 56 3 9 0 0.05 0.0 0 7.9 25 310 M M 3 8 38 330
16 67 35 51 -2 14 0 0.00 0.0 0 3.1 12 10 M M 0 16 20
17 65 37 51 -1 14 0 0.00 0.0 0 7.1 21 350 M M 0 26 360
18 68 34 51 -1 14 0 0.00 0.0 0 4.2 9 140 M M 0 12 360
19 69 43 56 4 9 0 0.00 0.0 0 8.0 18 180 M M 0 23 180
20 73 43 58 7 7 0 0.00 0.0 0 3.5 12 180 M M 0 1 15 180
21 74 45 60 9 5 0 0.00 0.0 0 2.1 8 170 M M 0 1 11 100
22 66 47 57 6 8 0 T 0.0 0 6.6 21 20 M M 6 1 28 330
23 59 36 48 -2 17 0 0.00 0.0 0 6.0 16 40 M M 1 20 50
24 64 33 49 -1 16 0 0.00 0.0 0 7.5 21 150 M M 0 1 32 150
25 73 47 60 10 5 0 0.30 0.0 0 10.8 24 180 M M 5 1 34 170
26 66 39 53 4 12 0 0.00 0.0 0 0.9 7 180 M M 0 1 9 180
27 62 39 51 2 14 0 0.04 0.0 0 3.5 10 10 M M 6 1 13 320
28 58 45 52 4 13 0 0.00 0.0 0 7.3 17 10 M M 4 22 20
29 51 43 47 -1 18 0 0.70 0.0 0 6.1 25 30 M M 7 1 35 360
30 45 28 37 -11 28 0 0.01 0.0 0 7.3 17 320 M M 7 1 27 330
================================================================================
SM 2054 1312 276 16 1.30 0.0 159.7 M 82
================================================================================
AV 68.5 43.7 5.3 FASTST M M 3 MAX(MPH)
MISC ----> # 25 310 38 330
================================================================================
NOTES:
# LAST OF SEVERAL OCCURRENCES
COLUMN 17 PEAK WIND IN M.P.H.
PRELIMINARY LOCAL CLIMATOLOGICAL DATA (WS FORM: F-6) , PAGE 2
STATION: TUPELO
MONTH: NOVEMBER
YEAR: 2020
LATITUDE: 34 16 N
LONGITUDE: 88 46 W
[TEMPERATURE DATA] [PRECIPITATION DATA] SYMBOLS USED IN COLUMN 16
AVERAGE MONTHLY: 56.1 TOTAL FOR MONTH: 1.30 1 = FOG OR MIST
DPTR FM NORMAL: 3.2 DPTR FM NORMAL: -3.40 2 = FOG REDUCING VISIBILITY
HIGHEST: 83 ON 8 GRTST 24HR 0.71 ON 29-30 TO 1/4 MILE OR LESS
LOWEST: 28 ON 30 3 = THUNDER
SNOW, ICE PELLETS, HAIL 4 = ICE PELLETS
TOTAL MONTH: 0.0 INCH 5 = HAIL
GRTST 24HR 0.0 6 = FREEZING RAIN OR DRIZZLE
GRTST DEPTH: 0 7 = DUSTSTORM OR SANDSTORM:
VSBY 1/2 MILE OR LESS
8 = SMOKE OR HAZE
[NO. OF DAYS WITH] [WEATHER - DAYS WITH] 9 = BLOWING SNOW
X = TORNADO
MAX 32 OR BELOW: 0 0.01 INCH OR MORE: 7
MAX 90 OR ABOVE: 0 0.10 INCH OR MORE: 3
MIN 32 OR BELOW: 1 0.50 INCH OR MORE: 1
MIN 0 OR BELOW: 0 1.00 INCH OR MORE: 0
[HDD (BASE 65) ]
TOTAL THIS MO. 276 CLEAR (SCALE 0-3) 19
DPTR FM NORMAL -98 PTCLDY (SCALE 4-7) 10
TOTAL FM JUL 1 358 CLOUDY (SCALE 8-10) 1
DPTR FM NORMAL -165
[CDD (BASE 65) ]
TOTAL THIS MO. 16
DPTR FM NORMAL 5 [PRESSURE DATA]
TOTAL FM JAN 1 2203 HIGHEST SLP 30.58 ON 18
DPTR FM NORMAL 159 LOWEST SLP 29.83 ON 29
[REMARKS]
#FINAL-11-20#