000
CXUS54 KMEG 090707
CLMTUP
CLIMATE REPORT
NATIONAL WEATHER SERVICE MEMPHIS TN
207 AM CDT SUN APR 09 2023
...................................
...THE TUPELO CLIMATE SUMMARY FOR THE MONTH OF MARCH 2023...
CLIMATE NORMAL PERIOD 1991 TO 2020
CLIMATE RECORD PERIOD 1930 TO 2023
WEATHER OBSERVED NORMAL DEPART LAST YEAR`S
VALUE DATE(S) VALUE FROM VALUE DATE(S)
NORMAL
................................................................
TEMPERATURE (F)
RECORD
HIGH 89 03/26/2020
03/15/2016
03/30/1986
LOW 7 03/03/1980
HIGHEST 85 03/23 64 21 85 03/06
03/24
03/26
LOWEST 24 03/20 43 -19 24 03/13
AVG. MAXIMUM 68.7 66.4 2.3 69.9
AVG. MINIMUM 46.2 43.7 2.5 43.3
MEAN 57.5 55.1 2.4 56.6
DAYS MAX >= 90 0 0.0 0.0 0
DAYS MAX <= 32 0 0.0 0.0 0
DAYS MIN <= 32 4 5.1 -1.1 3
DAYS MIN <= 0 0 0.0 0.0 0
PRECIPITATION (INCHES)
RECORD
MAXIMUM 17.20 1980
MINIMUM 1.80 1966
TOTALS 8.51 5.37 3.14 4.97
DAILY AVG. 0.27 0.17 0.10 0.16
DAYS >= .01 14 11.2 2.8 9
DAYS >= .10 11 7.9 3.1 7
DAYS >= .50 5 3.6 1.4 5
DAYS >= 1.00 3 1.6 1.4 2
GREATEST
24 HR. TOTAL 4.16 03/01 TO 03/02
SNOWFALL (INCHES)
RECORDS
TOTAL 6.0 1968
TOTALS 0.0 0.2 -0.2 1.0
SINCE 7/1 T 1.5 -1.5 MM
SNOWDEPTH AVG. 0 0
DAYS >= 1.0 0 0.1 -0.1 2
GREATEST
SNOW DEPTH 0 2 03/12
24 HR TOTAL MM
DEGREE DAYS
HEATING TOTAL 265 328 -63 269
SINCE 7/1 2034 2583 -549 MM
COOLING TOTAL 39 19 20 17
SINCE 1/1 76 23 53 MM
................................................................
WIND (MPH)
AVERAGE WIND SPEED 7.9
HIGHEST WIND SPEED/DIRECTION 41/180 DATE 03/24
HIGHEST GUST SPEED/DIRECTION 55/240 DATE 03/03
SKY COVER
POSSIBLE SUNSHINE (PERCENT) MM
AVERAGE SKY COVER 0.35
NUMBER OF DAYS FAIR 16
NUMBER OF DAYS PC 11
NUMBER OF DAYS CLOUDY 4
AVERAGE RH (PERCENT) 60
WEATHER CONDITIONS. NUMBER OF DAYS WITH
THUNDERSTORM 9 MIXED PRECIP 0
HEAVY RAIN 10 RAIN 10
LIGHT RAIN 13 FREEZING RAIN 0
LT FREEZING RAIN 0 HAIL 0
HEAVY SNOW 0 SNOW 0
LIGHT SNOW 0 SLEET 0
FOG 12 FOG W/VIS <= 1/4 MILE 0
HAZE 4
- INDICATES NEGATIVE NUMBERS.
R INDICATES RECORD WAS SET OR TIED.
MM INDICATES DATA IS MISSING.
T INDICATES TRACE AMOUNT.
$$