000
CXUS55 KTWC 010855
CF6TUS
PRELIMINARY LOCAL CLIMATOLOGICAL DATA (WS FORM: F-6)
STATION: TUCSON AZ
MONTH: MARCH
YEAR: 2022
LATITUDE: 32 7 N
LONGITUDE: 110 56 W
TEMPERATURE IN F: :PCPN: SNOW: WIND :SUNSHINE: SKY :PK WND
================================================================================
1 2 3 4 5 6A 6B 7 8 9 10 11 12 13 14 15 16 17 18
12Z AVG MX 2MIN
DY MAX MIN AVG DEP HDD CDD WTR SNW DPTH SPD SPD DIR MIN PSBL S-S WX SPD DR
================================================================================
1 83 42 63 5 2 0 0.00 M M 6.0 15 350 M M 0 21 340
2 87 46 67 8 0 2 0.00 M M 5.7 12 350 M M 0 17 140
3 86 56 71 12 0 6 0.00 M M 10.0 20 190 M M 1 28 190
4 72 52 62 3 3 0 0.00 M M 14.1 33 230 M M 0 46 240
5 72 45 59 0 6 0 0.00 M M 10.7 23 270 M M 0 32 230
6 61 42 52 -8 13 0 T M M 6.0 20 290 M M 1 26 290
7 64 35 50 -10 15 0 0.00 M M 7.0 17 260 M M 0 28 250
8 64 33 49 -11 16 0 0.00 M M 6.3 12 340 M M 0 20 300
9 68 35 52 -8 13 0 0.00 M M 6.0 15 290 M M 0 22 330
10 73 44 59 -2 6 0 0.00 M M 13.0 24 230 M M 2 36 240
11 66 40 53 -8 12 0 0.00 M M 7.4 16 320 M M 2 26 330
12 78 34 56 -5 9 0 0.00 M M 8.2 24 110 M M 0 31 110
13 78 42 60 -1 5 0 0.00 M M 6.2 17 270 M M 0 27 260
14 79 45 62 0 3 0 0.00 M M 5.7 14 290 M M 0 22 330
15 87 46 67 5 0 2 0.00 M M 6.6 13 150 M M 0 20 150
16 85 51 68 6 0 3 0.00 M M 10.8 26 290 M M 0 8 39 290
17 76 51 64 2 1 0 0.00 M M 6.2 16 320 M M 0 30 270
18 80 48 64 2 1 0 0.00 M M 7.4 15 140 M M 0 21 340
19 85 46 66 3 0 1 0.00 M M 6.8 16 270 M M 0 27 270
20 71 50 61 -2 4 0 0.13 M M 10.8 28 280 M M 5 3 40 280
21 68 47 58 -5 7 0 0.03 M M 9.0 21 290 M M 3 1 33 280
22 74 43 59 -4 6 0 0.00 M M 6.8 18 330 M M 0 29 320
23 75 50 63 -1 2 0 0.00 M M 6.7 16 70 M M 0 25 70
24 85 44 65 1 0 0 0.00 M M 6.0 15 140 M M 0 21 150
25 92 49 71 7 0 6 0.00 M M 5.7 15 140 M M 0 8 21 10
26 95 56 76 12 0 11 0.00 M M 7.5 16 280 M M 0 8 22 310
27 92 55 74 10 0 9 0.00 M M 8.9 16 200 M M 0 23 190
28 79 56 68 4 0 3 T M M 10.5 31 190 M M 2 8 45 200
29 64 49 57 -8 8 0 0.03 M M 9.8 24 240 M M 6 3 35 310
30 75 48 62 -3 3 0 0.00 M M 6.9 21 290 M M 3 32 310
31 80 50 65 0 0 0 0.00 M M 5.5 13 290 M M 0 18 290
================================================================================
SM 2394 1430 135 43 0.19 M 244.2 M 25
================================================================================
AV 77.2 46.1 7.9 FASTST M M 1 MAX(MPH)
MISC ----> 33 230 46 240
================================================================================
NOTES:
# LAST OF SEVERAL OCCURRENCES
COLUMN 17 PEAK WIND IN M.P.H.
PRELIMINARY LOCAL CLIMATOLOGICAL DATA (WS FORM: F-6) , PAGE 2
STATION: TUCSON AZ
MONTH: MARCH
YEAR: 2022
LATITUDE: 32 7 N
LONGITUDE: 110 56 W
[TEMPERATURE DATA] [PRECIPITATION DATA] SYMBOLS USED IN COLUMN 16
AVERAGE MONTHLY: 61.7 TOTAL FOR MONTH: 0.19 1 = FOG OR MIST
DPTR FM NORMAL: -0.2 DPTR FM NORMAL: -0.37 2 = FOG REDUCING VISIBILITY
HIGHEST: 95 ON 26 GRTST 24HR 0.16 ON 20-21 TO 1/4 MILE OR LESS
LOWEST: 33 ON 8 3 = THUNDER
SNOW, ICE PELLETS, HAIL 4 = ICE PELLETS
TOTAL MONTH: M 5 = HAIL
GRTST 24HR M ON M 6 = FREEZING RAIN OR DRIZZLE
GRTST DEPTH: M ON M 7 = DUSTSTORM OR SANDSTORM:
VSBY 1/2 MILE OR LESS
8 = SMOKE OR HAZE
[NO. OF DAYS WITH] [WEATHER - DAYS WITH] 9 = BLOWING SNOW
X = TORNADO
MAX 32 OR BELOW: 0 0.01 INCH OR MORE: 3
MAX 90 OR ABOVE: 3 0.10 INCH OR MORE: 1
MIN 32 OR BELOW: 0 0.50 INCH OR MORE: 0
MIN 0 OR BELOW: 0 1.00 INCH OR MORE: 0
[HDD (BASE 65) ]
TOTAL THIS MO. 135 CLEAR (SCALE 0-3) 28
DPTR FM NORMAL -3 PTCLDY (SCALE 4-7) 3
TOTAL FM JUL 1 1034 CLOUDY (SCALE 8-10) 0
DPTR FM NORMAL -249
[CDD (BASE 65) ]
TOTAL THIS MO. 43
DPTR FM NORMAL 1 [PRESSURE DATA]
TOTAL FM JAN 1 43 HIGHEST SLP M ON M
DPTR FM NORMAL -5 LOWEST SLP 29.65 ON 31
[REMARKS]
#FINAL-03-22#