000
CXUS55 KSEW 011505 CCA
CF6UIL
PRELIMINARY LOCAL CLIMATOLOGICAL DATA (WS FORM: F-6)
STATION: QUILLAYUTE WA AIRPORT
MONTH: JANUARY
YEAR: 2023
LATITUDE: 47 57 N
LONGITUDE: 124 33 W
TEMPERATURE IN F: :PCPN: SNOW: WIND :SUNSHINE: SKY :PK WND
================================================================================
1 2 3 4 5 6A 6B 7 8 9 10 11 12 13 14 15 16 17 18
12Z AVG MX 2MIN
DY MAX MIN AVG DEP HDD CDD WTR SNW DPTH SPD SPD DIR MIN PSBL S-S WX SPD DR
================================================================================
1 46 36 41 0 24 0 T M M 3.4 9 70 M M 6 12 14 100
2 45 36 41 0 24 0 0.02 M M 3.1 12 80 M M 3 20 100
3 49 39 44 3 21 0 0.12 M M 3.8 9 130 M M 9 1 16 150
4 46 37 42 1 23 0 0.04 M M 8.6 21 50 M M 6 33 50
5 57 44 51 10 14 0 0.46 M M 12.5 24 150 M M 9 1 45 160
6 54 46 50 9 15 0 0.19 M M 11.1 23 130 M M 10 1 39 130
7 49 40 45 4 20 0 0.45 M M 4.6 16 150 M M 9 1 30 150
8 49 39 44 3 21 0 0.50 M M 8.1 22 190 M M 9 1 37 170
9 50 40 45 3 20 0 0.37 M M 10.5 28 190 M M 8 1 52 120
10 52 38 45 3 20 0 0.24 M M 6.4 16 40 M M 3 1 22 70
11 52 40 46 4 19 0 0.26 M M 7.5 15 140 M M 9 1 25 130
12 54 49 52 10 13 0 2.59 M M 12.1 23 190 M M 10 1 48 170
13 52 49 51 9 14 0 1.36 M M 10.2 21 180 M M 10 1 42 180
14 51 47 49 7 16 0 0.32 M M 6.9 15 180 M M 10 1 26 200
15 49 42 46 4 19 0 0.47 M M 3.0 16 210 M M 10 1 27 220
16 47 43 45 3 20 0 0.50 M M 6.1 17 200 M M 10 1 36 190
17 48 43 46 4 19 0 0.88 M M 7.1 17 140 M M 10 1 32 140
18 48 34 41 -1 24 0 0.89 M M 5.7 23 190 M M 8 12 42 190
19 48 33 41 -1 24 0 T M M 3.6 9 180 M M 8 1 13 170
20 48 35 42 0 23 0 0.01 M M 3.2 7 80 M M 9 12 11 80
21 45 35 40 -2 25 0 0.18 M M 4.7 15 130 M M 9 1 27 140
22 46 35 41 -1 24 0 0.00 M M 2.0 9 340 M M 8 14 310
23 47 40 44 2 21 0 0.04 M M 2.8 9 140 M M 10 1 14 200
24 48 39 44 2 21 0 0.06 M M 1.9 8 240 M M 10 12 11 240
25 45 37 41 -1 24 0 0.00 M M 1.0 6 90 M M 10 12 9 60
26 48 40 44 2 21 0 0.28 M M 3.2 12 280 M M 10 1 19 280
27 53 44 49 7 16 0 0.24 M M 3.2 18 260 M M 10 1 26 250
28 49 35 42 0 23 0 0.00 M M 7.1 23 50 M M 3 1 36 40
29 45 23 34 -8 31 0 0.00 M M 6.8 21 60 M M 0 35 50
30 42 20 31 -11 34 0 T M M 2.3 8 180 M M 3 11 220
31 45 32 39 -3 26 0 T M M 3.1 8 180 M M 10 1 14 190
================================================================================
SM 1507 1190 659 0 10.47 M 175.6 M 249
================================================================================
AV 48.6 38.4 5.7 FASTST M M 8 MAX(MPH)
MISC ----> 28 190 52 120
================================================================================
NOTES:
# LAST OF SEVERAL OCCURRENCES
COLUMN 17 PEAK WIND IN M.P.H.
PRELIMINARY LOCAL CLIMATOLOGICAL DATA (WS FORM: F-6) , PAGE 2
STATION: QUILLAYUTE WA AIRPORT
MONTH: JANUARY
YEAR: 2023
LATITUDE: 47 57 N
LONGITUDE: 124 33 W
[TEMPERATURE DATA] [PRECIPITATION DATA] SYMBOLS USED IN COLUMN 16
AVERAGE MONTHLY: 43.5 TOTAL FOR MONTH: 10.47 1 = FOG OR MIST
DPTR FM NORMAL: 1.8 DPTR FM NORMAL: -5.12 2 = FOG REDUCING VISIBILITY
HIGHEST: 57 ON 5 GRTST 24HR 3.07 ON 12-13 TO 1/4 MILE OR LESS
LOWEST: 20 ON 30 3 = THUNDER
SNOW, ICE PELLETS, HAIL 4 = ICE PELLETS
TOTAL MONTH: M 5 = HAIL
GRTST 24HR M ON M 6 = FREEZING RAIN OR DRIZZLE
GRTST DEPTH: M ON M 7 = DUSTSTORM OR SANDSTORM:
VSBY 1/2 MILE OR LESS
8 = SMOKE OR HAZE
[NO. OF DAYS WITH] [WEATHER - DAYS WITH] 9 = BLOWING SNOW
X = TORNADO
MAX 32 OR BELOW: 0 0.01 INCH OR MORE: 23
MAX 90 OR ABOVE: 0 0.10 INCH OR MORE: 18
MIN 32 OR BELOW: 3 0.50 INCH OR MORE: 6
MIN 0 OR BELOW: 0 1.00 INCH OR MORE: 2
[HDD (BASE 65) ]
TOTAL THIS MO. 659 CLEAR (SCALE 0-3) 2
DPTR FM NORMAL -63 PTCLDY (SCALE 4-7) 9
TOTAL FM JUL 1 2794 CLOUDY (SCALE 8-10) 20
DPTR FM NORMAL -318
[CDD (BASE 65) ]
TOTAL THIS MO. 0
DPTR FM NORMAL 0 [PRESSURE DATA]
TOTAL FM JAN 1 0 HIGHEST SLP 30.74 ON 25
DPTR FM NORMAL 0 LOWEST SLP 29.19 ON 9
[REMARKS]
#FINAL-01-23#