000
CXUS53 KUNR 010930
CF6UNR
PRELIMINARY LOCAL CLIMATOLOGICAL DATA (WS FORM: F-6)
STATION: EAST RAPID CITY SD
MONTH: JUNE
YEAR: 2023
LATITUDE: 44 4 N
LONGITUDE: 103 13 W
TEMPERATURE IN F: :PCPN: SNOW: WIND :SUNSHINE: SKY :PK WND
================================================================================
1 2 3 4 5 6A 6B 7 8 9 10 11 12 13 14 15 16 17 18
12Z AVG MX 2MIN
DY MAX MIN AVG DEP HDD CDD WTR SNW DPTH SPD SPD DIR MIN PSBL S-S WX SPD DR
================================================================================
1 76 58 67 6 0 2 0.16 0.0 0 5.1 25 160 M M M 3 43 160
2 77 57 67 6 0 2 0.28 0.0 0 5.3 25 190 M M M 13 49 190
3 77 57 67 6 0 2 0.09 0.0 0 5.4 18 140 M M M 26 170
4 79 62 71 9 0 6 0.00 0.0 0 5.9 17 140 M M M 24 150
5 80 60 70 8 0 5 0.00 0.0 0 6.0 18 150 M M M 26 160
6 83 58 71 9 0 6 0.00 0.0 0 6.4 21 140 M M M 29 170
7 85 60 73 10 0 8 0.00 0.0 0 5.9 21 130 M M M 25 150
8 87 66 77 14 0 12 0.00 0.0 0 4.9 13 130 M M M 18 130
9 78 60 69 6 0 4 0.40 0.0 0 8.3 20 10 M M M 3 30 220
10 63 56 60 -4 5 0 0.95 0.0 0 7.7 21 20 M M M 30 30
11 67 53 60 -4 5 0 0.00 0.0 0 4.6 13 140 M M M 17 140
12 73 50 62 -2 3 0 0.00 0.0 0 6.5 18 140 M M M 25 160
13 75 57 66 1 0 1 0.00 0.0 0 4.4 10 60 M M M 16 80
14 80 60 70 5 0 5 T 0.0 0 8.1 22 150 M M M 31 140
15 70 56 63 -2 2 0 T 0.0 0 14.8 26 330 M M M 39 330
16 64 53 59 -7 6 0 0.02 0.0 0 11.1 23 320 M M M 33 320
17 76 51 64 -2 1 0 0.00 0.0 0 5.7 15 20 M M M 20 20
18 89 59 74 8 0 9 0.00 0.0 0 6.0 22 140 M M M 30 160
19 88 64 76 9 0 11 0.00 0.0 0 6.4 16 150 M M M 25 310
20 75 61 68 1 0 3 0.08 0.0 0 10.6 24 360 M M M 3 35 310
21 68 56 62 -5 3 0 0.02 0.0 0 8.8 24 330 M M M 37 340
22 69 57 63 -5 2 0 0.36 0.0 0 10.7 20 30 M M M 3 29 360
23 74 54 64 -4 1 0 1.12 0.0 0 6.8 30 10 M M M 135 39 10
24 66 52 59 -9 6 0 0.15 0.0 0 10.7 26 350 M M M 44 350
25 74 55 65 -3 0 0 0.00 0.0 0 5.5 13 300 M M M 22 50
26 77 58 68 -1 0 3 0.01 0.0 0 7.0 24 150 M M M 33 150
27 77 57 67 -2 0 2 0.25 0.0 0 6.6 28 300 M M M 35 38 300
28 78 57 68 -2 0 3 1.14 0.0 0 7.0 24 190 M M M 35 32 190
29 78 59 69 -1 0 4 0.07 0.0 0 6.4 17 290 M M M 3 25 290
30 77 59 68 -2 0 3 0.00 0.0 0 5.5 15 20 M M M 20 240
================================================================================
SM 2280 1722 34 91 5.10 0.0 214.1 M M
================================================================================
AV 76.0 57.4 7.1 FASTST M M M MAX(MPH)
MISC ----> 30 10 49 190
================================================================================
NOTES:
# LAST OF SEVERAL OCCURRENCES
COLUMN 17 PEAK WIND IN M.P.H.
PRELIMINARY LOCAL CLIMATOLOGICAL DATA (WS FORM: F-6) , PAGE 2
STATION: EAST RAPID CITY SD
MONTH: JUNE
YEAR: 2023
LATITUDE: 44 4 N
LONGITUDE: 103 13 W
[TEMPERATURE DATA] [PRECIPITATION DATA] SYMBOLS USED IN COLUMN 16
AVERAGE MONTHLY: 66.7 TOTAL FOR MONTH: 5.10 1 = FOG OR MIST
DPTR FM NORMAL: 1.3 DPTR FM NORMAL: 1.77 2 = FOG REDUCING VISIBILITY
HIGHEST: 89 ON 18 GRTST 24HR 1.14 ON 28-28 TO 1/4 MILE OR LESS
LOWEST: 50 ON 12 3 = THUNDER
SNOW, ICE PELLETS, HAIL 4 = ICE PELLETS
TOTAL MONTH: 0.0 INCH 5 = HAIL
GRTST 24HR 0.0 6 = FREEZING RAIN OR DRIZZLE
GRTST DEPTH: 0 7 = DUSTSTORM OR SANDSTORM:
VSBY 1/2 MILE OR LESS
8 = SMOKE OR HAZE
[NO. OF DAYS WITH] [WEATHER - DAYS WITH] 9 = BLOWING SNOW
X = TORNADO
MAX 32 OR BELOW: 0 0.01 INCH OR MORE: 15
MAX 90 OR ABOVE: 0 0.10 INCH OR MORE: 9
MIN 32 OR BELOW: 0 0.50 INCH OR MORE: 3
MIN 0 OR BELOW: 0 1.00 INCH OR MORE: 2
[HDD (BASE 65) ]
TOTAL THIS MO. 34 CLEAR (SCALE 0-3) 0
DPTR FM NORMAL -50 PTCLDY (SCALE 4-7) 0
TOTAL FM JUL 1 6749 CLOUDY (SCALE 8-10) 30
DPTR FM NORMAL -97
[CDD (BASE 65) ]
TOTAL THIS MO. 91
DPTR FM NORMAL -5 [PRESSURE DATA]
TOTAL FM JAN 1 121 HIGHEST SLP M ON M
DPTR FM NORMAL 8 LOWEST SLP 26.39 ON 18
[REMARKS]
#FINAL-06-23#