000
CXUS53 KUNR 010930
CF6UNR
PRELIMINARY LOCAL CLIMATOLOGICAL DATA (WS FORM: F-6)
STATION: EAST RAPID CITY SD
MONTH: MARCH
YEAR: 2021
LATITUDE: 44 4 N
LONGITUDE: 103 13 W
TEMPERATURE IN F: :PCPN: SNOW: WIND :SUNSHINE: SKY :PK WND
================================================================================
1 2 3 4 5 6A 6B 7 8 9 10 11 12 13 14 15 16 17 18
12Z AVG MX 2MIN
DY MAX MIN AVG DEP HDD CDD WTR SNW DPTH SPD SPD DIR MIN PSBL S-S WX SPD DR
================================================================================
1 57 32 45 13 20 0 0.00 0.0 1 7.9 22 140 M M M 28 140
2 59 32 46 14 19 0 0.00 0.0 T 8.2 24 360 M M M 30 10
3 62 40 51 19 14 0 0.00 0.0 0 8.2 16 120 M M M 22 120
4 63 37 50 18 15 0 0.00 0.0 0 5.8 15 130 M M M 20 110
5 63 43 53 20 12 0 0.00 0.0 0 6.8 12 260 M M M 17 270
6 69 36 53 20 12 0 0.00 0.0 0 9.5 26 150 M M M 38 150
7 59 42 51 18 14 0 0.00 0.0 0 7.8 18 30 M M M 24 30
8 62 36 49 15 16 0 0.00 0.0 0 7.0 20 130 M M M 26 230
9 60 35 48 14 17 0 0.00 0.0 0 14.2 30 360 M M M 41 350
10 35 26 31 -3 34 0 0.03 0.2 0 11.2 20 350 M M M 29 350
11 45 25 35 1 30 0 0.00 0.0 T 7.0 20 140 M M M 26 130
12 50 27 39 4 26 0 0.00 0.0 0 7.4 18 150 M M M 26 150
13 52 30 41 6 24 0 0.10 0.0 0 4.5 14 100 M M M 18 100
14 39 27 33 -2 32 0 0.76 7.5 0 10.8 21 20 M M M 29 20
15 30 25 28 -8 37 0 0.09 1.8 6 3.4 9 130 M M M 12 130
16 33 24 29 -7 36 0 0.01 0.1 4 5.8 16 350 M M M 24 330
17 42 27 35 -1 30 0 0.00 0.0 4 9.5 18 360 M M M 24 360
18 37 25 31 -5 34 0 0.00 0.0 2 11.0 25 150 M M M 33 160
19 58 25 42 5 23 0 0.00 0.0 T 6.4 14 150 M M M 17 150
20 66 32 49 12 16 0 0.00 0.0 0 8.2 25 320 M M M 35 320
21 50 36 43 6 22 0 0.00 0.0 0 13.7 29 320 M M M 38 320
22 56 31 44 7 21 0 0.00 0.0 0 9.6 23 140 M M M 32 140
23 45 33 39 1 26 0 0.03 T 0 17.4 32 320 M M M 5 43 330
24 52 31 42 4 23 0 T T 0 11.6 24 320 M M M 36 330
25 56 24 40 2 25 0 0.00 0.0 0 6.1 12 50 M M M 16 10
26 46 32 39 1 26 0 0.07 T 0 10.8 21 360 M M M 25 10
27 45 32 39 0 26 0 T T 0 10.9 26 350 M M M 40 350
28 71 25 48 9 17 0 0.00 0.0 0 6.8 20 300 M M M 29 300
29 68 33 51 12 14 0 0.00 0.0 0 19.6 48 360 M M 0 68 350
30 38 22 30 -10 35 0 0.00 0.0 0 13.1 28 310 M M M 43 320
31 47 20 34 -6 31 0 0.00 0.0 0 8.6 23 320 M M M 38 310
================================================================================
SM 1615 945 727 0 1.09 9.6 288.8 M 0
================================================================================
AV 52.1 30.5 9.3 FASTST M M 0 MAX(MPH)
MISC ----> 48 360 68 350
================================================================================
NOTES:
# LAST OF SEVERAL OCCURRENCES
COLUMN 17 PEAK WIND IN M.P.H.
PRELIMINARY LOCAL CLIMATOLOGICAL DATA (WS FORM: F-6) , PAGE 2
STATION: EAST RAPID CITY SD
MONTH: MARCH
YEAR: 2021
LATITUDE: 44 4 N
LONGITUDE: 103 13 W
[TEMPERATURE DATA] [PRECIPITATION DATA] SYMBOLS USED IN COLUMN 16
AVERAGE MONTHLY: 41.3 TOTAL FOR MONTH: 1.09 1 = FOG OR MIST
DPTR FM NORMAL: 5.6 DPTR FM NORMAL: 0.10 2 = FOG REDUCING VISIBILITY
HIGHEST: 71 ON 28 GRTST 24HR 0.76 ON 14-14 TO 1/4 MILE OR LESS
LOWEST: 20 ON 31 3 = THUNDER
SNOW, ICE PELLETS, HAIL 4 = ICE PELLETS
TOTAL MONTH: 9.6 INCHES 5 = HAIL
GRTST 24HR 7.5 ON 14-14 6 = FREEZING RAIN OR DRIZZLE
GRTST DEPTH: 6 ON 15 7 = DUSTSTORM OR SANDSTORM:
VSBY 1/2 MILE OR LESS
8 = SMOKE OR HAZE
[NO. OF DAYS WITH] [WEATHER - DAYS WITH] 9 = BLOWING SNOW
X = TORNADO
MAX 32 OR BELOW: 1 0.01 INCH OR MORE: 7
MAX 90 OR ABOVE: 0 0.10 INCH OR MORE: 2
MIN 32 OR BELOW: 21 0.50 INCH OR MORE: 1
MIN 0 OR BELOW: 0 1.00 INCH OR MORE: 0
[HDD (BASE 65) ]
TOTAL THIS MO. 727 CLEAR (SCALE 0-3) 1
DPTR FM NORMAL -181 PTCLDY (SCALE 4-7) 0
TOTAL FM JUL 1 5476 CLOUDY (SCALE 8-10) 30
DPTR FM NORMAL -386
[CDD (BASE 65) ]
TOTAL THIS MO. 0
DPTR FM NORMAL 0 [PRESSURE DATA]
TOTAL FM JAN 1 0 HIGHEST SLP M ON M
DPTR FM NORMAL 0 LOWEST SLP 28.97 ON 29
[REMARKS]
#FINAL-03-21#