000
CXUS54 KEWX 011010
CF6UVA
PRELIMINARY LOCAL CLIMATOLOGICAL DATA (WS FORM: F-6)
STATION: UVALDE
MONTH: APRIL
YEAR: 2023
LATITUDE: 29 12 N
LONGITUDE: 99 44 W
TEMPERATURE IN F: :PCPN: SNOW: WIND :SUNSHINE: SKY :PK WND
================================================================================
1 2 3 4 5 6A 6B 7 8 9 10 11 12 13 14 15 16 17 18
12Z AVG MX 2MIN
DY MAX MIN AVG DEP HDD CDD WTR SNW DPTH SPD SPD DIR MIN PSBL S-S WX SPD DR
================================================================================
1 89 59 74 M 0 9 0.00 M M 9.9 15 80 M M 3 21 80
2 90 66 78 M 0 13 0.00 M M 6.3 14 190 M M 5 18 190
3 96 64 80 M 0 15 0.00 M M 5.4 14 120 M M 1 1 18 130
4 92 71 82 M 0 17 0.00 M M 7.7 13 150 M M 3 24 130
5 82 64 73 M 0 8 0.00 M M 11.1 18 340 M M 5 32 20
6 64 56 60 M 5 0 0.00 M M 9.0 17 70 M M 10 24 70
7 57 51 54 M 11 0 0.00 M M 4.3 9 10 M M 10 1 M M
8 74 55 65 M 0 0 0.00 M M 0.9 7 150 M M 8 1 M M
9 74 54 64 M 1 0 0.00 M M 6.2 12 100 M M 9 1 16 100
10 76 58 67 M 0 2 0.00 M M 6.1 12 120 M M 7 1 M M
11 79 56 68 M 0 3 0.02 M M 4.7 10 150 M M 6 1 17 300
12 82 49 66 M 0 1 0.00 M M 4.9 10 120 M M 2 17 90
13 84 51 68 M 0 3 0.00 M M 10.2 14 150 M M 0 22 130
14 89 62 76 M 0 11 0.00 M M 5.3 10 110 M M 4 17 120
15 95 67 81 M 0 16 0.00 M M 7.1 17 310 M M 3 23 310
16 81 56 69 M 0 4 0.00 M M 9.4 18 60 M M 1 23 50
17 83 49 66 M 0 1 0.00 M M 11.3 23 130 M M 2 29 130
18 86 65 76 M 0 11 0.00 M M 10.2 18 140 M M 8 29 160
19 81 70 76 M 0 11 0.00 M M 11.2 16 120 M M 9 24 120
20 88 67 78 M 0 13 0.38 M M 6.1 13 180 M M 7 3 37 140
21 87 65 76 M 0 11 0.00 M M 3.5 15 360 M M 5 18 360
22 84 59 72 M 0 7 0.00 M M 9.2 21 130 M M 7 1 24 130
23 71 56 64 M 1 0 0.00 M M 9.2 15 20 M M 10 3 25 30
24 69 53 61 M 4 0 0.00 M M 3.8 10 70 M M 10 1 16 60
25 81 62 72 M 0 7 0.00 M M 4.1 12 120 M M 8 1 18 130
26 84 69 77 M 0 12 0.00 M M 3.7 12 130 M M 6 17 130
27 85 63 74 M 0 9 0.00 M M 4.0 13 30 M M 1 22 30
28 93 57 75 M 0 10 0.00 M M 8.7 27 10 M M 2 1 36 10
29 82 51 67 M 0 2 0.00 M M 9.2 21 330 M M 0 30 330
30 92 46 69 M 0 4 0.00 M M 4.1 14 220 M M 0 18 220
================================================================================
SM 2470 1771 22 200 0.40 M 206.8 M 152
================================================================================
AV 82.3 59.0 6.9 FASTST M M 5 MAX(MPH)
MISC ----> 27 10 37 140
================================================================================
NOTES:
# LAST OF SEVERAL OCCURRENCES
COLUMN 17 PEAK WIND IN M.P.H.
PRELIMINARY LOCAL CLIMATOLOGICAL DATA (WS FORM: F-6) , PAGE 2
STATION: UVALDE
MONTH: APRIL
YEAR: 2023
LATITUDE: 29 12 N
LONGITUDE: 99 44 W
[TEMPERATURE DATA] [PRECIPITATION DATA] SYMBOLS USED IN COLUMN 16
AVERAGE MONTHLY: 70.7 TOTAL FOR MONTH: 0.40 1 = FOG OR MIST
DPTR FM NORMAL: 0.0 DPTR FM NORMAL: M 2 = FOG REDUCING VISIBILITY
HIGHEST: 96 ON 3 GRTST 24HR 0.38 ON 20-20 TO 1/4 MILE OR LESS
LOWEST: 46 ON 30 3 = THUNDER
SNOW, ICE PELLETS, HAIL 4 = ICE PELLETS
TOTAL MONTH: M 5 = HAIL
GRTST 24HR M ON M 6 = FREEZING RAIN OR DRIZZLE
GRTST DEPTH: M ON M 7 = DUSTSTORM OR SANDSTORM:
VSBY 1/2 MILE OR LESS
8 = SMOKE OR HAZE
[NO. OF DAYS WITH] [WEATHER - DAYS WITH] 9 = BLOWING SNOW
X = TORNADO
MAX 32 OR BELOW: 0 0.01 INCH OR MORE: 2
MAX 90 OR ABOVE: 6 0.10 INCH OR MORE: 1
MIN 32 OR BELOW: 0 0.50 INCH OR MORE: 0
MIN 0 OR BELOW: 0 1.00 INCH OR MORE: 0
[HDD (BASE 65) ]
TOTAL THIS MO. 22 CLEAR (SCALE 0-3) 11
DPTR FM NORMAL M PTCLDY (SCALE 4-7) 12
TOTAL FM JUL 1 1225 CLOUDY (SCALE 8-10) 7
DPTR FM NORMAL M
[CDD (BASE 65) ]
TOTAL THIS MO. 200
DPTR FM NORMAL M [PRESSURE DATA]
TOTAL FM JAN 1 424 HIGHEST SLP M ON M
DPTR FM NORMAL M LOWEST SLP M ON M
[REMARKS]
#FINAL-04-23#