000
CXUS56 KSTO 011301
CF6VCB
PRELIMINARY LOCAL CLIMATOLOGICAL DATA (WS FORM: F-6)
STATION: VACAVILLE
MONTH: MARCH
YEAR: 2024
LATITUDE: 38 22 N
LONGITUDE: 121-58 E
TEMPERATURE IN F: :PCPN: SNOW: WIND :SUNSHINE: SKY :PK WND
================================================================================
1 2 3 4 5 6A 6B 7 8 9 10 11 12 13 14 15 16 17 18
12Z AVG MX 2MIN
DY MAX MIN AVG DEP HDD CDD WTR SNW DPTH SPD SPD DIR MIN PSBL S-S WX SPD DR
================================================================================
1 58 48 53 -1 12 0 1.05 M M 12.7 26 240 M M 8 1 47 220
2 53 41 47 -7 18 0 0.27 M M 11.0 24 210 M M 7 1 39 240
3 56 39 48 -6 17 0 0.32 M M 6.9 18 230 M M 6 1 30 210
4 56 38 47 -7 18 0 0.00 M M 5.1 12 210 M M 6 18 220
5 62 46 54 0 11 0 0.01 M M 5.3 17 210 M M 8 1 24 210
6 62 44 53 -1 12 0 0.00 M M 2.3 7 220 M M 5 9 140
7 67 43 55 1 10 0 0.00 M M 3.6 15 350 M M 2 21 360
8 68 38 53 -2 12 0 0.00 M M 4.6 14 360 M M 0 20 360
9 63 43 53 -2 12 0 0.00 M M 8.8 17 230 M M 2 24 230
10 63 41 52 -3 13 0 0.02 0.0 M 7.2 17 240 M M 4 25 240
11 64 48 56 1 9 0 0.09 0.0 M 5.9 16 220 M M 7 1 23 200
12 65 45 55 0 10 0 0.11 M M 5.8 15 230 M M 6 1 20 220
13 68 39 54 -1 11 0 0.00 M M 11.5 23 350 M M 0 34 350
14 69 53 61 6 4 0 0.00 M M 20.1 32 360 M M 0 47 350
15 74 47 61 6 4 0 0.00 M M 15.4 30 360 M M 0 43 360
16 76 40 58 3 7 0 0.00 M M 3.1 10 240 M M 0 16 240
17 76 40 58 2 7 0 0.00 M M 4.4 10 210 M M 0 15 200
18 76 42 59 3 6 0 0.00 M M 2.3 8 10 M M 0 12 10
19 77 43 60 4 5 0 0.00 M M 3.7 10 240 M M 0 15 230
20 76 41 59 3 6 0 0.00 M M 6.2 15 210 M M 0 20 200
21 70 46 58 2 7 0 0.00 M M 7.1 15 210 M M 0 22 220
22 68 51 60 4 5 0 0.11 M M 9.1 23 210 M M 5 1 34 220
23 61 48 55 -1 10 0 0.40 M M 7.8 18 220 M M 6 1 27 220
24 67 46 57 1 8 0 0.00 M M 6.7 18 20 M M 4 30 20
25 65 41 53 -3 12 0 0.00 M M 5.5 18 220 M M 0 25 210
26 68 39 54 -2 11 0 0.00 0.0 M 4.4 14 210 M M 1 8 22 210
27 59 47 53 -3 12 0 0.29 0.0 M 8.8 21 210 M M 8 18 30 220
28 63 43 53 -3 12 0 T 0.0 M 6.4 17 240 M M 3 23 230
29 55 42 49 -7 16 0 0.32 M M 5.1 18 130 M M 8 1 27 130
30 62 46 54 -3 11 0 0.07 M M 6.9 17 360 M M 6 1 23 350
31 68 47 58 1 7 0 0.05 0.0 M 3.7 14 210 M M 5 1 20 180
================================================================================
SM 2035 1355 315 0 3.11 0.0 217.4 M 107
================================================================================
AV 65.6 43.7 7.0 FASTST M M 3 MAX(MPH)
MISC ----> 32 360 # 47 220
================================================================================
NOTES:
# LAST OF SEVERAL OCCURRENCES
COLUMN 17 PEAK WIND IN M.P.H.
PRELIMINARY LOCAL CLIMATOLOGICAL DATA (WS FORM: F-6) , PAGE 2
STATION: VACAVILLE
MONTH: MARCH
YEAR: 2024
LATITUDE: 38 22 N
LONGITUDE: 121-58 E
[TEMPERATURE DATA] [PRECIPITATION DATA] SYMBOLS USED IN COLUMN 16
AVERAGE MONTHLY: 54.7 TOTAL FOR MONTH: 3.11 1 = FOG OR MIST
DPTR FM NORMAL: -0.6 DPTR FM NORMAL: -0.58 2 = FOG REDUCING VISIBILITY
HIGHEST: 77 ON 19 GRTST 24HR 1.13 ON 1- 2 TO 1/4 MILE OR LESS
LOWEST: 38 ON 8, 4 3 = THUNDER
SNOW, ICE PELLETS, HAIL 4 = ICE PELLETS
TOTAL MONTH: 0.0 INCH 5 = HAIL
GRTST 24HR 0.0 6 = FREEZING RAIN OR DRIZZLE
GRTST DEPTH: M ON M 7 = DUSTSTORM OR SANDSTORM:
VSBY 1/2 MILE OR LESS
8 = SMOKE OR HAZE
[NO. OF DAYS WITH] [WEATHER - DAYS WITH] 9 = BLOWING SNOW
X = TORNADO
MAX 32 OR BELOW: 0 0.01 INCH OR MORE: 13
MAX 90 OR ABOVE: 0 0.10 INCH OR MORE: 8
MIN 32 OR BELOW: 0 0.50 INCH OR MORE: 1
MIN 0 OR BELOW: 0 1.00 INCH OR MORE: 1
[HDD (BASE 65) ]
TOTAL THIS MO. 315 CLEAR (SCALE 0-3) 14
DPTR FM NORMAL 14 PTCLDY (SCALE 4-7) 16
TOTAL FM JUL 1 1953 CLOUDY (SCALE 8-10) 1
DPTR FM NORMAL -231
[CDD (BASE 65) ]
TOTAL THIS MO. 0
DPTR FM NORMAL -2 [PRESSURE DATA]
TOTAL FM JAN 1 0 HIGHEST SLP 30.24 ON 13
DPTR FM NORMAL -2 LOWEST SLP 29.60 ON 29
[REMARKS]
#FINAL-03-24#