000
CXUS54 KCRP 011210
CF6VCT
PRELIMINARY LOCAL CLIMATOLOGICAL DATA (WS FORM: F-6)
STATION: VICTORIA
MONTH: SEPTEMBER
YEAR: 2022
LATITUDE: 28 51 N
LONGITUDE: 96 55 W
TEMPERATURE IN F: :PCPN: SNOW: WIND :SUNSHINE: SKY :PK WND
================================================================================
1 2 3 4 5 6A 6B 7 8 9 10 11 12 13 14 15 16 17 18
12Z AVG MX 2MIN
DY MAX MIN AVG DEP HDD CDD WTR SNW DPTH SPD SPD DIR MIN PSBL S-S WX SPD DR
================================================================================
1 93 76 85 2 0 20 0.00 0.0 0 6.6 15 120 M M 1 1 21 130
2 93 73 83 0 0 18 T 0.0 0 4.9 16 100 M M 1 1 22 110
3 91 75 83 0 0 18 0.51 0.0 0 5.4 21 60 M M 4 1 31 60
4 80 73 77 -6 0 12 0.06 0.0 0 4.5 10 250 M M 5 1 13 250
5 86 72 79 -3 0 14 0.00 0.0 0 4.5 14 160 M M 2 1 18 160
6 89 71 80 -2 0 15 0.00 0.0 0 6.0 16 140 M M 2 1 22 100
7 93 72 83 1 0 18 0.00 0.0 0 4.1 10 130 M M 1 15 140
8 91 72 82 0 0 17 0.05 0.0 0 4.2 22 80 M M 2 13 31 70
9 92 70 81 -1 0 16 0.00 0.0 0 5.2 15 150 M M 4 1 19 150
10 94 70 82 0 0 17 0.00 0.0 0 4.7 13 120 M M 2 1 16 130
11 96 69 83 2 0 18 0.12 0.0 0 4.5 21 10 M M 2 18 25 10
12 93 69 81 0 0 16 0.00 0.0 0 5.4 12 50 M M 0 1 18 50
13 92 72 82 1 0 17 0.00 0.0 0 5.3 21 160 M M 2 138 26 150
14 92 69 81 0 0 16 0.00 0.0 0 7.5 15 70 M M 1 1 22 60
15 95 72 84 4 0 19 0.00 0.0 0 8.0 20 90 M M 2 1 28 80
16 93 73 83 3 0 18 0.03 0.0 0 5.1 15 140 M M 2 13 20 140
17 93 73 83 3 0 18 0.01 0.0 0 6.3 17 100 M M 2 138 24 100
18 96 72 84 4 0 19 0.00 0.0 0 5.4 14 140 M M 2 12 20 140
19 95 73 84 4 0 19 0.01 0.0 0 6.9 16 130 M M 2 18 21 140
20 95 73 84 4 0 19 0.16 0.0 0 5.9 22 140 M M 3 1 31 150
21 95 70 83 4 0 18 0.00 0.0 0 4.6 10 130 M M 1 1 17 50
22 98 67 83 4 0 18 0.00 0.0 0 4.2 10 170 M M 0 1 14 360
23 98 70 84 5 0 19 0.00 0.0 0 5.9 17 130 M M 1 1 23 130
24 92 69 81 2 0 16 0.06 0.0 0 6.6 22 170 M M 3 18 29 170
25 96 73 85 7 0 20 T 0.0 0 3.8 22 50 M M 3 13 29 40
26 100 70 85 7 0 20 0.00 0.0 0 8.1 16 10 M M 1 18 26 10
27 92 59 76 -2 0 11 0.00 0.0 0 8.3 18 80 M M 0 28 80
28 91 57 74 -4 0 9 0.00 0.0 0 7.7 18 70 M M 0 26 70
29 91 58 75 -3 0 10 0.00 0.0 0 5.2 10 30 M M 0 16 30
30 90 57 74 -3 0 9 0.00 0.0 M 5.9 13 70 M M 0 16 360
================================================================================
SM 2785 2089 0 494 1.01 0.0 170.7 M 51
================================================================================
AV 92.8 69.6 5.7 FASTST M M 2 MAX(MPH)
MISC ----> # 22 80 # 31 60
================================================================================
NOTES:
# LAST OF SEVERAL OCCURRENCES
COLUMN 17 PEAK WIND IN M.P.H.
PRELIMINARY LOCAL CLIMATOLOGICAL DATA (WS FORM: F-6) , PAGE 2
STATION: VICTORIA
MONTH: SEPTEMBER
YEAR: 2022
LATITUDE: 28 51 N
LONGITUDE: 96 55 W
[TEMPERATURE DATA] [PRECIPITATION DATA] SYMBOLS USED IN COLUMN 16
AVERAGE MONTHLY: 81.2 TOTAL FOR MONTH: 1.01 1 = FOG OR MIST
DPTR FM NORMAL: 0.8 DPTR FM NORMAL: -3.52 2 = FOG REDUCING VISIBILITY
HIGHEST: 100 ON 26 GRTST 24HR 0.57 ON 3- 4 TO 1/4 MILE OR LESS
LOWEST: 57 ON 30,28 3 = THUNDER
SNOW, ICE PELLETS, HAIL 4 = ICE PELLETS
TOTAL MONTH: 0.0 INCH 5 = HAIL
GRTST 24HR 0.0 6 = FREEZING RAIN OR DRIZZLE
GRTST DEPTH: 0 7 = DUSTSTORM OR SANDSTORM:
VSBY 1/2 MILE OR LESS
8 = SMOKE OR HAZE
[NO. OF DAYS WITH] [WEATHER - DAYS WITH] 9 = BLOWING SNOW
X = TORNADO
MAX 32 OR BELOW: 0 0.01 INCH OR MORE: 9
MAX 90 OR ABOVE: 27 0.10 INCH OR MORE: 3
MIN 32 OR BELOW: 0 0.50 INCH OR MORE: 1
MIN 0 OR BELOW: 0 1.00 INCH OR MORE: 0
[HDD (BASE 65) ]
TOTAL THIS MO. 0 CLEAR (SCALE 0-3) 26
DPTR FM NORMAL 0 PTCLDY (SCALE 4-7) 4
TOTAL FM JUL 1 0 CLOUDY (SCALE 8-10) 0
DPTR FM NORMAL 0
[CDD (BASE 65) ]
TOTAL THIS MO. 494
DPTR FM NORMAL 33 [PRESSURE DATA]
TOTAL FM JAN 1 3396 HIGHEST SLP 30.24 ON 28
DPTR FM NORMAL 473 LOWEST SLP 29.71 ON 9
[REMARKS]
#FINAL-09-22#