000
CXUS53 KSGF 010710
CF6VIH
PRELIMINARY LOCAL CLIMATOLOGICAL DATA (WS FORM: F-6)
STATION: VICHY-ROLLA MO
MONTH: JULY
YEAR: 2023
LATITUDE: 38 7 N
LONGITUDE: 91 46 W
TEMPERATURE IN F: :PCPN: SNOW: WIND :SUNSHINE: SKY :PK WND
================================================================================
1 2 3 4 5 6A 6B 7 8 9 10 11 12 13 14 15 16 17 18
12Z AVG MX 2MIN
DY MAX MIN AVG DEP HDD CDD WTR SNW DPTH SPD SPD DIR MIN PSBL S-S WX SPD DR
================================================================================
1 95 68 82 6 0 17 0.37 M M 7.7 29 130 M M 4 13 47 180
2 84 65 75 -1 0 10 0.01 M M 7.9 20 250 M M 4 28 250
3 91 65 78 1 0 13 0.14 M M 5.5 16 270 M M 2 20 270
4 96 71 84 7 0 19 0.00 M M 8.2 26 190 M M 2 3 34 190
5 92 70 81 4 0 16 0.03 M M 8.3 18 240 M M 2 8 25 240
6 87 65 76 -1 0 11 0.00 M M 6.7 13 340 M M 0 19 280
7 88 64 76 -1 0 11 0.84 M M 8.1 18 300 M M 2 13 24 310
8 79 66 73 -4 0 8 0.00 M M 7.5 14 10 M M 8 20 320
9 83 59 71 -6 0 6 0.00 M M 4.2 13 40 M M 2 17 40
10 89 60 75 -2 0 10 0.00 M M 7.8 14 200 M M 0 20 270
11 92 67 80 3 0 15 0.00 M M 10.2 17 210 M M 0 23 170
12 95 68 82 5 0 17 0.28 M M 11.5 25 50 M M 1 13 38 50
13 92 70 81 3 0 16 0.03 M M 6.8 20 220 M M 4 13 27 110
14 96 69 83 5 0 18 0.09 M M 7.4 24 330 M M 1 3 38 310
15 91 66 79 1 0 14 0.00 M M 7.4 16 330 M M 2 27 330
16 93 66 80 2 0 15 T M M 8.6 29 300 M M 1 13 38 310
17 88 64 76 -2 0 11 0.09 M M 6.9 23 220 M M 3 138 30 220
18 78 64 71 -7 0 6 M M M 6.1 26 290 M M 4 13 42 270
19 86 72 79 1 0 14 0.19 M M 8.6 17 110 M M 5 13 24 110
20 90 69 80 2 0 15 0.66 M M 6.7 36 240 M M 3 13 47 240
21 78 63 71 -7 0 6 T M M 3.8 10 320 M M 2 14 330
22 84 60 72 -6 0 7 0.00 M M 4.9 13 320 M M 2 19 350
23 89 65 77 -1 0 12 0.20 M M 7.7 14 210 M M 1 13 21 240
24 83 67 75 -3 0 10 0.59 M M 8.7 23 280 M M 2 138 36 250
25 90 72 81 3 0 16 T M M 10.3 20 200 M M 1 29 190
26 91 78 85 7 0 20 T M M 14.2 25 220 M M 0 35 220
27 95 73 84 6 0 19 0.00 M M 10.2 17 240 M M 0 26 240
28 94 76 85 7 0 20 0.00 M M 10.7 17 230 M M 0 24 210
29 92 69 81 3 0 16 0.47 M M 9.3 23 300 M M 1 13 33 310
30 89 68 79 1 0 14 0.00 M M 4.4 10 170 M M 3 12 15 100
31 82 71 77 -1 0 12 T M M 6.6 13 90 M M 3 16 90
================================================================================
SM 2752 2090 0 414 3.99 M 242.9 M 65
================================================================================
AV 88.8 67.4 7.8 FASTST M M 2 MAX(MPH)
MISC ----> 36 240 # 47 180
================================================================================
NOTES:
# LAST OF SEVERAL OCCURRENCES
COLUMN 17 PEAK WIND IN M.P.H.
PRELIMINARY LOCAL CLIMATOLOGICAL DATA (WS FORM: F-6) , PAGE 2
STATION: VICHY-ROLLA MO
MONTH: JULY
YEAR: 2023
LATITUDE: 38 7 N
LONGITUDE: 91 46 W
[TEMPERATURE DATA] [PRECIPITATION DATA] SYMBOLS USED IN COLUMN 16
AVERAGE MONTHLY: 78.1 TOTAL FOR MONTH: 3.99 1 = FOG OR MIST
DPTR FM NORMAL: 0.7 DPTR FM NORMAL: -0.44 2 = FOG REDUCING VISIBILITY
HIGHEST: 96 ON 14, 4 GRTST 24HR 0.84 ON 7- 7 TO 1/4 MILE OR LESS
LOWEST: 59 ON 9 3 = THUNDER
SNOW, ICE PELLETS, HAIL 4 = ICE PELLETS
TOTAL MONTH: M 5 = HAIL
GRTST 24HR M ON M 6 = FREEZING RAIN OR DRIZZLE
GRTST DEPTH: M ON M 7 = DUSTSTORM OR SANDSTORM:
VSBY 1/2 MILE OR LESS
8 = SMOKE OR HAZE
[NO. OF DAYS WITH] [WEATHER - DAYS WITH] 9 = BLOWING SNOW
X = TORNADO
MAX 32 OR BELOW: 0 0.01 INCH OR MORE: 14
MAX 90 OR ABOVE: 16 0.10 INCH OR MORE: 9
MIN 32 OR BELOW: 0 0.50 INCH OR MORE: 3
MIN 0 OR BELOW: 0 1.00 INCH OR MORE: 0
[HDD (BASE 65) ]
TOTAL THIS MO. 0 CLEAR (SCALE 0-3) 22
DPTR FM NORMAL 0 PTCLDY (SCALE 4-7) 9
TOTAL FM JUL 1 0 CLOUDY (SCALE 8-10) 0
DPTR FM NORMAL 0
[CDD (BASE 65) ]
TOTAL THIS MO. 414
DPTR FM NORMAL 28 [PRESSURE DATA]
TOTAL FM JAN 1 853 HIGHEST SLP M ON M
DPTR FM NORMAL 88 LOWEST SLP 29.73 ON 12
[REMARKS]
#FINAL-07-23#