000
CXUS52 KTAE 010800
CF6VLD
PRELIMINARY LOCAL CLIMATOLOGICAL DATA (WS FORM: F-6)
STATION: VALDOSTA
MONTH: MAY
YEAR: 2021
LATITUDE: 30 46 N
LONGITUDE: 83 17 W
TEMPERATURE IN F: :PCPN: SNOW: WIND :SUNSHINE: SKY :PK WND
================================================================================
1 2 3 4 5 6A 6B 7 8 9 10 11 12 13 14 15 16 17 18
12Z AVG MX 2MIN
DY MAX MIN AVG DEP HDD CDD WTR SNW DPTH SPD SPD DIR MIN PSBL S-S WX SPD DR
================================================================================
1 86 54 70 0 0 5 0.00 0.0 M 4.2 12 40 M M 0 16 30
2 87 62 75 5 0 10 0.00 0.0 M 4.9 15 170 M M 2 18 170
3 89 68 79 9 0 14 0.00 0.0 M 7.0 21 200 M M 4 18 25 220
4 90 66 78 7 0 13 0.08 0.0 M 6.1 18 180 M M 4 18 30 360
5 86 65 76 5 0 11 0.01 0.0 M 3.1 16 190 M M 3 1 23 200
6 85 59 72 1 0 7 0.02 0.0 0 1.6 8 290 M M 4 1 15 320
7 81 50 66 -5 0 1 0.00 0.0 0 2.6 14 360 M M 0 21 310
8 81 45 63 -9 2 0 0.00 0.0 0 1.6 12 10 M M 0 14 90
9 89 52 71 -1 0 6 0.00 0.0 0 5.5 17 170 M M 1 24 180
10 82 61 72 0 0 7 T 0.0 0 2.7 10 200 M M 4 1 14 210
11 88 63 76 4 0 11 0.15 0.0 0 1.9 12 180 M M 4 13 17 210
12 80 59 70 -2 0 5 0.01 M M 4.4 20 10 M M 6 12 23 30
13 70 53 62 -11 3 0 0.24 M M 6.8 15 20 M M 9 1 19 30
14 80 48 64 -9 1 0 0.00 M M 5.8 16 20 M M 0 1 21 20
15 81 47 64 -9 1 0 0.00 M M 4.6 15 50 M M 0 21 70
16 82 47 65 -8 0 0 0.00 0.0 0 4.0 14 160 M M 1 17 80
17 86 53 70 -4 0 5 0.00 0.0 0 5.8 15 120 M M 1 1 21 130
18 88 61 75 1 0 10 0.00 0.0 0 7.4 18 90 M M 1 25 100
19 86 65 76 2 0 11 0.00 0.0 0 8.3 18 130 M M 2 26 90
20 86 63 75 1 0 10 0.00 0.0 M 9.3 18 80 M M 1 28 130
21 88 63 76 2 0 11 0.00 0.0 0 7.8 18 110 M M 2 26 110
22 88 65 77 2 0 12 0.00 0.0 M 5.9 14 110 M M 4 1 20 90
23 89 57 73 -2 0 8 0.00 0.0 M 1.6 10 20 M M 1 15 10
24 93 60 77 2 0 12 0.00 0.0 0 2.3 9 150 M M 1 14 190
25 94 63 79 4 0 14 0.00 0.0 0 3.0 15 170 M M 1 22 180
26 94 64 79 3 0 14 0.00 0.0 0 2.0 9 180 M M 1 1 16 230
27 94 65 80 4 0 15 0.00 0.0 0 1.6 12 190 M M 2 18 17 180
28 93 63 78 2 0 13 0.00 0.0 0 3.6 15 190 M M 1 18 23 180
29 94 65 80 4 0 15 T 0.0 M 2.9 12 210 M M 1 1 17 200
30 88 58 73 -3 0 8 0.00 0.0 0 2.5 13 360 M M 0 18 360
31 89 64 77 0 0 12 0.00 0.0 0 6.3 14 120 M M 1 18 100
================================================================================
SM 2687 1828 7 260 0.51 0.0 137.1 M 62
================================================================================
AV 86.7 59.0 4.4 FASTST M M 2 MAX(MPH)
MISC ----> 21 200 30 360
================================================================================
NOTES:
# LAST OF SEVERAL OCCURRENCES
COLUMN 17 PEAK WIND IN M.P.H.
PRELIMINARY LOCAL CLIMATOLOGICAL DATA (WS FORM: F-6) , PAGE 2
STATION: VALDOSTA
MONTH: MAY
YEAR: 2021
LATITUDE: 30 46 N
LONGITUDE: 83 17 W
[TEMPERATURE DATA] [PRECIPITATION DATA] SYMBOLS USED IN COLUMN 16
AVERAGE MONTHLY: 72.8 TOTAL FOR MONTH: 0.51 1 = FOG OR MIST
DPTR FM NORMAL: -0.6 DPTR FM NORMAL: -2.33 2 = FOG REDUCING VISIBILITY
HIGHEST: 94 ON 29,27 GRTST 24HR 0.25 ON 12-13 TO 1/4 MILE OR LESS
LOWEST: 45 ON 8 3 = THUNDER
SNOW, ICE PELLETS, HAIL 4 = ICE PELLETS
TOTAL MONTH: 0.0 INCH 5 = HAIL
GRTST 24HR 0.0 6 = FREEZING RAIN OR DRIZZLE
GRTST DEPTH: 0 7 = DUSTSTORM OR SANDSTORM:
VSBY 1/2 MILE OR LESS
8 = SMOKE OR HAZE
[NO. OF DAYS WITH] [WEATHER - DAYS WITH] 9 = BLOWING SNOW
X = TORNADO
MAX 32 OR BELOW: 0 0.01 INCH OR MORE: 6
MAX 90 OR ABOVE: 7 0.10 INCH OR MORE: 2
MIN 32 OR BELOW: 0 0.50 INCH OR MORE: 0
MIN 0 OR BELOW: 0 1.00 INCH OR MORE: 0
[HDD (BASE 65) ]
TOTAL THIS MO. 7 CLEAR (SCALE 0-3) 23
DPTR FM NORMAL 0 PTCLDY (SCALE 4-7) 7
TOTAL FM JUL 1 1335 CLOUDY (SCALE 8-10) 1
DPTR FM NORMAL -309
[CDD (BASE 65) ]
TOTAL THIS MO. 260
DPTR FM NORMAL -6 [PRESSURE DATA]
TOTAL FM JAN 1 497 HIGHEST SLP 30.39 ON 21
DPTR FM NORMAL 78 LOWEST SLP 29.85 ON 29
[REMARKS]
#FINAL-05-21#