000
CXUS52 KMLB 010633
CF6VRB
PRELIMINARY LOCAL CLIMATOLOGICAL DATA (WS FORM: F-6)
STATION: VERO BEACH
MONTH: JULY
YEAR: 2023
LATITUDE: 27 39 N
LONGITUDE: 80 25 W
TEMPERATURE IN F: :PCPN: SNOW: WIND :SUNSHINE: SKY :PK WND
================================================================================
1 2 3 4 5 6A 6B 7 8 9 10 11 12 13 14 15 16 17 18
12Z AVG MX 2MIN
DY MAX MIN AVG DEP HDD CDD WTR SNW DPTH SPD SPD DIR MIN PSBL S-S WX SPD DR
================================================================================
1 89 72 81 -1 0 16 0.00 0.0 0 6.0 18 60 M M 1 25 50
2 91 73 82 0 0 17 0.00 0.0 0 6.2 16 60 M M 2 1 22 80
3 93 73 83 1 0 18 0.00 0.0 0 5.9 15 130 M M 0 19 110
4 92 74 83 1 0 18 0.00 0.0 0 6.2 14 120 M M 1 123 18 130
5 92 75 84 2 0 19 0.00 0.0 0 4.0 13 100 M M 1 138 19 70
6 95 75 85 3 0 20 0.24 0.0 0 5.7 26 270 M M 2 138 33 270
7 96 75 86 4 0 21 1.25 0.0 0 7.0 36 230 M M 3 1238 47 230
8 94 76 85 3 0 20 T 0.0 0 8.2 21 320 M M 2 13 31 280
9 96 76 86 4 0 21 0.11 0.0 0 7.4 30 230 M M 2 138 47 230
10 96 77 87 5 0 22 0.02 0.0 0 7.0 21 330 M M 2 13 24 340
11 95 75 85 3 0 20 0.00 0.0 0 4.4 20 300 M M 2 3 27 250
12 92 77 85 3 0 20 0.00 0.0 0 4.6 12 120 M M 1 1 15 60
13 92 76 84 2 0 19 0.17 0.0 0 5.5 21 340 M M 4 13 29 190
14 92 74 83 1 0 18 0.32 0.0 0 4.4 30 140 M M 2 138 35 140
15 93 75 84 2 0 19 0.12 0.0 0 4.3 25 260 M M 1 13 30 180
16 95 75 85 3 0 20 0.18 0.0 0 5.4 21 210 M M 1 13 27 330
17 92 72 82 0 0 17 1.40 0.0 0 6.2 24 340 M M 2 13 33 330
18 93 74 84 2 0 19 0.50 0.0 0 4.6 21 210 M M 3 13 28 200
19 91 74 83 1 0 18 0.00 0.0 0 5.7 18 120 M M 1 3 24 130
20 92 76 84 2 0 19 0.00 0.0 0 5.7 17 120 M M 2 13 23 130
21 96 77 87 5 0 22 0.00 0.0 0 6.3 17 190 M M 1 13 25 180
22 96 75 86 4 0 21 0.73 0.0 0 8.1 21 360 M M 2 13 28 10
23 96 75 86 4 0 21 0.01 0.0 0 6.6 21 130 M M 2 13 27 140
24 93 73 83 1 0 18 T 0.0 0 4.2 23 250 M M 1 3 31 260
25 91 73 82 0 0 17 0.08 0.0 0 4.5 31 320 M M 1 13 41 310
26 90 73 82 0 0 17 T 0.0 0 5.2 14 70 M M 0 19 50
27 88 75 82 0 0 17 0.10 0.0 0 4.6 18 100 M M 2 13 26 90
28 90 74 82 0 0 17 2.29 0.0 0 4.6 24 230 M M 3 123 31 220
29 91 75 83 1 0 18 0.74 0.0 0 5.2 18 230 M M 2 138 24 220
30 93 78 86 4 0 21 0.46 0.0 0 4.2 15 120 M M 3 138 21 110
31 92 71 82 0 0 17 3.23 0.0 0 5.3 33 310 M M 3 123 45 320
================================================================================
SM 2877 2313 0 587 11.95 0.0 173.2 M 55
================================================================================
AV 92.8 74.6 5.6 FASTST M M 2 MAX(MPH)
MISC ----> 36 230 # 47 230
================================================================================
NOTES:
# LAST OF SEVERAL OCCURRENCES
COLUMN 17 PEAK WIND IN M.P.H.
PRELIMINARY LOCAL CLIMATOLOGICAL DATA (WS FORM: F-6) , PAGE 2
STATION: VERO BEACH
MONTH: JULY
YEAR: 2023
LATITUDE: 27 39 N
LONGITUDE: 80 25 W
[TEMPERATURE DATA] [PRECIPITATION DATA] SYMBOLS USED IN COLUMN 16
AVERAGE MONTHLY: 83.7 TOTAL FOR MONTH: 11.95 1 = FOG OR MIST
DPTR FM NORMAL: 1.8 DPTR FM NORMAL: 6.27 2 = FOG REDUCING VISIBILITY
HIGHEST: 96 ON 23,22 GRTST 24HR 3.23 ON 31-31 TO 1/4 MILE OR LESS
LOWEST: 71 ON 31 3 = THUNDER
SNOW, ICE PELLETS, HAIL 4 = ICE PELLETS
TOTAL MONTH: 0.0 INCH 5 = HAIL
GRTST 24HR 0.0 6 = FREEZING RAIN OR DRIZZLE
GRTST DEPTH: 0 7 = DUSTSTORM OR SANDSTORM:
VSBY 1/2 MILE OR LESS
8 = SMOKE OR HAZE
[NO. OF DAYS WITH] [WEATHER - DAYS WITH] 9 = BLOWING SNOW
X = TORNADO
MAX 32 OR BELOW: 0 0.01 INCH OR MORE: 18
MAX 90 OR ABOVE: 29 0.10 INCH OR MORE: 15
MIN 32 OR BELOW: 0 0.50 INCH OR MORE: 7
MIN 0 OR BELOW: 0 1.00 INCH OR MORE: 4
[HDD (BASE 65) ]
TOTAL THIS MO. 0 CLEAR (SCALE 0-3) 28
DPTR FM NORMAL 0 PTCLDY (SCALE 4-7) 3
TOTAL FM JUL 1 0 CLOUDY (SCALE 8-10) 0
DPTR FM NORMAL 0
[CDD (BASE 65) ]
TOTAL THIS MO. 587
DPTR FM NORMAL 63 [PRESSURE DATA]
TOTAL FM JAN 1 2308 HIGHEST SLP M ON M
DPTR FM NORMAL 431 LOWEST SLP 29.91 ON 7
[REMARKS]
#FINAL-07-23#