000
CXUS52 KMLB 011342
CLMVRB
CLIMATE REPORT
NATIONAL WEATHER SERVICE MELBOURNE FL
942 AM EDT TUE AUG 01 2023
...................................
...THE VERO BEACH CLIMATE SUMMARY FOR THE MONTH OF JULY 2023...
CLIMATE NORMAL PERIOD 1991 TO 2020
CLIMATE RECORD PERIOD 1942 TO 2023
WEATHER OBSERVED NORMAL DEPART LAST YEAR`S
VALUE DATE(S) VALUE FROM VALUE
NORMAL
..............................................................
TEMPERATURE (F)
MONTHLY RECORD
WARMEST 83.7 2005
COOLEST 79.1 1974
DAILY RECORD
HIGH 99 07/01/1998
07/15/1981
07/16/1972
LOW 62 07/01/1981
JULY 2023
HIGHEST 96 07/21 97
07/22
07/23
LOWEST 71 07/31 70
AVG. MAXIMUM 92.8 90.5 2.3 91.9
AVG. MINIMUM 74.6 73.3 1.3 73.8
MEAN 83.7 81.9 1.8 82.9
DAYS MAX >= 90 29 20.3 8.7 31
DAYS MAX <= 32 0 0.0 0.0 0
DAYS MIN <= 32 0 0.0 0.0 0
DAYS MIN <= 0 0 0.0 0.0 0
PRECIPITATION (INCHES)
MONTHLY RECORD
MAXIMUM 14.29 2020
MINIMUM 0.61 2016
DAILY RECORD
MAXIMUM 4.21 07/08/2000
JULY 2023
TOTALS 11.95 5.68 6.27 3.46
DAYS >= .01 18 13.0 5.0 10
DAYS >= .10 15 8.7 6.3 6
DAYS >= .50 7 3.7 3.3 2
DAYS >= 1.00 4 1.7 2.3 1
GREATEST
24 HR. TOTAL 3.23 07/31 TO 07/31
SNOWFALL (INCHES)
TOTALS 0.0 0.0 0.0 0.0
SINCE 7/1 0.0 0.0 0.0 MM
DAYS >= TRACE 0 0
DEGREE DAYS
HEATING TOTAL 0 0 0 0
SINCE 7/1 0 0 0 MM
COOLING TOTAL 587 524 63 561
SINCE 1/1 2308 1877 431 MM
..............................................................
WIND (MPH)
AVERAGE WIND SPEED 5.6
HIGHEST WIND SPEED/DIRECTION 36/230 DATE 07/07
HIGHEST GUST SPEED/DIRECTION 47/230 DATE 07/07
47/230 07/09
SKY COVER
POSSIBLE SUNSHINE (PERCENT) MM
AVERAGE SKY COVER 0.17
NUMBER OF DAYS FAIR 31
NUMBER OF DAYS PC 0
NUMBER OF DAYS CLOUDY 0
AVERAGE RH (PERCENT) 76
WEATHER CONDITIONS. NUMBER OF DAYS WITH
THUNDERSTORM 26 MIXED PRECIP 0
HEAVY RAIN 12 RAIN 9
LIGHT RAIN 19 LT FREEZING RAIN 0
HAIL 0 LIGHT SNOW 0
SLEET 0 FOG 25
FOG W/VIS <= 1/4 MILE 4 HAZE 7
- INDICATES NEGATIVE NUMBERS.
R INDICATES RECORD WAS SET OR TIED.
MM INDICATES DATA IS MISSING.
T INDICATES TRACE AMOUNT.
$$