000
CXUS51 KBTV 010700
CF6VSF
PRELIMINARY LOCAL CLIMATOLOGICAL DATA (WS FORM: F-6)
STATION: SPRINGFIELD VT
MONTH: APRIL
YEAR: 2023
LATITUDE: 43 19 N
LONGITUDE: 72 31 W
TEMPERATURE IN F: :PCPN: SNOW: WIND :SUNSHINE: SKY :PK WND
================================================================================
1 2 3 4 5 6A 6B 7 8 9 10 11 12 13 14 15 16 17 18
12Z AVG MX 2MIN
DY MAX MIN AVG DEP HDD CDD WTR SNW DPTH SPD SPD DIR MIN PSBL S-S WX SPD DR
================================================================================
1 57 35 46 9 19 0 0.30 M M 2.5 15 310 M M 8 1 23 220
2 49 25 37 -1 28 0 T M M 8.8 22 290 M M 4 32 290
3 59 20 40 2 25 0 T M M 6.3 21 160 M M 3 28 180
4 47 40 44 5 21 0 0.17 M M 0.3 6 170 M M 10 1 9 40
5 45 35 40 1 25 0 0.47 M M 4.7 16 160 M M 10 1 23 170
6 64 36 50 10 15 0 0.15 M M 4.9 21 280 M M 9 1 26 270
7 50 32 41 1 24 0 0.00 M M 8.9 29 270 M M 1 41 280
8 47 26 37 -3 28 0 0.00 M M 5.2 20 260 M M 0 26 300
9 54 21 38 -3 27 0 0.00 M M 2.6 15 290 M M 0 20 280
10 65 24 45 4 20 0 0.00 M M 2.2 12 250 M M 0 17 280
11 70 33 52 10 13 0 T M M 7.4 25 280 M M 2 36 290
12 71 45 58 16 7 0 0.00 M M 8.1 26 300 M M 1 43 330
13 87 39 63 20 2 0 0.00 M M 4.0 17 250 M M 0 22 260
14 88 48 68 25 0 3 0.00 M M 2.1 12 270 M M 0 15 300
15 79 53 66 22 0 1 0.00 M M 5.6 15 170 M M 1 22 180
16 73 57 65 21 0 0 0.00 M M 2.4 13 100 M M 9 16 120
17 60 45 53 9 12 0 0.33 M M 2.4 9 150 M M 10 12 12 120
18 49 42 46 1 19 0 0.01 M M 4.4 16 260 M M 9 23 250
19 46 34 40 -5 25 0 T M M 7.0 16 270 M M 10 23 270
20 61 37 49 3 16 0 0.00 M M 4.5 18 270 M M 3 22 290
21 71 39 55 9 10 0 T M M 5.4 15 160 M M 2 21 160
22 62 45 54 7 11 0 0.36 M M 4.7 15 130 M M 9 1 21 120
23 46 43 45 -2 20 0 1.67 M M 3.3 12 60 M M 10 1 17 50
24 53 40 47 -1 18 0 0.09 M M 1.5 12 290 M M 10 1 16 290
25 52 35 44 -4 21 0 0.02 M M 2.3 15 250 M M 8 12 18 250
26 59 34 47 -2 18 0 0.15 M M 2.3 15 150 M M 8 123 21 150
27 61 36 49 0 16 0 0.09 M M 2.7 14 260 M M 6 12 20 260
28 66 31 49 0 16 0 0.00 M M 3.9 13 170 M M 1 12 19 100
29 53 44 49 -1 16 0 0.19 M M 3.9 15 90 M M 8 1 23 100
30 51 44 48 -2 17 0 1.13 M M 6.4 18 90 M M 10 1 26 100
================================================================================
SM 1795 1118 489 4 5.13 M 130.7 M 162
================================================================================
AV 59.8 37.3 4.4 FASTST M M 5 MAX(MPH)
MISC ----> 29 270 43 330
================================================================================
NOTES:
# LAST OF SEVERAL OCCURRENCES
COLUMN 17 PEAK WIND IN M.P.H.
PRELIMINARY LOCAL CLIMATOLOGICAL DATA (WS FORM: F-6) , PAGE 2
STATION: SPRINGFIELD VT
MONTH: APRIL
YEAR: 2023
LATITUDE: 43 19 N
LONGITUDE: 72 31 W
[TEMPERATURE DATA] [PRECIPITATION DATA] SYMBOLS USED IN COLUMN 16
AVERAGE MONTHLY: 48.6 TOTAL FOR MONTH: 5.13 1 = FOG OR MIST
DPTR FM NORMAL: 4.8 DPTR FM NORMAL: 1.78 2 = FOG REDUCING VISIBILITY
HIGHEST: 88 ON 14 GRTST 24HR 2.03 ON 22-23 TO 1/4 MILE OR LESS
LOWEST: 20 ON 3 3 = THUNDER
SNOW, ICE PELLETS, HAIL 4 = ICE PELLETS
TOTAL MONTH: M 5 = HAIL
GRTST 24HR M ON M 6 = FREEZING RAIN OR DRIZZLE
GRTST DEPTH: M ON M 7 = DUSTSTORM OR SANDSTORM:
VSBY 1/2 MILE OR LESS
8 = SMOKE OR HAZE
[NO. OF DAYS WITH] [WEATHER - DAYS WITH] 9 = BLOWING SNOW
X = TORNADO
MAX 32 OR BELOW: 0 0.01 INCH OR MORE: 14
MAX 90 OR ABOVE: 0 0.10 INCH OR MORE: 10
MIN 32 OR BELOW: 7 0.50 INCH OR MORE: 2
MIN 0 OR BELOW: 0 1.00 INCH OR MORE: 2
[HDD (BASE 65) ]
TOTAL THIS MO. 489 CLEAR (SCALE 0-3) 11
DPTR FM NORMAL -148 PTCLDY (SCALE 4-7) 6
TOTAL FM JUL 1 5913 CLOUDY (SCALE 8-10) 13
DPTR FM NORMAL -1120
[CDD (BASE 65) ]
TOTAL THIS MO. 4
DPTR FM NORMAL 3 [PRESSURE DATA]
TOTAL FM JAN 1 4 HIGHEST SLP M ON M
DPTR FM NORMAL 3 LOWEST SLP 29.18 ON 30
[REMARKS]
#FINAL-04-23#