000
CXUS51 KBTV 010700
CF6VSF
PRELIMINARY LOCAL CLIMATOLOGICAL DATA (WS FORM: F-6)
STATION: SPRINGFIELD VT
MONTH: MAY
YEAR: 2021
LATITUDE: 43 19 N
LONGITUDE: 72 31 W
TEMPERATURE IN F: :PCPN: SNOW: WIND :SUNSHINE: SKY :PK WND
================================================================================
1 2 3 4 5 6A 6B 7 8 9 10 11 12 13 14 15 16 17 18
12Z AVG MX 2MIN
DY MAX MIN AVG DEP HDD CDD WTR SNW DPTH SPD SPD DIR MIN PSBL S-S WX SPD DR
================================================================================
1 56 38 47 -4 18 0 T M M 8.2 23 290 M M 5 32 290
2 69 41 55 4 10 0 T M M 5.9 22 250 M M 5 30 270
3 62 48 55 4 10 0 0.01 M M 2.4 10 40 M M 10 14 40
4 56 46 51 -1 14 0 0.23 M M 1.1 7 300 M M 10 1 9 270
5 52 46 49 -3 16 0 1.75 M M 2.0 10 140 M M 10 1 14 160
6 60 40 50 -2 15 0 0.00 M M 6.4 21 270 M M 3 1 29 260
7 62 31 47 -6 18 0 0.00 M M 2.9 13 160 M M 3 18 160
8 57 39 48 -5 17 0 T M M 2.4 12 60 M M 7 15 50
9 61 35 48 -6 17 0 0.00 M M 4.3 16 280 M M 5 22 270
10 62 45 54 0 11 0 0.13 M M 3.1 16 260 M M 10 1 22 270
11 59 37 48 -6 17 0 0.00 M M 8.7 23 260 M M 5 31 240
12 63 43 53 -1 12 0 T M M 6.4 21 290 M M 7 32 280
13 68 37 53 -2 12 0 0.00 M M 3.0 14 280 M M 4 19 310
14 75 34 55 0 10 0 T M M 5.0 22 260 M M 0 30 260
15 76 38 57 2 8 0 0.00 M M 2.0 16 260 M M 1 22 270
16 75 44 60 4 5 0 T M M 2.6 17 280 M M 3 28 350
17 75 39 57 1 8 0 0.00 M M 2.7 13 270 M M 1 1 17 290
18 79 44 62 6 3 0 0.00 M M 5.0 18 280 M M 2 26 290
19 84 46 65 8 0 0 0.00 M M 3.2 13 350 M M 1 23 20
20 84 49 67 10 0 2 0.00 M M 2.8 12 160 M M 0 15 160
21 91 56 74 17 0 9 T M M 1.2 14 250 M M 4 18 250
22 87 61 74 17 0 9 T M M 2.2 16 290 M M 2 24 290
23 81 46 64 6 1 0 0.01 M M 5.6 20 290 M M 3 30 360
24 M 39 M M M M M M M M M M M M 0 12 M M
25 M M M M M M 0.00 M M M M M M M 0 M M
26 91 65 78 20 0 13 0.14 M M 6.4 29 260 M M 3 13 41 270
27 71 51 61 2 4 0 0.00 M M 7.6 17 280 M M 1 23 280
28 53 42 48 -11 17 0 0.27 M M 3.0 10 70 M M 6 1 14 60
29 53 42 48 -11 17 0 0.21 M M 3.0 10 90 M M 10 1 19 60
30 53 45 49 -11 16 0 0.65 M M 2.7 14 80 M M 10 1 20 80
31 61 44 53 -7 12 0 0.18 M M 3.6 14 290 M M 8 128 20 280
================================================================================
SM 1976 1311 288 33 3.58 M 115.3 M 139
================================================================================
AV 68.1 43.7 4.0 FASTST M M 4 MAX(MPH)
MISC ----> 29 260 41 270
================================================================================
NOTES:
# LAST OF SEVERAL OCCURRENCES
COLUMN 17 PEAK WIND IN M.P.H.
PRELIMINARY LOCAL CLIMATOLOGICAL DATA (WS FORM: F-6) , PAGE 2
STATION: SPRINGFIELD VT
MONTH: MAY
YEAR: 2021
LATITUDE: 43 19 N
LONGITUDE: 72 31 W
[TEMPERATURE DATA] [PRECIPITATION DATA] SYMBOLS USED IN COLUMN 16
AVERAGE MONTHLY: 55.9 TOTAL FOR MONTH: 3.58 1 = FOG OR MIST
DPTR FM NORMAL: 0.4 DPTR FM NORMAL: 0.09 2 = FOG REDUCING VISIBILITY
HIGHEST: 91 ON 26,21 GRTST 24HR 1.88 ON 4- 5 TO 1/4 MILE OR LESS
LOWEST: 31 ON 7 3 = THUNDER
SNOW, ICE PELLETS, HAIL 4 = ICE PELLETS
TOTAL MONTH: M 5 = HAIL
GRTST 24HR M ON M 6 = FREEZING RAIN OR DRIZZLE
GRTST DEPTH: M ON M 7 = DUSTSTORM OR SANDSTORM:
VSBY 1/2 MILE OR LESS
8 = SMOKE OR HAZE
[NO. OF DAYS WITH] [WEATHER - DAYS WITH] 9 = BLOWING SNOW
X = TORNADO
MAX 32 OR BELOW: 0 0.01 INCH OR MORE: 10
MAX 90 OR ABOVE: 2 0.10 INCH OR MORE: 8
MIN 32 OR BELOW: 1 0.50 INCH OR MORE: 2
MIN 0 OR BELOW: 0 1.00 INCH OR MORE: 1
[HDD (BASE 65) ]
TOTAL THIS MO. 288 CLEAR (SCALE 0-3) 14
DPTR FM NORMAL -18 PTCLDY (SCALE 4-7) 11
TOTAL FM JUL 1 6844 CLOUDY (SCALE 8-10) 6
DPTR FM NORMAL -495
[CDD (BASE 65) ]
TOTAL THIS MO. 33
DPTR FM NORMAL 20 [PRESSURE DATA]
TOTAL FM JAN 1 33 HIGHEST SLP M ON M
DPTR FM NORMAL 19 LOWEST SLP 29.55 ON 1
[REMARKS]
#FINAL-05-21#