000
CXUS55 KLBF 011510
CF6VTN
PRELIMINARY LOCAL CLIMATOLOGICAL DATA (WS FORM: F-6)
STATION: VALENTINE
MONTH: FEBRUARY
YEAR: 2023
LATITUDE: 42 52 N
LONGITUDE: 100 33 W
TEMPERATURE IN F: :PCPN: SNOW: WIND :SUNSHINE: SKY :PK WND
================================================================================
1 2 3 4 5 6A 6B 7 8 9 10 11 12 13 14 15 16 17 18
12Z AVG MX 2MIN
DY MAX MIN AVG DEP HDD CDD WTR SNW DPTH SPD SPD DIR MIN PSBL S-S WX SPD DR
================================================================================
1 28 0 14 -11 51 0 0.00 0.0 16 11.7 18 230 M M 0 21 260
2 25 0 13 -12 52 0 T T 16 10.1 22 20 M M 4 18 31 20
3 39 -1 19 -6 46 0 0.00 0.0 15 8.3 20 250 M M 1 1 23 260
4 43 20 32 7 33 0 0.00 0.0 15 10.6 24 320 M M 0 35 310
5 42 17 30 4 35 0 0.00 0.0 10 8.7 22 170 M M 0 27 170
6 40 22 31 5 34 0 0.00 0.0 8 11.3 25 310 M M 2 35 310
7 39 19 29 3 36 0 0.00 0.0 5 8.2 12 270 M M 0 16 270
8 39 16 28 2 37 0 0.00 0.0 5 9.2 22 350 M M 1 30 360
9 36 9 23 -3 42 0 T T 5 15.8 29 360 M M 8 1 44 330
10 35 1 18 -8 47 0 0.00 0.0 5 12.1 25 210 M M 0 32 210
11 46 17 32 6 33 0 0.00 0.0 5 7.8 16 240 M M 0 19 240
12 38 25 32 5 33 0 0.00 0.0 5 8.1 14 320 M M 0 21 310
13 43 15 29 2 36 0 0.00 0.0 5 9.4 21 210 M M 0 27 220
14 40 19 30 3 35 0 T T 5 20.9 38 330 M M 6 54 330
15 20 12 16 -11 49 0 T T 5 15.1 38 320 M M 8 54 320
16 31 5 18 -10 47 0 0.00 0.0 4 7.4 13 280 M M 1 16 270
17 40 7 24 -4 41 0 0.00 0.0 4 8.2 20 260 M M 0 26 260
18 47 15 31 3 34 0 0.00 0.0 4 4.8 10 280 M M 0 13 290
19 37 18 28 0 37 0 T T 4 7.0 17 200 M M 3 8 22 180
20 42 24 33 4 32 0 0.00 0.0 3 10.4 23 340 M M 4 30 350
21 41 7 24 -5 41 0 0.02 0.3 3 16.8 31 10 M M 9 1 47 10
22 7 -8 0 -29 65 0 0.35 4.0 4 20.3 28 10 M M 10 1 41 10
23 -1 -14 -7 -37 72 0 0.04 1.5 8 12.7 25 330 M M 4 8 35 320
24 10 -11 0 -30 65 0 0.00 0.0 8 8.4 18 220 M M 4 24 220
25 42 10 26 -4 39 0 0.00 0.0 7 8.4 21 230 M M 0 24 230
26 47 12 30 -1 35 0 0.00 0.0 7 4.6 17 210 M M 0 21 210
27 41 22 32 1 33 0 0.00 0.0 4 11.5 28 320 M M 1 40 310
28 41 22 32 1 33 0 T T 3 12.9 31 170 M M 3 40 260
================================================================================
SM 978 300 1173 0 0.41 5.8 300.7 M 69
================================================================================
AV 34.9 10.7 10.7 FASTST M M 2 MAX(MPH)
MISC ----> # 38 330 # 54 330
================================================================================
NOTES:
# LAST OF SEVERAL OCCURRENCES
COLUMN 17 PEAK WIND IN M.P.H.
PRELIMINARY LOCAL CLIMATOLOGICAL DATA (WS FORM: F-6) , PAGE 2
STATION: VALENTINE
MONTH: FEBRUARY
YEAR: 2023
LATITUDE: 42 52 N
LONGITUDE: 100 33 W
[TEMPERATURE DATA] [PRECIPITATION DATA] SYMBOLS USED IN COLUMN 16
AVERAGE MONTHLY: 22.8 TOTAL FOR MONTH: 0.41 1 = FOG OR MIST
DPTR FM NORMAL: -4.8 DPTR FM NORMAL: -0.20 2 = FOG REDUCING VISIBILITY
HIGHEST: 47 ON 26,18 GRTST 24HR 0.35 ON 22-22 TO 1/4 MILE OR LESS
LOWEST: -14 ON 23 3 = THUNDER
SNOW, ICE PELLETS, HAIL 4 = ICE PELLETS
TOTAL MONTH: 5.8 INCHES 5 = HAIL
GRTST 24HR 4.0 ON 22-22 6 = FREEZING RAIN OR DRIZZLE
GRTST DEPTH: 16 ON 2, 1 7 = DUSTSTORM OR SANDSTORM:
VSBY 1/2 MILE OR LESS
8 = SMOKE OR HAZE
[NO. OF DAYS WITH] [WEATHER - DAYS WITH] 9 = BLOWING SNOW
X = TORNADO
MAX 32 OR BELOW: 7 0.01 INCH OR MORE: 3
MAX 90 OR ABOVE: 0 0.10 INCH OR MORE: 1
MIN 32 OR BELOW: 28 0.50 INCH OR MORE: 0
MIN 0 OR BELOW: 6 1.00 INCH OR MORE: 0
[HDD (BASE 65) ]
TOTAL THIS MO. 1173 CLEAR (SCALE 0-3) 18
DPTR FM NORMAL 125 PTCLDY (SCALE 4-7) 7
TOTAL FM JUL 1 5561 CLOUDY (SCALE 8-10) 3
DPTR FM NORMAL 554
[CDD (BASE 65) ]
TOTAL THIS MO. 0
DPTR FM NORMAL 0 [PRESSURE DATA]
TOTAL FM JAN 1 0 HIGHEST SLP 33.80 ON 24
DPTR FM NORMAL 0 LOWEST SLP 29.20 ON 14
[REMARKS]
#FINAL-02-23#