000
CXUS53 KLBF 011041
CLMVTN
CLIMATE REPORT
NATIONAL WEATHER SERVICE NORTH PLATTE NE
541 AM CDT TUE AUG 01 2023
...................................
...THE VALENTINE CLIMATE SUMMARY FOR THE MONTH OF JULY 2023...
CLIMATE NORMAL PERIOD 1991 TO 2020
CLIMATE RECORD PERIOD 1885 TO 2023
WEATHER OBSERVED NORMAL DEPART LAST YEAR`S
VALUE DATE(S) VALUE FROM VALUE DATE(S)
NORMAL
................................................................
TEMPERATURE (F)
RECORD
HIGH 114 07/02/1990
LOW 38 07/30/1971
HIGHEST 99 07/26 103 -4 108 07/18
LOWEST 45 07/06 47 -2 51 07/12
AVG. MAXIMUM 85.8 90.4 -4.6 93.0
AVG. MINIMUM 59.0 61.0 -2.0 62.1
MEAN 72.4 75.7 -3.3 77.5
DAYS MAX >= 90 10 14.6 -4.6 22
DAYS MAX <= 32 0 0.0 0.0 0
DAYS MIN <= 32 0 0.0 0.0 0
DAYS MIN <= 0 0 0.0 0.0 0
PRECIPITATION (INCHES)
RECORD
MAXIMUM 8.96 1983
MINIMUM 0.04 1936
TOTALS 5.71 2.82 2.89 1.32
DAILY AVG. 0.18 0.09 0.09 0.04
DAYS >= .01 16 9.3 6.7 9
DAYS >= .10 11 5.1 5.9 6
DAYS >= .50 3 1.7 1.3 0
DAYS >= 1.00 2 0.8 1.2 0
GREATEST
24 HR. TOTAL 1.52 07/07 TO 07/07 0.38 07/25 TO 07/26
SNOWFALL (INCHES)
RECORDS
TOTAL 0.0 2002
TOTALS 0.0 0.0 0.0 0.0
SINCE 7/1 0.0 0.0 0.0 MM
SNOWDEPTH AVG. 0 0
DAYS >= 1.0 0 0.0 0.0 0
GREATEST
SNOW DEPTH 0 0 MM
24 HR TOTAL MM
DEGREE DAYS
HEATING TOTAL 11 5 6 0
SINCE 7/1 11 0 11 MM
COOLING TOTAL 246 336 -90 395
SINCE 1/1 460 540 -80 MM
................................................................
WIND (MPH)
AVERAGE WIND SPEED 7.3
HIGHEST WIND SPEED/DIRECTION 45/330 DATE 07/12
HIGHEST GUST SPEED/DIRECTION 71/320 DATE 07/12
SKY COVER
POSSIBLE SUNSHINE (PERCENT) MM
AVERAGE SKY COVER 0.20
NUMBER OF DAYS FAIR 23
NUMBER OF DAYS PC 7
NUMBER OF DAYS CLOUDY 1
AVERAGE RH (PERCENT) 67
WEATHER CONDITIONS. NUMBER OF DAYS WITH
THUNDERSTORM 17 MIXED PRECIP 0
HEAVY RAIN 9 RAIN 12
LIGHT RAIN 15 FREEZING RAIN 0
LT FREEZING RAIN 0 HAIL 0
HEAVY SNOW 0 SNOW 0
LIGHT SNOW 0 SLEET 0
FOG 15 FOG W/VIS <= 1/4 MILE 2
HAZE 9
- INDICATES NEGATIVE NUMBERS.
R INDICATES RECORD WAS SET OR TIED.
MM INDICATES DATA IS MISSING.
T INDICATES TRACE AMOUNT.
$$