000
CXUS56 KPQR 011155
CF6VUO
PRELIMINARY LOCAL CLIMATOLOGICAL DATA (WS FORM: F-6)
STATION: VANCOUVER WA
MONTH: MARCH
YEAR: 2021
LATITUDE: 45 37 N
LONGITUDE: 122 39 W
TEMPERATURE IN F: :PCPN: SNOW: WIND :SUNSHINE: SKY :PK WND
================================================================================
1 2 3 4 5 6A 6B 7 8 9 10 11 12 13 14 15 16 17 18
12Z AVG MX 2MIN
DY MAX MIN AVG DEP HDD CDD WTR SNW DPTH SPD SPD DIR MIN PSBL S-S WX SPD DR
================================================================================
1 60 35 48 3 17 0 0.00 M M 1.9 8 120 M M 0 18 11 130
2 54 34 44 -2 21 0 0.00 M M 2.9 10 290 M M 3 18 14 280
3 61 30 46 0 19 0 0.00 M M 1.5 6 340 M M 2 128 11 240
4 59 34 47 1 18 0 0.01 M M 5.1 14 120 M M 4 18 17 110
5 51 37 44 -2 21 0 0.10 M M 4.6 14 150 M M 8 128 22 160
6 53 38 46 0 19 0 0.08 M M 4.4 17 190 M M 7 23 200
7 50 34 42 -4 23 0 0.07 M M 6.9 16 210 M M 7 3 26 230
8 53 31 42 -5 23 0 T M M 6.2 15 110 M M 5 18 20 150
9 54 41 48 1 17 0 0.02 M M 6.3 15 80 M M 7 22 90
10 58 41 50 3 15 0 0.00 M M 3.3 14 50 M M 7 8 19 10
11 60 33 47 0 18 0 0.00 M M 2.1 8 290 M M 0 11 290
12 62 31 47 0 18 0 0.00 M M 1.5 9 280 M M 0 12 270
13 64 30 47 -1 18 0 0.00 M M 2.0 9 120 M M 0 12 110
14 51 41 46 -2 19 0 0.16 M M 6.9 17 320 M M 7 24 290
15 47 28 38 -10 27 0 0.00 M M 2.4 14 280 M M 6 17 290
16 54 27 41 -7 24 0 0.00 M M 2.0 10 260 M M 0 18 14 260
17 62 31 47 -1 18 0 0.00 M M 1.2 8 280 M M 0 11 140
18 54 37 46 -2 19 0 0.14 M M 4.6 16 250 M M 7 8 24 230
19 55 46 51 2 14 0 0.04 M M 9.3 18 160 M M 8 29 190
20 53 42 48 -1 17 0 0.14 M M 6.4 17 300 M M 8 26 280
21 50 42 46 -3 19 0 0.17 M M 4.4 13 230 M M 10 19 190
22 54 38 46 -3 19 0 0.17 M M 6.1 16 340 M M 7 18 22 310
23 58 32 45 -4 20 0 0.00 M M 2.2 10 320 M M 2 15 310
24 50 42 46 -3 19 0 0.13 M M 5.1 14 210 M M 9 22 190
25 56 40 48 -2 17 0 0.01 M M 4.6 13 270 M M 9 16 280
26 57 44 51 1 14 0 0.00 M M 1.9 10 340 M M 9 16 330
27 64 38 51 1 14 0 0.00 M M 1.4 10 250 M M 2 12 250
28 52 39 46 -4 19 0 0.14 M M 8.0 28 290 M M 6 38 280
29 54 32 43 -7 22 0 0.05 M M 5.8 21 280 M M 7 8 29 290
30 54 28 41 -9 24 0 0.00 M M 2.6 14 290 M M 3 16 290
31 70 30 50 0 15 0 0.00 M M 2.8 9 240 M M 0 18 12 100
================================================================================
SM 1734 1106 587 0 1.43 M 126.4 M 150
================================================================================
AV 55.9 35.7 4.1 FASTST M M 5 MAX(MPH)
MISC ----> 28 290 38 280
================================================================================
NOTES:
# LAST OF SEVERAL OCCURRENCES
COLUMN 17 PEAK WIND IN M.P.H.
PRELIMINARY LOCAL CLIMATOLOGICAL DATA (WS FORM: F-6) , PAGE 2
STATION: VANCOUVER WA
MONTH: MARCH
YEAR: 2021
LATITUDE: 45 37 N
LONGITUDE: 122 39 W
[TEMPERATURE DATA] [PRECIPITATION DATA] SYMBOLS USED IN COLUMN 16
AVERAGE MONTHLY: 45.8 TOTAL FOR MONTH: 1.43 1 = FOG OR MIST
DPTR FM NORMAL: -2.2 DPTR FM NORMAL: -2.14 2 = FOG REDUCING VISIBILITY
HIGHEST: 70 ON 31 GRTST 24HR 0.34 ON 21-22 TO 1/4 MILE OR LESS
LOWEST: 27 ON 16 3 = THUNDER
SNOW, ICE PELLETS, HAIL 4 = ICE PELLETS
TOTAL MONTH: M 5 = HAIL
GRTST 24HR M ON M 6 = FREEZING RAIN OR DRIZZLE
GRTST DEPTH: M ON M 7 = DUSTSTORM OR SANDSTORM:
VSBY 1/2 MILE OR LESS
8 = SMOKE OR HAZE
[NO. OF DAYS WITH] [WEATHER - DAYS WITH] 9 = BLOWING SNOW
X = TORNADO
MAX 32 OR BELOW: 0 0.01 INCH OR MORE: 15
MAX 90 OR ABOVE: 0 0.10 INCH OR MORE: 8
MIN 32 OR BELOW: 11 0.50 INCH OR MORE: 0
MIN 0 OR BELOW: 0 1.00 INCH OR MORE: 0
[HDD (BASE 65) ]
TOTAL THIS MO. 587 CLEAR (SCALE 0-3) 12
DPTR FM NORMAL 60 PTCLDY (SCALE 4-7) 14
TOTAL FM JUL 1 3458 CLOUDY (SCALE 8-10) 5
DPTR FM NORMAL -184
[CDD (BASE 65) ]
TOTAL THIS MO. 0
DPTR FM NORMAL 0 [PRESSURE DATA]
TOTAL FM JAN 1 0 HIGHEST SLP 30.51 ON 23
DPTR FM NORMAL 0 LOWEST SLP 29.74 ON 3
[REMARKS]
#FINAL-03-21#