000
CXUS56 KPQR 011301
CF6VUO
PRELIMINARY LOCAL CLIMATOLOGICAL DATA (WS FORM: F-6)
STATION: VANCOUVER WA
MONTH: NOVEMBER
YEAR: 2023
LATITUDE: 45 37 N
LONGITUDE: 122 39 W
TEMPERATURE IN F: :PCPN: SNOW: WIND :SUNSHINE: SKY :PK WND
================================================================================
1 2 3 4 5 6A 6B 7 8 9 10 11 12 13 14 15 16 17 18
12Z AVG MX 2MIN
DY MAX MIN AVG DEP HDD CDD WTR SNW DPTH SPD SPD DIR MIN PSBL S-S WX SPD DR
================================================================================
1 54 45 50 0 15 0 0.59 M M 4.4 14 120 M M 9 1 18 120
2 67 49 58 9 7 0 0.06 M M 6.4 15 110 M M 8 1 22 200
3 60 42 51 2 14 0 0.59 M M 3.3 13 110 M M 8 128 16 130
4 67 51 59 10 6 0 0.74 M M 5.4 13 160 M M 7 1 22 170
5 63 53 58 9 7 0 0.75 M M 5.4 13 110 M M 8 1 18 170
6 57 52 55 7 10 0 0.68 M M 9.2 16 150 M M 10 1 27 130
7 58 45 52 4 13 0 0.33 M M 4.7 12 280 M M 9 1 18 200
8 54 36 45 -3 20 0 0.00 M M 1.8 7 310 M M 6 12 13 280
9 52 36 44 -4 21 0 0.12 M M 3.9 16 100 M M 8 12 22 110
10 54 49 52 4 13 0 0.01 M M 4.2 10 180 M M 10 17 170
11 56 50 53 6 12 0 0.16 M M 6.9 17 290 M M 8 1 26 200
12 56 46 51 4 14 0 0.12 M M 5.4 15 120 M M 7 21 110
13 58 39 49 2 16 0 0.02 M M 1.4 6 310 M M 5 1 8 30
14 55 36 46 0 19 0 T M M 2.1 12 310 M M 1 14 330
15 52 43 48 2 17 0 0.03 M M 2.6 9 320 M M 9 1 14 320
16 54 36 45 -1 20 0 0.00 M M 4.0 13 120 M M 6 18 130
17 55 34 45 -1 20 0 0.00 M M 2.0 9 120 M M 3 12 12 130
18 53 36 45 -1 20 0 0.32 M M 4.2 12 120 M M 5 1 16 120
19 55 36 46 1 19 0 0.03 M M 2.5 12 260 M M 6 12 15 270
20 50 37 44 -1 21 0 0.00 M M 1.5 8 290 M M 5 1 10 310
21 55 35 45 0 20 0 0.12 M M 6.2 14 110 M M 2 19 120
22 53 42 48 3 17 0 0.12 M M 4.0 10 300 M M 8 1 14 310
23 52 32 42 -2 23 0 0.00 M M 4.1 10 330 M M 3 16 320
24 51 27 39 -5 26 0 0.00 M M 1.9 8 300 M M 0 11 320
25 51 24 38 -6 27 0 0.00 M M 1.8 8 260 M M 2 12 10 280
26 53 25 39 -5 26 0 0.00 M M 1.6 7 100 M M 1 12 10 110
27 50 23 37 -7 28 0 0.00 M M 2.7 12 120 M M 0 15 140
28 46 24 35 -8 30 0 0.00 M M 2.1 10 140 M M 0 14 120
29 40 24 32 -11 33 0 0.00 M M 0.4 6 300 M M 6 7 300
30 40 34 37 -6 28 0 0.22 M M 4.7 13 110 M M 9 1 16 110
================================================================================
SM 1621 1141 562 0 5.01 M 110.8 M 169
================================================================================
AV 54.0 38.0 3.7 FASTST M M 6 MAX(MPH)
MISC ----> 17 290 27 130
================================================================================
NOTES:
# LAST OF SEVERAL OCCURRENCES
COLUMN 17 PEAK WIND IN M.P.H.
PRELIMINARY LOCAL CLIMATOLOGICAL DATA (WS FORM: F-6) , PAGE 2
STATION: VANCOUVER WA
MONTH: NOVEMBER
YEAR: 2023
LATITUDE: 45 37 N
LONGITUDE: 122 39 W
[TEMPERATURE DATA] [PRECIPITATION DATA] SYMBOLS USED IN COLUMN 16
AVERAGE MONTHLY: 46.0 TOTAL FOR MONTH: 5.01 1 = FOG OR MIST
DPTR FM NORMAL: -0.2 DPTR FM NORMAL: -0.50 2 = FOG REDUCING VISIBILITY
HIGHEST: 67 ON 4, 2 GRTST 24HR 1.32 ON 3- 4 TO 1/4 MILE OR LESS
LOWEST: 23 ON 27 3 = THUNDER
SNOW, ICE PELLETS, HAIL 4 = ICE PELLETS
TOTAL MONTH: M 5 = HAIL
GRTST 24HR M ON M 6 = FREEZING RAIN OR DRIZZLE
GRTST DEPTH: M ON M 7 = DUSTSTORM OR SANDSTORM:
VSBY 1/2 MILE OR LESS
8 = SMOKE OR HAZE
[NO. OF DAYS WITH] [WEATHER - DAYS WITH] 9 = BLOWING SNOW
X = TORNADO
MAX 32 OR BELOW: 0 0.01 INCH OR MORE: 18
MAX 90 OR ABOVE: 0 0.10 INCH OR MORE: 13
MIN 32 OR BELOW: 7 0.50 INCH OR MORE: 5
MIN 0 OR BELOW: 0 1.00 INCH OR MORE: 0
[HDD (BASE 65) ]
TOTAL THIS MO. 562 CLEAR (SCALE 0-3) 9
DPTR FM NORMAL -2 PTCLDY (SCALE 4-7) 15
TOTAL FM JUL 1 890 CLOUDY (SCALE 8-10) 6
DPTR FM NORMAL -123
[CDD (BASE 65) ]
TOTAL THIS MO. 0
DPTR FM NORMAL 0 [PRESSURE DATA]
TOTAL FM JAN 1 724 HIGHEST SLP 30.57 ON 20
DPTR FM NORMAL 325 LOWEST SLP 29.56 ON 6
[REMARKS]
#FINAL-11-23#