000
CXUS56 KLOX 020030
CF6WJF
PRELIMINARY LOCAL CLIMATOLOGICAL DATA (WS FORM: F-6)
STATION: LANCASTER FOX FIELD CA
MONTH: NOVEMBER
YEAR: 2021
LATITUDE: 34 43 N
LONGITUDE: 118 13 W
TEMPERATURE IN F: :PCPN: SNOW: WIND :SUNSHINE: SKY :PK WND
================================================================================
1 2 3 4 5 6A 6B 7 8 9 10 11 12 13 14 15 16 17 18
12Z AVG MX 2MIN
DY MAX MIN AVG DEP HDD CDD WTR SNW DPTH SPD SPD DIR MIN PSBL S-S WX SPD DR
================================================================================
1 69 49 59 2 6 0 0.00 M M 14.9 26 250 M M 0 33 250
2 78 45 62 6 3 0 0.00 M M 6.3 22 270 M M 0 24 270
3 80 42 61 5 4 0 0.00 M M 4.1 10 300 M M 0 16 40
4 80 41 61 5 4 0 0.00 M M 11.8 30 280 M M 0 34 280
5 78 39 59 4 6 0 0.00 M M 3.1 14 300 M M 0 16 260
6 80 40 60 5 5 0 0.00 M M 9.8 25 270 M M 0 8 30 280
7 69 48 59 5 6 0 0.00 M M 17.2 30 300 M M 0 35 290
8 75 35 55 1 10 0 0.00 M M 8.9 23 260 M M 0 27 230
9 72 54 63 9 2 0 T M M 17.9 36 280 M M 2 8 42 280
10 74 46 60 7 5 0 0.00 M M 8.2 24 260 M M 0 28 270
11 79 37 58 5 7 0 0.00 M M 5.2 15 60 M M 0 18 70
12 81 40 61 9 4 0 0.00 M M 4.7 17 70 M M 0 22 70
13 81 39 60 8 5 0 0.00 M M 3.4 10 280 M M 0 12 70
14 83 37 60 8 5 0 0.00 M M 2.4 9 300 M M 0 11 240
15 87 37 62 11 3 0 0.00 M M 5.5 20 250 M M 0 24 240
16 79 51 65 14 0 0 0.00 M M 15.2 29 270 M M 0 35 270
17 74 38 56 6 9 0 0.00 M M 4.4 14 60 M M 0 21 60
18 72 35 54 4 11 0 0.00 M M 3.8 15 280 M M 0 15 280
19 76 35 56 6 9 0 0.00 M M 6.7 20 250 M M 0 23 240
20 72 39 56 7 9 0 0.00 M M 6.7 15 70 M M 0 8 18 60
21 70 33 52 3 13 0 0.00 M M 8.6 26 70 M M 0 32 70
22 69 25 47 -1 18 0 0.00 M M 4.3 12 60 M M 0 16 60
23 73 35 54 6 11 0 0.00 M M 12.3 29 290 M M 0 35 290
24 65 31 48 0 17 0 0.00 M M 9.1 23 60 M M 0 29 70
25 65 34 50 3 15 0 0.00 M M 9.6 22 80 M M 0 8 27 70
26 68 26 47 0 18 0 0.00 M M 3.6 10 300 M M 0 12 50
27 70 25 48 1 17 0 0.00 M M 2.4 9 280 M M 0 10 280
28 73 30 52 6 13 0 0.00 M M 2.8 9 300 M M 0 10 290
29 74 30 52 6 13 0 0.00 M M 2.1 9 270 M M 0 10 280
30 77 31 54 8 11 0 0.00 M M 3.9 10 300 M M 0 8 22 230
================================================================================
SM 2243 1127 259 0 T M 218.9 M 2
================================================================================
AV 74.8 37.6 7.3 FASTST M M 0 MAX(MPH)
MISC ----> 36 280 42 280
================================================================================
NOTES:
# LAST OF SEVERAL OCCURRENCES
COLUMN 17 PEAK WIND IN M.P.H.
PRELIMINARY LOCAL CLIMATOLOGICAL DATA (WS FORM: F-6) , PAGE 2
STATION: LANCASTER FOX FIELD CA
MONTH: NOVEMBER
YEAR: 2021
LATITUDE: 34 43 N
LONGITUDE: 118 13 W
[TEMPERATURE DATA] [PRECIPITATION DATA] SYMBOLS USED IN COLUMN 16
AVERAGE MONTHLY: 56.2 TOTAL FOR MONTH: T 1 = FOG OR MIST
DPTR FM NORMAL: 5.2 DPTR FM NORMAL: -0.37 2 = FOG REDUCING VISIBILITY
HIGHEST: 87 ON 15 GRTST 24HR T ON 9- 9 TO 1/4 MILE OR LESS
LOWEST: 25 ON 27,22 3 = THUNDER
SNOW, ICE PELLETS, HAIL 4 = ICE PELLETS
TOTAL MONTH: M 5 = HAIL
GRTST 24HR M ON M 6 = FREEZING RAIN OR DRIZZLE
GRTST DEPTH: M ON M 7 = DUSTSTORM OR SANDSTORM:
VSBY 1/2 MILE OR LESS
8 = SMOKE OR HAZE
[NO. OF DAYS WITH] [WEATHER - DAYS WITH] 9 = BLOWING SNOW
X = TORNADO
MAX 32 OR BELOW: 0 0.01 INCH OR MORE: 0
MAX 90 OR ABOVE: 0 0.10 INCH OR MORE: 0
MIN 32 OR BELOW: 7 0.50 INCH OR MORE: 0
MIN 0 OR BELOW: 0 1.00 INCH OR MORE: 0
[HDD (BASE 65) ]
TOTAL THIS MO. 259 CLEAR (SCALE 0-3) 30
DPTR FM NORMAL -162 PTCLDY (SCALE 4-7) 0
TOTAL FM JUL 1 445 CLOUDY (SCALE 8-10) 0
DPTR FM NORMAL -107
[CDD (BASE 65) ]
TOTAL THIS MO. 0
DPTR FM NORMAL -1 [PRESSURE DATA]
TOTAL FM JAN 1 2445 HIGHEST SLP 30.50 ON 25
DPTR FM NORMAL 539 LOWEST SLP 29.90 ON 16
[REMARKS]
#FINAL-11-21#