000
CXUS55 KLKN 030023
CLSWMC
CLIMATE REPORT
NATIONAL WEATHER SERVICE ELKO NV
519 PM PDT WED SEP 2 2020
...................................
...THE WINNEMUCCA AIRPORT NV CLIMATE SUMMARY FOR THE SEASON, FROM
6/1/2020 TO 8/31/2020...
CLIMATE NORMAL PERIOD 1981 TO 2010
CLIMATE RECORD PERIOD 1877 TO 2020
WEATHER OBSERVED NORMAL DEPART LAST YEAR`S
VALUE DATE(S) VALUE FROM VALUE
NORMAL
.............................................................
TEMPERATURE (F)
RECORD
HIGH 109 07/11/2002
LOW 23 06/04/2001
06/06/1954
HIGHEST 105 07/30 104 1 101
LOWEST 31 06/08 31 0 28
AVG. MAXIMUM 92.2 89.2 3.0 90.3
AVG. MINIMUM 51.2 48.7 2.5 48.2
MEAN 71.7 68.9 2.8 69.2
DAYS MAX >= 90 71 50.9 20.1 55
DAYS MAX <= 32 0 0.0 0.0 0
DAYS MIN <= 32 1 1.0 0.0 2
DAYS MIN <= 0 0 0.0 0.0 0
PRECIPITATION (INCHES)
RECORD
MAXIMUM 4.49 1913
MINIMUM T 1919
TOTALS 1.35 0.99 0.36 0.39
DAILY AVG. 0.02 0.01 0.01 0.00
DAYS >= .01 17 8.4 8.6 4
DAYS >= .10 2 2.7 -0.7 1
DAYS >= .50 0 0.2 -0.2 0
DAYS >= 1.00 0 0.0 0.0 0
SNOWFALL (INCHES)
RECORDS
TOTAL 3.1 1908
TOTALS 0.2 T 0.2 0.0
DAYS >= 1.0 0 0.0 0.0 0
GREATEST
SNOW DEPTH 0 MM 0
DEGREE_DAYS
HEATING TOTAL 123 135 -12 101
COOLING TOTAL 774 499 275 522
..............................................................
WIND (MPH)
AVERAGE WIND SPEED 7.6
HIGHEST WIND SPEED/DIRECTION 39/150 DATE 08/16
HIGHEST GUST SPEED/DIRECTION 51/250 DATE 06/05
AVERAGE RH (PERCENT) 30
WEATHER CONDITIONS. NUMBER OF DAYS WITH
THUNDERSTORM 18 MIXED PRECIP 0
HEAVY RAIN 1 RAIN 4
LIGHT RAIN 15 FREEZING RAIN 0
LT FREEZING RAIN 0 HAIL 0
HEAVY SNOW 0 SNOW 0
LIGHT SNOW 1 SLEET 0
FOG 2 FOG W/VIS <= 1/4 MILE 0
HAZE 20
- INDICATES NEGATIVE NUMBERS.
R INDICATES RECORD WAS SET OR TIED.
MM INDICATES DATA IS MISSING.
T INDICATES TRACE AMOUNT.
$$
&&
=====================================================================
...6TH WARMEST METEOROLOGICAL SUMMER IN WINNEMUCCA...
...WETTER THAN NORMAL METEORLOGICAL SUMMER IN WINNEMUCCA...
...ABOVE AVERAGE SNOW FOR METEORLOGICAL SUMMER IN WINNEMUCCA...
AUGUST 2020 WAS THE WARMEST ON RECORD WITH AN AVERAGE
TEMPERATURE OF 75.4 DEGREES.
THE AVERAGE TEMPERATURE IN WINNEMUCCA DURING METEOROLOGICAL SUMMER
(JUN-AUG) 2020 WAS 71.7 DEGREES...WHICH IS 2.8 DEGREES ABOVE THE
NORMAL 68.9 DEGREES. THE TOTAL PRECIPITATION WAS 1.35 INCHES...WHICH
IS 0.36 INCHES ABOVE OR 136 PERCENT OF THE NORMAL OF 0.99 INCHES.
THE TOTAL SNOWFALL WAS 0.2 INCHES...WHICH IS 0.1 INCHES ABOVE OR 200
PERCENT OF THE 1981-2010 CLIMATOLOGICAL NORMAL OF 0.1 INCHES.
THE PERIOD OF RECORD FOR THE WINNEMUCCA AREA BEGAN IN 1877