000
CXUS55 KLKN 021150
CLSWMC
CLIMATE REPORT
NATIONAL WEATHER SERVICE ELKO, NV
450 AM PDT THU JUN 02 2022
...................................
...THE WINNEMUCCA AIRPORT NV CLIMATE SUMMARY FOR THE SEASON, FROM
3/1/2022 TO 5/31/2022...
CLIMATE NORMAL PERIOD 1991 TO 2020
CLIMATE RECORD PERIOD 1877 TO 2022
WEATHER OBSERVED NORMAL DEPART LAST YEAR`S
VALUE DATE(S) VALUE FROM VALUE
NORMAL
..............................................................
TEMPERATURE (F)
RECORD
HIGH 100 05/29/2020
LOW -3 03/02/1971
03/01/1971
03/12/1954
HIGHEST 93 05/26 90 3 89
LOWEST 11 03/10 11 0 11
AVG. MAXIMUM 64.1 65.0 -0.9 65.6
AVG. MINIMUM 30.0 32.8 -2.8 29.8
MEAN 47.1 48.9 -1.8 47.7
DAYS MAX >= 90 2 1.4 0.6 0
DAYS MAX <= 32 0 0.0 0.0 0
DAYS MIN <= 32 57 48.8 8.2 57
DAYS MIN <= 0 0 0.0 0.0 0
PRECIPITATION (INCHES)
RECORD
MAXIMUM 6.73 1998
MINIMUM 0.71 1931
TOTALS 2.20 3.00 -0.80 2.03
DAILY AVG. 0.02 0.03 -0.01 0.02
DAYS >= .01 20 23.9 -3.9 25
DAYS >= .10 10 9.9 0.1 7
DAYS >= .50 1 0.9 0.1 0
DAYS >= 1.00 0 0.1 -0.1 0
SNOWFALL (INCHES)
RECORDS
TOTAL 23.4 1952
TOTALS 12.7 4.9 7.8 7.0
DAYS >= 1.0 3 1.8 1.2 2
GREATEST
SNOW DEPTH 3R 03/05 3
03/06
DEGREE DAYS
HEATING TOTAL 1633 1501 132 1576
COOLING TOTAL 5 17 -12 8
..............................................................
WIND (MPH)
AVERAGE WIND SPEED 8.3
HIGHEST WIND SPEED/DIRECTION 44/260 DATE 04/11
HIGHEST GUST SPEED/DIRECTION 65/250 DATE 04/11
AVERAGE RH (PERCENT) 48
WEATHER CONDITIONS. NUMBER OF DAYS WITH
THUNDERSTORM 2 MIXED PRECIP 0
HEAVY RAIN 1 RAIN 5
LIGHT RAIN 21 FREEZING RAIN 0
LT FREEZING RAIN 0 HAIL 0
HEAVY SNOW 0 SNOW 3
LIGHT SNOW 9 SLEET 0
FOG 15 FOG W/VIS <= 1/4 MILE 1
HAZE 10
- INDICATES NEGATIVE NUMBERS.
R INDICATES RECORD WAS SET OR TIED.
MM INDICATES DATA IS MISSING.
T INDICATES TRACE AMOUNT.
=====================================================================
...COOLER THAN NORMAL METEOROLOGICAL SPRING IN WINNEMUCCA...
...DRIER THAN NORMAL METEORLOGICAL SPRING IN WINNEMUCCA...
THE AVERAGE TEMPERATURE IN WINNEMUCCA DURING METEOROLOGICAL SPRING (MAR-
MAY) 2022 WAS 47.1 DEGREES, WHICH IS 1.8 DEGREES BELOW THE NORMAL
48.9 DEGREES. THE TOTAL PRECIPITATION WAS 2.20 INCHES, WHICH IS 0.80
INCHES BELOW OR 73 PERCENT OF THE NORMAL OF 3.00 INCHES. THE TOTAL
SNOWFALL WAS 12.7 INCHES, WHICH IS 7.8 INCHES ABOVE OR 259 PERCENT OF
THE 1991-2020 CLIMATOLOGICAL NORMAL OF 4.9 INCHES. THE PERIOD OF RECORD FOR THE
WINNEMUCCA AREA BEGAN IN 1877.
$$