000
CXUS55 KRIW 040140
CF6WRL
PRELIMINARY LOCAL CLIMATOLOGICAL DATA (WS FORM: F-6)
STATION: WORLAND WY
MONTH: AUGUST
YEAR: 2020
LATITUDE: 43 58 N
LONGITUDE: 107 57 W
TEMPERATURE IN F: :PCPN: SNOW: WIND :SUNSHINE: SKY :PK WND
================================================================================
1 2 3 4 5 6A 6B 7 8 9 10 11 12 13 14 15 16 17 18
12Z AVG MX 2MIN
DY MAX MIN AVG DEP HDD CDD WTR SNW DPTH SPD SPD DIR MIN PSBL S-S WX SPD DR
================================================================================
1 96 60 78 5 0 13 0.00 M M 5.5 22 280 M M 0 31 250
2 97 61 79 6 0 14 0.00 M M 6.3 18 130 M M 0 27 120
3 101 61 81 8 0 16 T M M 6.9 35 190 M M 1 3 55 170
4 90 55 73 0 0 8 0.00 M M 3.7 16 110 M M 0 21 120
5 91 58 75 3 0 10 0.00 M M 6.1 18 160 M M 0 26 160
6 97 59 78 6 0 13 0.03 M M 5.4 35 290 M M 0 3 48 270
7 99 55 77 5 0 12 T M M 7.2 24 180 M M 1 3 37 170
8 95 56 76 4 0 11 T M M 6.1 33 190 M M 0 3 64 220
9 89 51 70 -2 0 5 0.00 M M 6.5 15 350 M M 0 22 330
10 93 52 73 1 0 8 0.00 M M 5.3 14 10 M M 0 3 20 350
11 95 51 73 1 0 8 0.00 M M 6.4 18 200 M M 0 21 210
12 96 51 74 3 0 9 T M M 6.8 26 220 M M 0 34 220
13 95 59 77 6 0 12 0.00 M M 6.8 29 240 M M 0 40 230
14 85 52 69 -2 0 4 0.00 M M 5.9 15 300 M M 0 25 310
15 92 48 70 -1 0 5 0.00 M M 5.4 10 120 M M 0 15 10
16 95 50 73 3 0 8 0.00 M M 4.4 10 170 M M 0 14 10
17 101 51 76 6 0 11 0.00 M M 4.5 13 30 M M 0 21 70
18 96 58 77 7 0 12 0.00 M M 6.1 13 130 M M 0 16 130
19 93 57 75 5 0 10 0.06 M M 7.4 31 290 M M 1 3 42 280
20 91 59 75 5 0 10 0.03 M M 5.8 14 150 M M 0 13 18 180
21 89 54 72 3 0 7 0.00 M M 3.0 10 170 M M 2 8 12 170
22 99 50 75 6 0 10 0.00 M M 4.2 15 190 M M 1 8 17 50
23 87 52 70 1 0 5 0.00 M M 4.9 14 190 M M 0 8 16 190
24 98 52 75 7 0 10 0.00 M M 5.5 16 210 M M 0 8 29 220
25 96 57 77 9 0 12 0.01 M M 6.1 31 260 M M 1 3 43 260
26 90 56 73 5 0 8 0.00 M M 5.4 13 100 M M 0 16 130
27 89 56 73 6 0 8 0.00 M M 8.1 32 350 M M 0 8 47 340
28 84 53 69 2 0 4 0.00 M M 5.5 13 140 M M 1 17 130
29 92 50 71 5 0 6 T M M 3.6 23 300 M M 0 38 280
30 77 45 61 -5 4 0 0.00 M M 11.6 35 330 M M 0 45 340
31 65 45 55 -11 10 0 0.00 M M 6.5 13 140 M M 5 M M
================================================================================
SM 2853 1674 14 269 0.13 M 182.9 M 13
================================================================================
AV 92.0 54.0 5.9 FASTST M M 0 MAX(MPH)
MISC ----> # 35 190 # 64 220
================================================================================
NOTES:
# LAST OF SEVERAL OCCURRENCES
COLUMN 17 PEAK WIND IN M.P.H.
PRELIMINARY LOCAL CLIMATOLOGICAL DATA (WS FORM: F-6) , PAGE 2
STATION: WORLAND WY
MONTH: AUGUST
YEAR: 2020
LATITUDE: 43 58 N
LONGITUDE: 107 57 W
[TEMPERATURE DATA] [PRECIPITATION DATA] SYMBOLS USED IN COLUMN 16
AVERAGE MONTHLY: 73.0 TOTAL FOR MONTH: 0.13 1 = FOG OR MIST
DPTR FM NORMAL: 2.9 DPTR FM NORMAL: -0.30 2 = FOG REDUCING VISIBILITY
HIGHEST: 101 ON 17, 3 GRTST 24HR 0.06 ON 19-19 TO 1/4 MILE OR LESS
LOWEST: 45 ON 31,30 3 = THUNDER
SNOW, ICE PELLETS, HAIL 4 = ICE PELLETS
TOTAL MONTH: M 5 = HAIL
GRTST 24HR M ON M 6 = FREEZING RAIN OR DRIZZLE
GRTST DEPTH: M ON M 7 = DUSTSTORM OR SANDSTORM:
VSBY 1/2 MILE OR LESS
8 = SMOKE OR HAZE
[NO. OF DAYS WITH] [WEATHER - DAYS WITH] 9 = BLOWING SNOW
X = TORNADO
MAX 32 OR BELOW: 0 0.01 INCH OR MORE: 4
MAX 90 OR ABOVE: 23 0.10 INCH OR MORE: 0
MIN 32 OR BELOW: 0 0.50 INCH OR MORE: 0
MIN 0 OR BELOW: 0 1.00 INCH OR MORE: 0
[HDD (BASE 65) ]
TOTAL THIS MO. 14 CLEAR (SCALE 0-3) 30
DPTR FM NORMAL -9 PTCLDY (SCALE 4-7) 1
TOTAL FM JUL 1 15 CLOUDY (SCALE 8-10) 0
DPTR FM NORMAL -21
[CDD (BASE 65) ]
TOTAL THIS MO. 269
DPTR FM NORMAL 88 [PRESSURE DATA]
TOTAL FM JAN 1 660 HIGHEST SLP 30.18 ON 17
DPTR FM NORMAL 154 LOWEST SLP 29.55 ON 30
[REMARKS]
#FINAL-08-20#