000
CXUS56 KMTR 010900
CF6WVI
PRELIMINARY LOCAL CLIMATOLOGICAL DATA (WS FORM: F-6)
STATION: WATSONVILLE AIRPORT
MONTH: OCTOBER
YEAR: 2022
LATITUDE: 36 55 N
LONGITUDE: 121 47 W
TEMPERATURE IN F: :PCPN: SNOW: WIND :SUNSHINE: SKY :PK WND
================================================================================
1 2 3 4 5 6A 6B 7 8 9 10 11 12 13 14 15 16 17 18
12Z AVG MX 2MIN
DY MAX MIN AVG DEP HDD CDD WTR SNW DPTH SPD SPD DIR MIN PSBL S-S WX SPD DR
================================================================================
1 65 53 59 -4 6 0 0.00 M M 3.5 12 250 M M 10 1 15 270
2 70 55 63 0 2 0 0.00 M M 3.9 14 270 M M 5 20 240
3 73 50 62 0 3 0 0.00 M M 4.2 12 120 M M 0 15 210
4 71 47 59 -3 6 0 0.00 M M 2.8 10 210 M M 1 12 13 180
5 71 50 61 -1 4 0 0.00 M M 2.7 9 200 M M 7 12 14 230
6 69 52 61 -1 4 0 0.00 M M 2.8 12 220 M M 8 12 15 220
7 70 49 60 -2 5 0 T M M 2.7 12 220 M M 7 12 13 220
8 67 51 59 -3 6 0 0.00 M M 2.7 13 220 M M 8 12 16 230
9 64 52 58 -4 7 0 0.00 M M 3.5 10 260 M M 10 1 16 260
10 66 52 59 -3 6 0 0.00 M M 3.5 12 210 M M 8 12 16 250
11 59 50 55 -7 10 0 0.00 M M 2.4 10 240 M M 10 12 13 240
12 67 53 60 -2 5 0 0.00 M M 3.9 12 250 M M 9 1 16 260
13 66 52 59 -2 6 0 0.01 M M 2.9 12 270 M M 6 128 16 270
14 59 52 56 -5 9 0 0.01 M M 1.9 8 210 M M 10 12 11 210
15 60 53 57 -4 8 0 0.00 M M 2.0 10 230 M M 10 1 12 230
16 66 49 58 -3 7 0 0.00 M M 2.4 10 260 M M 7 17 260
17 73 47 60 -1 5 0 T M M 3.3 12 270 M M 0 15 230
18 86 49 68 7 0 3 0.00 M M 2.7 12 260 M M 0 14 270
19 94 52 73 12 0 8 0.00 M M 3.3 12 260 M M 0 16 260
20 79 49 64 4 1 0 0.00 M M 3.9 10 200 M M 3 18 14 180
21 63 50 57 -3 8 0 0.00 M M 3.3 15 240 M M 8 18 18 220
22 72 47 60 0 5 0 0.00 M M 4.0 16 260 M M 4 1 23 260
23 71 41 56 -4 9 0 0.00 M M 4.1 13 200 M M 0 21 10
24 70 38 54 -6 11 0 0.00 M M 4.6 12 260 M M 0 15 270
25 63 43 53 -7 12 0 0.00 M M 3.7 10 130 M M 2 14 180
26 67 44 56 -4 9 0 0.00 M M 3.8 12 230 M M 4 15 240
27 70 37 54 -5 11 0 0.00 M M 3.3 10 260 M M 0 1 14 210
28 66 39 53 -6 12 0 0.00 M M 3.2 14 260 M M 3 12 19 280
29 69 41 55 -4 10 0 0.00 M M 3.1 8 270 M M 0 11 230
30 67 41 54 -5 11 0 0.00 M M 2.3 10 240 M M 4 1 13 190
31 61 47 54 -5 11 0 0.00 M M 2.0 9 210 M M 7 12 12 200
================================================================================
SM 2134 1485 209 11 0.02 M 98.4 M 151
================================================================================
AV 68.8 47.9 3.2 FASTST M M 5 MAX(MPH)
MISC ----> 16 260 23 260
================================================================================
NOTES:
# LAST OF SEVERAL OCCURRENCES
COLUMN 17 PEAK WIND IN M.P.H.
PRELIMINARY LOCAL CLIMATOLOGICAL DATA (WS FORM: F-6) , PAGE 2
STATION: WATSONVILLE AIRPORT
MONTH: OCTOBER
YEAR: 2022
LATITUDE: 36 55 N
LONGITUDE: 121 47 W
[TEMPERATURE DATA] [PRECIPITATION DATA] SYMBOLS USED IN COLUMN 16
AVERAGE MONTHLY: 58.4 TOTAL FOR MONTH: 0.02 1 = FOG OR MIST
DPTR FM NORMAL: -2.5 DPTR FM NORMAL: -0.83 2 = FOG REDUCING VISIBILITY
HIGHEST: 94 ON 19 GRTST 24HR 0.01 ON 13-13 TO 1/4 MILE OR LESS
LOWEST: 37 ON 27 3 = THUNDER
SNOW, ICE PELLETS, HAIL 4 = ICE PELLETS
TOTAL MONTH: M 5 = HAIL
GRTST 24HR M ON M 6 = FREEZING RAIN OR DRIZZLE
GRTST DEPTH: M ON M 7 = DUSTSTORM OR SANDSTORM:
VSBY 1/2 MILE OR LESS
8 = SMOKE OR HAZE
[NO. OF DAYS WITH] [WEATHER - DAYS WITH] 9 = BLOWING SNOW
X = TORNADO
MAX 32 OR BELOW: 0 0.01 INCH OR MORE: 2
MAX 90 OR ABOVE: 1 0.10 INCH OR MORE: 0
MIN 32 OR BELOW: 0 0.50 INCH OR MORE: 0
MIN 0 OR BELOW: 0 1.00 INCH OR MORE: 0
[HDD (BASE 65) ]
TOTAL THIS MO. 209 CLEAR (SCALE 0-3) 12
DPTR FM NORMAL 58 PTCLDY (SCALE 4-7) 11
TOTAL FM JUL 1 377 CLOUDY (SCALE 8-10) 8
DPTR FM NORMAL -25
[CDD (BASE 65) ]
TOTAL THIS MO. 11
DPTR FM NORMAL -13 [PRESSURE DATA]
TOTAL FM JAN 1 154 HIGHEST SLP M ON M
DPTR FM NORMAL 31 LOWEST SLP 29.73 ON 22
[REMARKS]
#FINAL-10-22#