000
CXUS54 KFWD 010832
CF6XBP
PRELIMINARY LOCAL CLIMATOLOGICAL DATA (WS FORM: F-6)
STATION: BRIDGEPORT
MONTH: FEBRUARY
YEAR: 2024
LATITUDE: 33 10 N
LONGITUDE: 96 30 W
TEMPERATURE IN F: :PCPN: SNOW: WIND :SUNSHINE: SKY :PK WND
================================================================================
1 2 3 4 5 6A 6B 7 8 9 10 11 12 13 14 15 16 17 18
12Z AVG MX 2MIN
DY MAX MIN AVG DEP HDD CDD WTR SNW DPTH SPD SPD DIR MIN PSBL S-S WX SPD DR
================================================================================
1 72 44 58 14 7 0 0.00 M M 5.4 12 180 M M 1 16 190
2 M M M M M M M M M M M M M M M M M
3 M M M M M M M M M M M M M M M M M
4 M M M M M M M M M M M M M M M M M
5 M M M M M M M M M M M M M M M M M
6 M M M M M M M M M M M M M M M M M
7 M M M M M M M M M M M M M M M M M
8 M M M M M M M M M M M M M M M M M
9 M M M M M M M M M M M M M M M M M
10 M M M M M M M M M M M M M M M M M
11 M M M M M M M M M M M M M M M M M
12 M M M M M M M M M M M M M M M M M
13 65 49 57 12 8 0 0.00 M M 7.4 12 220 M M 0 M M
14 67 34 51 6 14 0 0.00 M M 7.3 16 200 M M 0 24 190
15 71 48 60 14 5 0 0.00 M M 4.0 9 210 M M 0 M M
16 63 37 50 4 15 0 0.00 M M 9.6 18 10 M M 1 1 25 340
17 42 31 37 -9 28 0 0.00 M M 12.0 16 20 M M 4 24 10
18 54 24 39 -7 26 0 0.00 M M 4.4 8 170 M M 0 M M
19 71 29 50 4 15 0 0.00 M M 4.6 14 210 M M 0 21 200
20 81 34 58 11 7 0 0.00 M M 6.1 16 180 M M 0 21 220
21 82 46 64 17 1 0 0.00 M M 9.0 21 200 M M 0 30 200
22 72 57 65 18 0 0 0.00 M M 9.6 18 210 M M 0 23 200
23 69 45 57 10 8 0 0.00 M M 4.7 12 330 M M 0 M M
24 76 37 57 9 8 0 0.00 M M 5.3 10 190 M M 0 16 210
25 84 49 67 19 0 2 0.00 M M 9.0 16 220 M M 0 25 220
26 93 45 69 21 0 4 0.00 M M 7.3 14 230 M M 0 24 230
27 82 55 69 21 0 4 0.00 M M 7.5 12 200 M M 0 23 220
28 55 38 47 -1 18 0 0.00 M M 17.8 22 350 M M 0 31 350
29 M M M M M M M M M M M M M M M M M
================================================================================
SM 1199 702 160 10 0.00 M 130.8 M 6
================================================================================
AV 70.5 41.3 7.7 FASTST M M 0 MAX(MPH)
MISC ----> 22 350 31 350
================================================================================
NOTES:
# LAST OF SEVERAL OCCURRENCES
COLUMN 17 PEAK WIND IN M.P.H.
PRELIMINARY LOCAL CLIMATOLOGICAL DATA (WS FORM: F-6) , PAGE 2
STATION: BRIDGEPORT
MONTH: FEBRUARY
YEAR: 2024
LATITUDE: 33 10 N
LONGITUDE: 96 30 W
[TEMPERATURE DATA] [PRECIPITATION DATA] SYMBOLS USED IN COLUMN 16
AVERAGE MONTHLY: 55.9 TOTAL FOR MONTH: 0.00 1 = FOG OR MIST
DPTR FM NORMAL: 10.3 DPTR FM NORMAL: -2.38 2 = FOG REDUCING VISIBILITY
HIGHEST: 93 ON 26 GRTST 24HR 0.00 ON 1- 1 TO 1/4 MILE OR LESS
LOWEST: 24 ON 18 3 = THUNDER
SNOW, ICE PELLETS, HAIL 4 = ICE PELLETS
TOTAL MONTH: M 5 = HAIL
GRTST 24HR M ON M 6 = FREEZING RAIN OR DRIZZLE
GRTST DEPTH: M ON M 7 = DUSTSTORM OR SANDSTORM:
VSBY 1/2 MILE OR LESS
8 = SMOKE OR HAZE
[NO. OF DAYS WITH] [WEATHER - DAYS WITH] 9 = BLOWING SNOW
X = TORNADO
MAX 32 OR BELOW: 0 0.01 INCH OR MORE: 0
MAX 90 OR ABOVE: 1 0.10 INCH OR MORE: 0
MIN 32 OR BELOW: 3 0.50 INCH OR MORE: 0
MIN 0 OR BELOW: 0 1.00 INCH OR MORE: 0
[HDD (BASE 65) ]
TOTAL THIS MO. 160 CLEAR (SCALE 0-3) 16
DPTR FM NORMAL -383 PTCLDY (SCALE 4-7) 1
TOTAL FM JUL 1 1850 CLOUDY (SCALE 8-10) 12
DPTR FM NORMAL -604
[CDD (BASE 65) ]
TOTAL THIS MO. 10
DPTR FM NORMAL 9 [PRESSURE DATA]
TOTAL FM JAN 1 10 HIGHEST SLP M ON M
DPTR FM NORMAL 9 LOWEST SLP M ON M
[REMARKS]
#FINAL-02-24#