986
CXUS54 KFWD 010731
CF6XBP
PRELIMINARY LOCAL CLIMATOLOGICAL DATA (WS FORM: F-6)
STATION: BRIDGEPORT
MONTH: SEPTEMBER
YEAR: 2020
LATITUDE: 33 10 N
LONGITUDE: 96 30 W
TEMPERATURE IN F: :PCPN: SNOW: WIND :SUNSHINE: SKY :PK WND
================================================================================
1 2 3 4 5 6A 6B 7 8 9 10 11 12 13 14 15 16 17 18
12Z AVG MX 2MIN
DY MAX MIN AVG DEP HDD CDD WTR SNW DPTH SPD SPD DIR MIN PSBL S-S WX SPD DR
================================================================================
1 86 71 79 -1 0 14 2.22 0.0 0 6.9 16 190 M M 6 3 21 290
2 83 69 76 -4 0 11 0.34 0.0 0 5.1 12 180 M M 4 3 17 180
3 88 70 79 0 0 14 0.00 0.0 0 3.2 12 140 M M 4 M M
4 88 69 79 0 0 14 0.00 0.0 0 4.3 10 140 M M 4 1 M M
5 91 68 80 1 0 15 0.00 0.0 0 2.1 15 160 M M 3 1 25 160
6 91 66 79 1 0 14 0.00 0.0 0 4.2 9 160 M M 1 M M
7 94 69 82 4 0 17 0.00 0.0 0 6.3 12 170 M M 0 17 190
8 90 74 82 4 0 17 0.00 0.0 0 8.2 13 160 M M 3 20 160
9 74 53 64 -13 1 0 2.19 0.0 0 7.3 12 330 M M 10 1 20 330
10 67 53 60 -17 5 0 0.07 0.0 0 8.3 13 340 M M 10 21 330
11 72 60 66 -11 0 1 0.00 0.0 0 3.6 7 350 M M 7 M M
12 83 61 72 -4 0 7 0.00 0.0 0 0.3 4 360 M M 2 M M
13 85 64 75 -1 0 10 0.00 0.0 0 3.3 9 40 M M 2 18 M M
14 84 64 74 -1 0 9 0.00 0.0 0 3.2 9 10 M M 1 8 M M
15 84 66 75 0 0 10 0.00 0.0 0 2.5 8 340 M M 6 M M
16 87 67 77 2 0 12 0.00 0.0 0 1.5 9 50 M M 4 M M
17 87 64 76 2 0 11 0.00 0.0 0 2.6 10 20 M M 3 M M
18 84 60 72 -2 0 7 0.00 0.0 0 2.6 8 60 M M 1 M M
19 79 55 67 -6 0 2 0.00 0.0 0 2.1 7 50 M M 0 1 M M
20 80 49 65 -8 0 0 0.00 0.0 0 2.9 9 70 M M 0 1 M M
21 83 58 71 -2 0 6 0.00 0.0 0 6.1 12 90 M M 6 17 70
22 72 64 68 -4 0 3 0.12 0.0 0 4.3 6 80 M M 10 1 M M
23 73 64 69 -3 0 4 0.02 0.0 0 4.1 8 40 M M 10 1 M M
24 80 63 72 1 0 7 0.00 0.0 0 4.0 8 170 M M 5 M M
25 85 55 70 -1 0 5 0.00 0.0 0 4.5 8 160 M M 2 1 M M
26 88 59 74 3 0 9 0.00 0.0 0 6.4 14 170 M M 0 21 180
27 91 63 77 7 0 12 0.00 0.0 0 11.1 20 330 M M 5 30 10
28 75 49 62 -8 3 0 0.00 0.0 0 9.6 18 10 M M 3 27 20
29 80 46 63 -6 2 0 0.00 0.0 0 4.9 10 330 M M 0 16 320
30 91 49 70 1 0 5 0.00 0.0 0 4.7 9 260 M M 0 16 260
================================================================================
SM 2495 1842 11 236 4.96 0.0 140.2 M 112
================================================================================
AV 83.2 61.4 4.7 FASTST M M 4 MAX(MPH)
MISC ----> # 20 330 # 30 10
================================================================================
NOTES:
# LAST OF SEVERAL OCCURRENCES
COLUMN 17 PEAK WIND IN M.P.H.
PRELIMINARY LOCAL CLIMATOLOGICAL DATA (WS FORM: F-6) , PAGE 2
STATION: BRIDGEPORT
MONTH: SEPTEMBER
YEAR: 2020
LATITUDE: 33 10 N
LONGITUDE: 96 30 W
[TEMPERATURE DATA] [PRECIPITATION DATA] SYMBOLS USED IN COLUMN 16
AVERAGE MONTHLY: 72.3 TOTAL FOR MONTH: 4.96 1 = FOG OR MIST
DPTR FM NORMAL: -2.4 DPTR FM NORMAL: 1.90 2 = FOG REDUCING VISIBILITY
HIGHEST: 94 ON 7 GRTST 24HR 2.22 ON 1- 1 TO 1/4 MILE OR LESS
LOWEST: 46 ON 29 3 = THUNDER
SNOW, ICE PELLETS, HAIL 4 = ICE PELLETS
TOTAL MONTH: 0.0 INCH 5 = HAIL
GRTST 24HR 0.0 6 = FREEZING RAIN OR DRIZZLE
GRTST DEPTH: 0 7 = DUSTSTORM OR SANDSTORM:
VSBY 1/2 MILE OR LESS
8 = SMOKE OR HAZE
[NO. OF DAYS WITH] [WEATHER - DAYS WITH] 9 = BLOWING SNOW
X = TORNADO
MAX 32 OR BELOW: 0 0.01 INCH OR MORE: 6
MAX 90 OR ABOVE: 6 0.10 INCH OR MORE: 4
MIN 32 OR BELOW: 0 0.50 INCH OR MORE: 2
MIN 0 OR BELOW: 0 1.00 INCH OR MORE: 2
[HDD (BASE 65) ]
TOTAL THIS MO. 11 CLEAR (SCALE 0-3) 15
DPTR FM NORMAL -5 PTCLDY (SCALE 4-7) 11
TOTAL FM JUL 1 11 CLOUDY (SCALE 8-10) 4
DPTR FM NORMAL -5
[CDD (BASE 65) ]
TOTAL THIS MO. 236
DPTR FM NORMAL -71 [PRESSURE DATA]
TOTAL FM JAN 1 2174 HIGHEST SLP M ON M
DPTR FM NORMAL 107 LOWEST SLP M ON M
[REMARKS]
#FINAL-09-20#