000
CXUS54 KTSA 010850
CF6XNA
PRELIMINARY LOCAL CLIMATOLOGICAL DATA (WS FORM: F-6)
STATION: HIGHFILL ARKANSAS
MONTH: JULY
YEAR: 2021
LATITUDE: 36 16 N
LONGITUDE: 94 19 W
TEMPERATURE IN F: :PCPN: SNOW: WIND :SUNSHINE: SKY :PK WND
================================================================================
1 2 3 4 5 6A 6B 7 8 9 10 11 12 13 14 15 16 17 18
12Z AVG MX 2MIN
DY MAX MIN AVG DEP HDD CDD WTR SNW DPTH SPD SPD DIR MIN PSBL S-S WX SPD DR
================================================================================
1 82 71 77 -1 0 12 0.46 0.0 M 5.7 16 240 M M 7 13 21 250
2 85 64 75 -3 0 10 0.00 0.0 M 7.4 16 60 M M 3 29 60
3 86 60 73 -5 0 8 0.00 0.0 M 2.4 10 10 M M 3 1 14 80
4 87 66 77 -2 0 12 0.00 0.0 M 2.6 9 110 M M 2 18 15 110
5 86 62 74 -5 0 9 0.00 0.0 M 3.1 12 140 M M 0 18 15 150
6 89 64 77 -2 0 12 0.00 0.0 M 1.5 8 150 M M 1 13 80
7 92 68 80 1 0 15 0.00 0.0 M 3.4 10 320 M M 2 15 320
8 91 69 80 1 0 15 0.00 0.0 M 3.2 13 350 M M 2 1 18 340
9 91 71 81 2 0 16 0.00 0.0 M 6.4 16 210 M M 1 24 230
10 86 69 78 -1 0 13 0.01 0.0 M 9.3 23 180 M M 5 3 32 170
11 81 66 74 -5 0 9 0.02 0.0 M 6.7 15 300 M M 6 23 320
12 77 62 70 -9 0 5 0.00 0.0 M 4.8 12 290 M M 7 17 250
13 89 58 74 -5 0 9 0.00 0.0 M 4.4 12 200 M M 3 12 16 190
14 91 68 80 0 0 15 0.00 0.0 M 9.4 21 190 M M 1 28 190
15 90 71 81 1 0 16 0.00 0.0 M 10.6 21 190 M M 1 30 210
16 84 66 75 -5 0 10 1.75 0.0 M 7.0 28 360 M M 5 13 40 350
17 90 69 80 0 0 15 2.34 0.0 M 7.4 18 30 M M 6 13 26 200
18 88 69 79 -1 0 14 0.04 0.0 M 4.9 13 40 M M 6 1 19 50
19 87 69 78 -2 0 13 0.00 0.0 M 6.7 18 20 M M 2 1 26 50
20 85 66 76 -4 0 11 0.00 0.0 M 7.2 14 60 M M 2 23 70
21 87 63 75 -5 0 10 0.00 0.0 M 2.7 10 70 M M 0 18 18 90
22 88 69 79 -1 0 14 0.00 0.0 M 3.5 10 190 M M 3 18 14 180
23 90 71 81 1 0 16 0.00 0.0 M 5.1 13 200 M M 1 1 17 180
24 91 73 82 2 0 17 0.00 0.0 M 4.4 13 230 M M 1 21 180
25 92 75 84 4 0 19 0.00 0.0 M 3.9 13 170 M M 3 3 17 160
26 94 72 83 3 0 18 0.00 0.0 M 2.5 10 80 M M 1 19 80
27 96 72 84 4 0 19 0.00 0.0 M 2.4 10 160 M M 2 1 13 40
28 94 72 83 3 0 18 0.00 0.0 M 2.7 9 220 M M 1 13 200
29 94 71 83 3 0 18 0.00 0.0 M 3.5 10 240 M M 1 18 14 240
30 95 68 82 2 0 17 0.00 0.0 M 3.3 12 200 M M 0 1 15 190
31 96 71 84 4 0 19 0.00 0.0 M 6.2 15 250 M M 1 18 22 260
================================================================================
SM 2754 2105 0 424 4.62 0.0 154.3 M 79
================================================================================
AV 88.8 67.9 5.0 FASTST M M 3 MAX(MPH)
MISC ----> 28 360 40 350
================================================================================
NOTES:
# LAST OF SEVERAL OCCURRENCES
COLUMN 17 PEAK WIND IN M.P.H.
PRELIMINARY LOCAL CLIMATOLOGICAL DATA (WS FORM: F-6) , PAGE 2
STATION: HIGHFILL ARKANSAS
MONTH: JULY
YEAR: 2021
LATITUDE: 36 16 N
LONGITUDE: 94 19 W
[TEMPERATURE DATA] [PRECIPITATION DATA] SYMBOLS USED IN COLUMN 16
AVERAGE MONTHLY: 78.4 TOTAL FOR MONTH: 4.62 1 = FOG OR MIST
DPTR FM NORMAL: -1.0 DPTR FM NORMAL: 0.45 2 = FOG REDUCING VISIBILITY
HIGHEST: 96 ON 31,27 GRTST 24HR 2.72 ON 16-17 TO 1/4 MILE OR LESS
LOWEST: 58 ON 13 3 = THUNDER
SNOW, ICE PELLETS, HAIL 4 = ICE PELLETS
TOTAL MONTH: 0.0 INCH 5 = HAIL
GRTST 24HR 0.0 6 = FREEZING RAIN OR DRIZZLE
GRTST DEPTH: M ON M 7 = DUSTSTORM OR SANDSTORM:
VSBY 1/2 MILE OR LESS
8 = SMOKE OR HAZE
[NO. OF DAYS WITH] [WEATHER - DAYS WITH] 9 = BLOWING SNOW
X = TORNADO
MAX 32 OR BELOW: 0 0.01 INCH OR MORE: 6
MAX 90 OR ABOVE: 15 0.10 INCH OR MORE: 3
MIN 32 OR BELOW: 0 0.50 INCH OR MORE: 2
MIN 0 OR BELOW: 0 1.00 INCH OR MORE: 2
[HDD (BASE 65) ]
TOTAL THIS MO. 0 CLEAR (SCALE 0-3) 23
DPTR FM NORMAL 0 PTCLDY (SCALE 4-7) 8
TOTAL FM JUL 1 0 CLOUDY (SCALE 8-10) 0
DPTR FM NORMAL 0
[CDD (BASE 65) ]
TOTAL THIS MO. 424
DPTR FM NORMAL -22 [PRESSURE DATA]
TOTAL FM JAN 1 840 HIGHEST SLP M ON M
DPTR FM NORMAL -58 LOWEST SLP 29.79 ON 10
[REMARKS]
#FINAL-07-21#