000
CXUS51 KCLE 011413
CLMYNG
CLIMATE REPORT
NATIONAL WEATHER SERVICE CLEVELAND, OH
1013 AM EDT FRI SEP 01 2023
...................................
...THE YOUNGSTOWN OH CLIMATE SUMMARY FOR THE MONTH OF AUGUST 2023...
CLIMATE NORMAL PERIOD 1991 TO 2020
CLIMATE RECORD PERIOD 1897 TO 2023
WEATHER OBSERVED NORMAL DEPART LAST YEAR`S
VALUE DATE(S) VALUE FROM VALUE
NORMAL
..............................................................
TEMPERATURE (F)
RECORD
HIGH 97 08/17/1988
08/30/1953
LOW 32 08/29/1982
HIGHEST 86 08/06
08/12
08/21
LOWEST 50 08/19
AVG. MAXIMUM 79.5 81.1 -1.6 83.1
AVG. MINIMUM 59.4 58.8 0.6 60.2
MEAN 69.5 69.9 -0.4 71.6
DAYS MAX >= 90 0 2.4 -2.4 3
DAYS MAX <= 32 0 0.0 0.0 0
DAYS MIN <= 32 0 0.0 0.0 0
DAYS MIN <= 0 0 0.0 0.0 0
PRECIPITATION (INCHES)
RECORD
MAXIMUM 9.45 2021
MINIMUM 0.51
TOTALS 3.84 3.48 0.36 1.87
DAYS >= .01 11 10.8 0.2 10
DAYS >= .10 10 6.6 3.4 7
DAYS >= .50 2 2.3 -0.3 1
DAYS >= 1.00 0 0.7 -0.7 0
GREATEST
24 HR. TOTAL 1.38 08/11 TO 08/12 0.64
SNOWFALL (INCHES)
RECORDS
TOTAL T 2011
TOTALS 0.0 0.0 0.0 0.0
SINCE 7/1 0.0 0.0 0.0 0.0
DAYS >= 1.0 0 0.0 0.0 0
GREATEST
24 HR TOTAL 0.0
DEGREE DAYS
HEATING TOTAL 8 17 -9 2
SINCE 7/1 8 22 -14 2
COOLING TOTAL 154 170 -16 218
SINCE 1/1 516 559 -43 688
..............................................................
WIND (MPH)
AVERAGE WIND SPEED 6.4
HIGHEST WIND SPEED/DIRECTION 32/290 DATE 08/24
HIGHEST GUST SPEED/DIRECTION 59/280 DATE 08/17
SKY COVER
AVERAGE SKY COVER 0.64
AVERAGE RH (PERCENT) 75
WEATHER CONDITIONS. NUMBER OF DAYS WITH
THUNDERSTORM 10 MIXED PRECIP 0
HEAVY RAIN 5 RAIN 6
LIGHT RAIN 15 FREEZING RAIN 0
LT FREEZING RAIN 0 HAIL 0
HEAVY SNOW 0 SNOW 0
LIGHT SNOW 0 SLEET 0
FOG 20 FOG W/VIS <= 1/4 MILE 1
HAZE 3
- INDICATES NEGATIVE NUMBERS.
R INDICATES RECORD WAS SET OR TIED.
MM INDICATES DATA IS MISSING.
T INDICATES TRACE AMOUNT.
$$