000
CXUS51 KPBZ 010730
CF6ZZV
PRELIMINARY LOCAL CLIMATOLOGICAL DATA (WS FORM: F-6)
STATION: ZANESVILLE OH
MONTH: JULY
YEAR: 2022
LATITUDE: 39 56 N
LONGITUDE: 81 54 W
TEMPERATURE IN F: :PCPN: SNOW: WIND :SUNSHINE: SKY :PK WND
================================================================================
1 2 3 4 5 6A 6B 7 8 9 10 11 12 13 14 15 16 17 18
12Z AVG MX 2MIN
DY MAX MIN AVG DEP HDD CDD WTR SNW DPTH SPD SPD DIR MIN PSBL S-S WX SPD DR
================================================================================
1 89 65 77 3 0 12 0.15 M M 5.1 30 340 M M 3 138 35 330
2 86 67 77 3 0 12 0.04 M M 2.7 12 310 M M 3 1 15 310
3 85 64 75 1 0 10 0.00 M M 2.3 10 60 M M 0 13 60
4 87 60 74 0 0 9 0.00 M M 2.7 12 100 M M 0 14 100
5 81 68 75 1 0 10 0.41 M M 5.7 18 250 M M 3 13 28 270
6 81 70 76 2 0 11 0.91 M M 4.6 20 290 M M 6 13 28 290
7 85 69 77 3 0 12 0.00 M M 3.6 10 330 M M 3 13 330
8 74 67 71 -3 0 6 0.10 M M 3.5 9 40 M M 6 1 13 50
9 85 66 76 2 0 11 0.00 M M 4.7 13 350 M M 4 1 20 360
10 86 63 75 1 0 10 0.00 M M 3.2 8 60 M M 2 15 130
11 86 62 74 0 0 9 0.00 M M 5.8 14 260 M M 1 1 19 270
12 88 66 77 3 0 12 0.01 M M 7.0 18 300 M M 2 25 290
13 84 61 73 -1 0 8 0.16 M M 3.5 25 330 M M 2 13 42 320
14 82 61 72 -2 0 7 0.00 M M 2.9 10 330 M M 5 12 13 320
15 83 58 71 -3 0 6 T M M 3.0 9 280 M M 1 14 310
16 75 64 70 -4 0 5 0.62 M M 4.3 10 140 M M 9 13 14 280
17 75 68 72 -2 0 7 0.51 M M 6.6 15 290 M M 6 13 23 300
18 79 69 74 0 0 9 0.68 M M 5.5 14 180 M M 6 1 19 180
19 87 65 76 2 0 11 0.00 M M 3.4 10 230 M M 5 12 14 260
20 89 68 79 5 0 14 0.34 M M 7.5 20 340 M M 2 13 29 330
21 87 69 78 4 0 13 0.00 M M 6.1 16 270 M M 3 1 23 260
22 89 66 78 4 0 13 0.00 M M 5.3 14 230 M M 1 20 270
23 86 64 75 1 0 10 0.20 M M 3.7 15 310 M M 1 13 43 320
24 90 68 79 5 0 14 T M M 7.4 20 210 M M 2 3 28 210
25 83 68 76 2 0 11 0.05 M M 5.8 15 250 M M 4 1 19 250
26 77 65 71 -3 0 6 0.03 M M 1.1 8 170 M M 7 18 10 160
27 81 70 76 2 0 11 0.04 M M 4.7 13 200 M M 9 1 16 190
28 85 70 78 4 0 13 0.08 M M 6.3 17 310 M M 4 18 24 280
29 81 65 73 -1 0 8 0.04 M M 2.3 10 250 M M 4 8 13 290
30 82 58 70 -4 0 5 0.00 M M 1.7 8 300 M M 1 1 11 330
31 80 61 71 -3 0 6 0.03 M M 2.6 8 160 M M 3 11 150
================================================================================
SM 2588 2025 0 301 4.40 M 134.6 M 108
================================================================================
AV 83.5 65.3 4.3 FASTST M M 3 MAX(MPH)
MISC ----> 30 340 43 320
================================================================================
NOTES:
# LAST OF SEVERAL OCCURRENCES
COLUMN 17 PEAK WIND IN M.P.H.
PRELIMINARY LOCAL CLIMATOLOGICAL DATA (WS FORM: F-6) , PAGE 2
STATION: ZANESVILLE OH
MONTH: JULY
YEAR: 2022
LATITUDE: 39 56 N
LONGITUDE: 81 54 W
[TEMPERATURE DATA] [PRECIPITATION DATA] SYMBOLS USED IN COLUMN 16
AVERAGE MONTHLY: 74.4 TOTAL FOR MONTH: 4.40 1 = FOG OR MIST
DPTR FM NORMAL: 0.2 DPTR FM NORMAL: 0.67 2 = FOG REDUCING VISIBILITY
HIGHEST: 90 ON 24 GRTST 24HR 1.16 ON 5- 6 TO 1/4 MILE OR LESS
LOWEST: 58 ON 30,15 3 = THUNDER
SNOW, ICE PELLETS, HAIL 4 = ICE PELLETS
TOTAL MONTH: M 5 = HAIL
GRTST 24HR M ON M 6 = FREEZING RAIN OR DRIZZLE
GRTST DEPTH: M ON M 7 = DUSTSTORM OR SANDSTORM:
VSBY 1/2 MILE OR LESS
8 = SMOKE OR HAZE
[NO. OF DAYS WITH] [WEATHER - DAYS WITH] 9 = BLOWING SNOW
X = TORNADO
MAX 32 OR BELOW: 0 0.01 INCH OR MORE: 18
MAX 90 OR ABOVE: 1 0.10 INCH OR MORE: 10
MIN 32 OR BELOW: 0 0.50 INCH OR MORE: 4
MIN 0 OR BELOW: 0 1.00 INCH OR MORE: 0
[HDD (BASE 65) ]
TOTAL THIS MO. 0 CLEAR (SCALE 0-3) 18
DPTR FM NORMAL -2 PTCLDY (SCALE 4-7) 11
TOTAL FM JUL 1 0 CLOUDY (SCALE 8-10) 2
DPTR FM NORMAL 0
[CDD (BASE 65) ]
TOTAL THIS MO. 301
DPTR FM NORMAL 14 [PRESSURE DATA]
TOTAL FM JAN 1 570 HIGHEST SLP 30.21 ON 30
DPTR FM NORMAL 18 LOWEST SLP 29.63 ON 20
[REMARKS]
#FINAL-07-22#