000
CXUS51 KPBZ 010730
CF6ZZV
PRELIMINARY LOCAL CLIMATOLOGICAL DATA (WS FORM: F-6)
STATION: ZANESVILLE OH
MONTH: MARCH
YEAR: 2022
LATITUDE: 39 56 N
LONGITUDE: 81 54 W
TEMPERATURE IN F: :PCPN: SNOW: WIND :SUNSHINE: SKY :PK WND
================================================================================
1 2 3 4 5 6A 6B 7 8 9 10 11 12 13 14 15 16 17 18
12Z AVG MX 2MIN
DY MAX MIN AVG DEP HDD CDD WTR SNW DPTH SPD SPD DIR MIN PSBL S-S WX SPD DR
================================================================================
1 61 29 45 8 20 0 0.00 M M 6.0 18 200 M M 5 25 250
2 58 33 46 9 19 0 T M M 3.9 16 260 M M 6 18 20 250
3 56 25 41 4 24 0 T M M 9.2 21 330 M M 4 28 320
4 49 20 35 -3 30 0 0.00 M M 3.2 8 100 M M 0 10 50
5 76 35 56 18 9 0 0.00 M M 6.9 21 210 M M 1 27 210
6 69 57 63 25 2 0 0.19 M M 12.5 22 200 M M 8 13 31 200
7 64 36 50 11 15 0 0.61 M M 13.3 30 280 M M 10 13 42 290
8 44 34 39 0 26 0 T M M 4.7 16 290 M M 5 1 20 300
9 45 28 37 -2 28 0 0.11 M M 3.6 10 330 M M 5 1 13 250
10 53 23 38 -2 27 0 0.00 M M 1.6 10 330 M M 0 1 14 330
11 57 27 42 2 23 0 0.04 M M 8.1 21 320 M M 3 1 28 330
12 27 18 23 -17 42 0 0.08 M M 13.1 26 290 M M 9 18 33 290
13 42 12 27 -13 38 0 0.00 M M 9.8 24 190 M M 3 31 200
14 60 28 44 3 21 0 0.00 M M 7.8 18 200 M M 0 22 190
15 65 33 49 8 16 0 0.00 M M 3.6 14 270 M M 3 18 270
16 69 34 52 10 13 0 0.00 M M 3.2 14 180 M M 1 19 170
17 71 47 59 17 6 0 0.00 M M 2.1 10 250 M M 5 13 240
18 71 40 56 14 9 0 0.10 M M 4.4 20 170 M M 4 123 26 150
19 61 42 52 9 13 0 0.08 M M 11.0 25 250 M M 9 18 35 240
20 56 36 46 3 19 0 0.01 M M 9.0 17 290 M M 7 1 25 290
21 68 33 51 8 14 0 0.00 M M 2.9 13 280 M M 1 19 320
22 62 43 53 9 12 0 0.00 M M 7.0 16 90 M M 4 22 80
23 70 50 60 16 5 0 0.48 M M 9.2 20 250 M M 8 13 26 140
24 58 44 51 7 14 0 T M M 9.0 18 240 M M 7 28 230
25 46 37 42 -3 23 0 0.09 M M 9.3 21 320 M M 8 18 28 320
26 40 32 36 -9 29 0 0.01 M M 12.4 23 260 M M 9 33 280
27 34 28 31 -15 34 0 T M M 13.0 22 290 M M 10 8 30 300
28 35 20 28 -18 37 0 T M M 9.0 22 300 M M 3 27 290
29 45 16 31 -15 34 0 0.05 M M 3.4 9 90 M M 4 13 160
30 80 35 58 11 7 0 0.04 M M 11.8 26 170 M M 4 34 160
31 72 40 56 9 9 0 0.01 M M 14.2 28 270 M M 9 39 210
================================================================================
SM 1764 1015 618 0 1.90 M 238.2 M 155
================================================================================
AV 56.9 32.7 7.7 FASTST M M 5 MAX(MPH)
MISC ----> 30 280 42 290
================================================================================
NOTES:
# LAST OF SEVERAL OCCURRENCES
COLUMN 17 PEAK WIND IN M.P.H.
PRELIMINARY LOCAL CLIMATOLOGICAL DATA (WS FORM: F-6) , PAGE 2
STATION: ZANESVILLE OH
MONTH: MARCH
YEAR: 2022
LATITUDE: 39 56 N
LONGITUDE: 81 54 W
[TEMPERATURE DATA] [PRECIPITATION DATA] SYMBOLS USED IN COLUMN 16
AVERAGE MONTHLY: 44.8 TOTAL FOR MONTH: 1.90 1 = FOG OR MIST
DPTR FM NORMAL: 3.2 DPTR FM NORMAL: -1.34 2 = FOG REDUCING VISIBILITY
HIGHEST: 80 ON 30 GRTST 24HR 0.61 ON 7- 7 TO 1/4 MILE OR LESS
LOWEST: 12 ON 13 3 = THUNDER
SNOW, ICE PELLETS, HAIL 4 = ICE PELLETS
TOTAL MONTH: M 5 = HAIL
GRTST 24HR M ON M 6 = FREEZING RAIN OR DRIZZLE
GRTST DEPTH: M ON M 7 = DUSTSTORM OR SANDSTORM:
VSBY 1/2 MILE OR LESS
8 = SMOKE OR HAZE
[NO. OF DAYS WITH] [WEATHER - DAYS WITH] 9 = BLOWING SNOW
X = TORNADO
MAX 32 OR BELOW: 1 0.01 INCH OR MORE: 14
MAX 90 OR ABOVE: 0 0.10 INCH OR MORE: 5
MIN 32 OR BELOW: 13 0.50 INCH OR MORE: 1
MIN 0 OR BELOW: 0 1.00 INCH OR MORE: 0
[HDD (BASE 65) ]
TOTAL THIS MO. 618 CLEAR (SCALE 0-3) 7
DPTR FM NORMAL -107 PTCLDY (SCALE 4-7) 17
TOTAL FM JUL 1 4388 CLOUDY (SCALE 8-10) 7
DPTR FM NORMAL -331
[CDD (BASE 65) ]
TOTAL THIS MO. 0
DPTR FM NORMAL -1 [PRESSURE DATA]
TOTAL FM JAN 1 0 HIGHEST SLP 30.52 ON 4
DPTR FM NORMAL -1 LOWEST SLP 29.36 ON 31
[REMARKS]
#FINAL-03-22#