000
CXUS51 KPBZ 010730
CF6ZZV
PRELIMINARY LOCAL CLIMATOLOGICAL DATA (WS FORM: F-6)
STATION: ZANESVILLE OH
MONTH: JULY
YEAR: 2021
LATITUDE: 39 56 N
LONGITUDE: 81 54 W
TEMPERATURE IN F: :PCPN: SNOW: WIND :SUNSHINE: SKY :PK WND
================================================================================
1 2 3 4 5 6A 6B 7 8 9 10 11 12 13 14 15 16 17 18
12Z AVG MX 2MIN
DY MAX MIN AVG DEP HDD CDD WTR SNW DPTH SPD SPD DIR MIN PSBL S-S WX SPD DR
================================================================================
1 88 65 77 3 0 12 0.32 M M 4.9 29 300 M M M 42 300
2 75 57 66 -8 0 1 T M M 8.0 25 280 M M 5 M M
3 79 54 67 -7 0 2 0.00 M M 6.0 15 280 M M 5 M M
4 86 61 74 0 0 9 0.00 M M 3.7 12 340 M M M 15 10
5 90 64 77 3 0 12 0.00 M M 3.7 12 250 M M M 15 230
6 91 69 80 6 0 15 0.00 M M 3.7 13 190 M M M 20 230
7 91 70 81 7 0 16 0.08 M M 3.2 18 240 M M M 27 260
8 82 69 76 2 0 11 0.02 M M 5.0 17 330 M M M 22 320
9 79 63 71 -3 0 6 0.01 M M 6.3 14 310 M M 6 1 19 290
10 75 57 66 -8 0 1 0.00 M M 3.0 10 110 M M 2 12 13 90
11 80 65 73 -1 0 8 0.42 M M 6.7 16 170 M M 6 13 22 200
12 84 71 78 4 0 13 0.04 M M 6.6 21 200 M M 6 18 24 200
13 82 71 77 3 0 12 1.08 M M 7.9 20 210 M M 4 123 26 210
14 85 69 77 3 0 12 0.00 M M 4.9 13 260 M M 5 16 260
15 86 65 76 2 0 11 0.00 M M 6.3 15 190 M M 2 3 19 180
16 87 70 79 5 0 14 0.16 M M 5.2 24 200 M M 3 13 32 200
17 79 63 71 -3 0 6 0.26 M M 5.9 20 300 M M 6 138 28 280
18 83 59 71 -3 0 6 0.00 M M 2.8 9 10 M M 1 1 13 320
19 84 60 72 -2 0 7 0.00 M M 2.3 10 310 M M 1 1 14 320
20 85 62 74 0 0 9 0.00 M M 1.2 7 250 M M 2 138 10 330
21 78 61 70 -4 0 5 0.00 M M 5.3 13 320 M M 4 1 17 320
22 78 54 66 -8 0 1 0.00 M M 2.3 12 330 M M 0 15 330
23 78 59 69 -5 0 4 0.00 M M 1.4 9 100 M M 0 11 100
24 84 61 73 -1 0 8 0.00 M M 4.6 10 210 M M 2 13 240
25 87 70 79 5 0 14 0.00 M M 3.3 9 160 M M 4 13 170
26 88 64 76 2 0 11 0.00 M M 3.1 13 340 M M 2 12 17 320
27 89 58 74 0 0 9 0.00 M M 2.0 9 350 M M 1 12 12 330
28 88 62 75 1 0 10 0.00 M M 2.1 9 300 M M 3 1 13 340
29 87 68 78 4 0 13 0.18 M M 4.9 18 30 M M 2 138 28 40
30 82 63 73 -1 0 8 0.00 M M 5.7 16 320 M M 3 1 20 330
31 77 61 69 -5 0 4 0.00 M M 3.0 8 190 M M 2 12 140
================================================================================
SM 2587 1965 0 270 2.57 M 135.0 M 77
================================================================================
AV 83.5 63.4 4.4 FASTST M M 3 MAX(MPH)
MISC ----> 29 300 42 300
================================================================================
NOTES:
# LAST OF SEVERAL OCCURRENCES
COLUMN 17 PEAK WIND IN M.P.H.
PRELIMINARY LOCAL CLIMATOLOGICAL DATA (WS FORM: F-6) , PAGE 2
STATION: ZANESVILLE OH
MONTH: JULY
YEAR: 2021
LATITUDE: 39 56 N
LONGITUDE: 81 54 W
[TEMPERATURE DATA] [PRECIPITATION DATA] SYMBOLS USED IN COLUMN 16
AVERAGE MONTHLY: 73.4 TOTAL FOR MONTH: 2.57 1 = FOG OR MIST
DPTR FM NORMAL: -0.8 DPTR FM NORMAL: -1.16 2 = FOG REDUCING VISIBILITY
HIGHEST: 91 ON 7, 6 GRTST 24HR 1.08 ON 13-14 TO 1/4 MILE OR LESS
LOWEST: 54 ON 22, 3 3 = THUNDER
SNOW, ICE PELLETS, HAIL 4 = ICE PELLETS
TOTAL MONTH: M 5 = HAIL
GRTST 24HR M ON M 6 = FREEZING RAIN OR DRIZZLE
GRTST DEPTH: M ON M 7 = DUSTSTORM OR SANDSTORM:
VSBY 1/2 MILE OR LESS
8 = SMOKE OR HAZE
[NO. OF DAYS WITH] [WEATHER - DAYS WITH] 9 = BLOWING SNOW
X = TORNADO
MAX 32 OR BELOW: 0 0.01 INCH OR MORE: 10
MAX 90 OR ABOVE: 3 0.10 INCH OR MORE: 6
MIN 32 OR BELOW: 0 0.50 INCH OR MORE: 1
MIN 0 OR BELOW: 0 1.00 INCH OR MORE: 1
[HDD (BASE 65) ]
TOTAL THIS MO. 0 CLEAR (SCALE 0-3) 14
DPTR FM NORMAL -2 PTCLDY (SCALE 4-7) 11
TOTAL FM JUL 1 0 CLOUDY (SCALE 8-10) 6
DPTR FM NORMAL 0
[CDD (BASE 65) ]
TOTAL THIS MO. 270
DPTR FM NORMAL -17 [PRESSURE DATA]
TOTAL FM JAN 1 581 HIGHEST SLP 30.27 ON 1
DPTR FM NORMAL 29 LOWEST SLP 29.57 ON 21
[REMARKS]
#FINAL-07-21#