000
CXUS54 KHGX 270719
CF611R
PRELIMINARY LOCAL CLIMATOLOGICAL DATA (WS FORM: F-6)

                                          STATION:   BRENHAM
                                          MONTH:     MAY
                                          YEAR:      2015
                                          LATITUDE:   30 13 N
                                          LONGITUDE:  96 22 W

  TEMPERATURE IN F:       :PCPN:    SNOW:  WIND      :SUNSHINE: SKY     :PK WND
================================================================================
1   2   3   4   5  6A  6B    7    8   9   10  11  12  13   14  15   16   17  18
                                     12Z  AVG MX 2MIN
DY MAX MIN AVG DEP HDD CDD  WTR  SNW DPTH SPD SPD DIR MIN PSBL S-S WX    SPD DR
================================================================================

 1  83  57  70   M   0   5 0.00  0.0    0  1.2  7 210   M    M   0         M  M
 2  83  59  71   M   0   6 0.00  0.0    0  3.5 10 130   M    M   0         M  M
 3  85  57  71   M   0   6 0.00  0.0    0  5.5 12 190   M    M   0 1      18 160
 4  85  63  74   M   0   9 0.00  0.0    0  5.9 13 120   M    M   0 1      17 120
 5  86  63  75   M   0  10 0.00  0.0    0 10.1 18 160   M    M   4 3      24 150
 6  87  68  78   M   0  13 1.76  0.0    0 10.0 18 150   M    M   4 3      23 150
 7  85  74  80   M   0  15 0.00  0.0    0  9.6 15 160   M    M   6        23 160
 8  85  76  81   M   0  16 0.00  0.0    0  8.8 14 130   M    M   6 18     22 130
 9  88  76  82   M   0  17 0.00  0.0    0 11.8 27 150   M    M   4 138    33 150
10  88  77  83   M   0  18 0.00  0.0    0 12.5 18 150   M    M   5 18     24 150
11  79  67  73   M   0   8 2.55  0.0    0  5.0 12 320   M    M   5 13     17  80
12  74  69  72   M   0   7 0.41  0.0    0  4.6  9  90   M    M   5 3       M  M
13  77  69  73   M   0   8 0.25  0.0    0  5.2 20 240   M    M   5 1      25 240
14  86  70  78   M   0  13 0.36  0.0    0  6.3 13 140   M    M   6 13     17 150
15  82  73  78   M   0  13 0.05  0.0    0  5.6 15 110   M    M   7 3      20 110
16  88  70  79   M   0  14 0.00  0.0    0 10.5 21 170   M    M   5 1      30 180
17  82  71  77   M   0  12 0.45  0.0    0  6.7 15 170   M    M   7 13     30 170
18  88  69  79   M   0  14 2.58  0.0    0  5.8 10 190   M    M   5 3      20 210
19  87  75  81   M   0  16 0.03  0.0    0  7.0 15 140   M    M   6 13     22 140
20  89  75  82   M   0  17 0.00  0.0    0  4.3 14 120   M    M   4 13     20 120
21  78  67  73   M   0   8 0.00  0.0    0  6.6 16 350   M    M   8 1      21 320
22  81  68  75   M   0  10 0.00  0.0    0  6.5 13 110   M    M   7        16 110
23  88  68  78   M   0  13 0.68  0.0    0  7.5 16 270   M    M   4 13     24 270
24  83  68  76   M   0  11 1.00  0.0    0  7.3 16 180   M    M   5 3      20 180
25  87  67  77   M   0  12 1.31  0.0    0  7.7 15 150   M    M   6 3      30 150
26  87  67  77   M   0  12 0.07  0.0    0  8.6 15 190   M    M   4 3      22 170
================================================================================
SM 2191 1783         0 303 11.50     0.0 184.1          M      118
================================================================================
AV 84.3 68.6                               7.1 FASTST   M    M   5    MAX(MPH)
                                 MISC ---->  # 27 150                 33    M
================================================================================
NOTES:
# LAST OF SEVERAL OCCURRENCES

COLUMN 17 PEAK WIND IN M.P.H.

PRELIMINARY LOCAL CLIMATOLOGICAL DATA (WS FORM: F-6) , PAGE 2

                                          STATION:  BRENHAM
                                          MONTH:    MAY
                                          YEAR:     2015
                                          LATITUDE:   30 13 N
                                          LONGITUDE:  96 22 W

[TEMPERATURE DATA]      [PRECIPITATION DATA]       SYMBOLS USED IN COLUMN 16

AVERAGE MONTHLY: 76.4   TOTAL FOR MONTH:  11.50    1 = FOG OR MIST
DPTR FM NORMAL:     M   DPTR FM NORMAL:       M    2 = FOG REDUCING VISIBILITY
HIGHEST:    89 ON 20    GRTST 24HR  2.58 ON 18-18      TO 1/4 MILE OR LESS
LOWEST:     57 ON  3, 1                            3 = THUNDER
                        SNOW, ICE PELLETS, HAIL    4 = ICE PELLETS
                        TOTAL MONTH:   0.0 INCH    5 = HAIL
                        GRTST 24HR     0.0         6 = FREEZING RAIN OR DRIZZLE
                        GRTST DEPTH:   0           7 = DUSTSTORM OR SANDSTORM:
                                                       VSBY 1/2 MILE OR LESS
                                                   8 = SMOKE OR HAZE
[NO. OF DAYS WITH]      [WEATHER - DAYS WITH]      9 = BLOWING SNOW
                                                   X = TORNADO
MAX 32 OR BELOW:   0    0.01 INCH OR MORE:  13
MAX 90 OR ABOVE:   0    0.10 INCH OR MORE:  10
MIN 32 OR BELOW:   0    0.50 INCH OR MORE:   6
MIN  0 OR BELOW:   0    1.00 INCH OR MORE:   5

[HDD (BASE 65) ]
TOTAL THIS MO.     0    CLEAR  (SCALE 0-3)   4
DPTR FM NORMAL     M    PTCLDY (SCALE 4-7)  22
TOTAL FM JUL 1  1547    CLOUDY (SCALE 8-10)  0
DPTR FM NORMAL     M

[CDD (BASE 65) ]
TOTAL THIS MO.   303
DPTR FM NORMAL     M    [PRESSURE DATA]
TOTAL FM JAN 1   592    HIGHEST SLP M ON M
DPTR FM NORMAL     M    LOWEST  SLP M ON M

[REMARKS]
