000
CXUS54 KHGX 301415
CF611R
PRELIMINARY LOCAL CLIMATOLOGICAL DATA (WS FORM: F-6)

                                          STATION:   BRENHAM
                                          MONTH:     APRIL
                                          YEAR:      2016
                                          LATITUDE:   30 13 N
                                          LONGITUDE:  96 22 W

  TEMPERATURE IN F:       :PCPN:    SNOW:  WIND      :SUNSHINE: SKY     :PK WND
================================================================================
1   2   3   4   5  6A  6B    7    8   9   10  11  12  13   14  15   16   17  18
                                     12Z  AVG MX 2MIN
DY MAX MIN AVG DEP HDD CDD  WTR  SNW DPTH SPD SPD DIR MIN PSBL S-S WX    SPD DR
================================================================================

 1  70  48  59   M   6   0 0.00  0.0    0 10.0 16  10   M    M   5 3      25  50
 2  73  44  59   M   6   0 0.00  0.0    0  7.1 16 300   M    M   0        21 300
 3  77  41  59   M   6   0 0.00  0.0    0  1.9  7 180   M    M   0         M  M
 4  82  53  68   M   0   3 0.00  0.0    0  3.5 13 230   M    M   0        21 230
 5  83  52  68   M   0   3 0.00  0.0    0  5.3 14 200   M    M   0        21 200
 6  81  52  67   M   0   2 0.00  0.0    0  7.1 17 330   M    M   3        23 330
 7  85  46  66   M   0   1 0.00  0.0    0  2.8 10 170   M    M   0        16 230
 8  81  53  67   M   0   2 0.00  0.0    0  3.6 12  80   M    M   0        20  80
 9  78  55  67   M   0   2 0.00  0.0    0  5.9 13 180   M    M   2        17 160
10  82  61  72   M   0   7 0.01  0.0    0  9.4 17 150   M    M   9 13     24 190
11  78  69  74   M   0   9 0.02  0.0    0  9.7 17 170   M    M   8 1      27 170
12  74  66  70   M   0   5 0.04  0.0    0  5.4 13  60   M    M  10 13     20  60
13  72  62  67   M   0   2 1.19  0.0    0  4.6  9  80   M    M  10 13     17  10
14  71  60  66   M   0   1 0.00  0.0    0  6.4 13 360   M    M   8 1       M  M
15  80  53  67   M   0   2 0.00  0.0    0  2.5  7 110   M    M   5 12      M  M
16  82  63  73   M   0   8 0.10  0.0    0 10.5 17 130   M    M  10 1      27 130
17  78  68  73   M   0   8 0.51  0.0    0 10.6 16 120   M    M  10 13     22 110
18  77  66  72   M   0   7 2.68  0.0    0  5.6  8 100   M    M   7 3       M  M
19  82  65  74   M   0   9 0.02  0.0    0  3.5  8 150   M    M   7 123     M  M
20  76  63  70   M   0   5 0.14  0.0    0  3.0 13 270   M    M   7 13      M  M
21  78  62  70   M   0   5 0.03  0.0    0  3.5 15  10   M    M   5 3      28  10
22  81  60  71   M   0   6 0.00  0.0    0  4.4 13 350   M    M   0 1      20 360
23  83  56  70   M   0   5 0.03  0.0    0  1.9  6 150   M    M   0         M  M
24  76  60  68   M   0   3 0.02  0.0    0  4.6 12 150   M    M   5 1      17 160
25  88  67  78   M   0  13 0.00  0.0    0  8.0 14 150   M    M   7 1      21 160
26  87  74  81   M   0  16 0.00  0.0    0 11.2 15 180   M    M   9 1      25 160
27  86  63  75   M   0  10 0.33  0.0    0  4.9 21 300   M    M   4 13     50 300
28  89  67  78   M   0  13 0.01  0.0    0  7.7 15 120   M    M   8 1      20 130
29  88  77  83   M   0  18 0.00  0.0    0 12.5 17 170   M    M   9 13     27 170
================================================================================
SM 2318 1726        18 165  5.13     0.0 177.1          M      148
================================================================================
AV 79.9 59.5                               6.1 FASTST   M    M   5    MAX(MPH)
                                 MISC ---->    21   M               # 50  300
================================================================================
NOTES:
# LAST OF SEVERAL OCCURRENCES

COLUMN 17 PEAK WIND IN M.P.H.

PRELIMINARY LOCAL CLIMATOLOGICAL DATA (WS FORM: F-6) , PAGE 2

                                          STATION:  BRENHAM
                                          MONTH:    APRIL
                                          YEAR:     2016
                                          LATITUDE:   30 13 N
                                          LONGITUDE:  96 22 W

[TEMPERATURE DATA]      [PRECIPITATION DATA]       SYMBOLS USED IN COLUMN 16

AVERAGE MONTHLY: 69.7   TOTAL FOR MONTH:   5.13    1 = FOG OR MIST
DPTR FM NORMAL:     M   DPTR FM NORMAL:       M    2 = FOG REDUCING VISIBILITY
HIGHEST:    89 ON 28    GRTST 24HR  2.68 ON 18-18      TO 1/4 MILE OR LESS
LOWEST:     41 ON  3                               3 = THUNDER
                        SNOW, ICE PELLETS, HAIL    4 = ICE PELLETS
                        TOTAL MONTH:   0.0 INCH    5 = HAIL
                        GRTST 24HR     0.0         6 = FREEZING RAIN OR DRIZZLE
                        GRTST DEPTH:   0           7 = DUSTSTORM OR SANDSTORM:
                                                       VSBY 1/2 MILE OR LESS
                                                   8 = SMOKE OR HAZE
[NO. OF DAYS WITH]      [WEATHER - DAYS WITH]      9 = BLOWING SNOW
                                                   X = TORNADO
MAX 32 OR BELOW:   0    0.01 INCH OR MORE:  14
MAX 90 OR ABOVE:   0    0.10 INCH OR MORE:   6
MIN 32 OR BELOW:   0    0.50 INCH OR MORE:   3
MIN  0 OR BELOW:   0    1.00 INCH OR MORE:   2

[HDD (BASE 65) ]
TOTAL THIS MO.    18    CLEAR  (SCALE 0-3)  10
DPTR FM NORMAL     M    PTCLDY (SCALE 4-7)  12
TOTAL FM JUL 1  1050    CLOUDY (SCALE 8-10)  7
DPTR FM NORMAL     M

[CDD (BASE 65) ]
TOTAL THIS MO.   165
DPTR FM NORMAL     M    [PRESSURE DATA]
TOTAL FM JAN 1   331    HIGHEST SLP M ON M
DPTR FM NORMAL     M    LOWEST  SLP M ON M

[REMARKS]
