000
CXUS55 KBOU 281112
CF620V
PRELIMINARY LOCAL CLIMATOLOGICAL DATA (WS FORM: F-6)

                                          STATION:   Kremmling
                                          MONTH:     MARCH
                                          YEAR:      2015
                                          LATITUDE:   40  3 N
                                          LONGITUDE: 106 22 W

  TEMPERATURE IN F:       :PCPN:    SNOW:  WIND      :SUNSHINE: SKY     :PK WND
================================================================================
1   2   3   4   5  6A  6B    7    8   9   10  11  12  13   14  15   16   17  18
                                     12Z  AVG MX 2MIN
DY MAX MIN AVG DEP HDD CDD  WTR  SNW DPTH SPD SPD DIR MIN PSBL S-S WX    SPD DR
================================================================================

 1  37  19  28   M  37   0    M    M    M  2.3 13 230   M    M   9        20 230
 2  48  28  38   M  27   0    M    M    M  5.3 23 240   M    M   9        32 240
 3  36  21  29   M  36   0    M    M    M 12.1 23 250   M    M   8        37 250
 4  25   3  14   M  51   0    M    M    M  5.8 18 320   M    M   6        25 310
 5  32  -2  15   M  50   0    M    M    M  0.7  6  90   M    M   1         M  M
 6  37   3  20   M  45   0    M    M    M  0.1  4 260   M    M   0         M  M
 7  41  12  27   M  38   0    M    M    M  0.0  M   M   M    M   0         M  M
 8  45  12  29   M  36   0    M    M    M  1.2  5 240   M    M   0         M  M
 9  46  14  30   M  35   0    M    M    M  1.0  8 320   M    M   0         M  M
10  46  16  31   M  34   0    M    M    M  0.8  5 250   M    M   0         M  M
11  46  18  32   M  33   0    M    M    M  0.4  4 270   M    M   0         M  M
12  50  25  38   M  27   0    M    M    M  1.9 13 360   M    M   7        16 360
13  52  30  41   M  24   0    M    M    M  1.3  7 310   M    M   6         M  M
14  54  21  38   M  27   0    M    M    M  0.8  5 340   M    M   0         M  M
15  61  28  45   M  20   0    M    M    M  1.3  5 250   M    M   0         M  M
16  64  27  46   M  19   0    M    M    M  2.7 15  90   M    M   0        23  90
17  70  30  50   M  15   0    M    M    M  2.6 12 240   M    M   2        18 240
18  54  34  44   M  21   0    M    M    M  3.8 13 200   M    M   8        20 330
19  54  28  41   M  24   0    M    M    M  2.9 13 330   M    M   4        18 330
20  55  21  38   M  27   0    M    M    M  0.8  5 110   M    M   0         M  M
21  61  21  41   M  24   0    M    M    M  1.1  8 350   M    M   1         M  M
22  61  23  42   M  23   0    M    M    M  2.1 13 260   M    M   5        23 260
23  55  30  43   M  22   0    M    M    M  9.2 28 250   M    M   4        41 280
24  52  28  40   M  25   0    M    M    M 11.4 28 240   M    M   7        39 240
25  43  25  34   M  31   0    M    M    M  6.0 13 320   M    M   6        18 340
26  52  19  36   M  29   0    M    M    M  3.1 14 320   M    M   2        20 320
27  61  30  46   M  19   0    M    M    M  4.4 12 320   M    M   3        18 320
================================================================================
SM 1338  564       799   0    M     M     85.1          M       88
================================================================================
AV 49.6 20.9                               3.2 FASTST   M    M   3    MAX(MPH)
                                 MISC ---->    28   M                 41    M
================================================================================
NOTES:
# LAST OF SEVERAL OCCURRENCES

COLUMN 17 PEAK WIND IN M.P.H.

PRELIMINARY LOCAL CLIMATOLOGICAL DATA (WS FORM: F-6) , PAGE 2

                                          STATION:  Kremmling
                                          MONTH:    MARCH
                                          YEAR:     2015
                                          LATITUDE:   40  3 N
                                          LONGITUDE: 106 22 W

[TEMPERATURE DATA]      [PRECIPITATION DATA]       SYMBOLS USED IN COLUMN 16

AVERAGE MONTHLY: 35.2   TOTAL FOR MONTH:      M    1 = FOG OR MIST
DPTR FM NORMAL:     M   DPTR FM NORMAL:       M    2 = FOG REDUCING VISIBILITY
HIGHEST:    70 ON 17    GRTST 24HR    M  ON   M        TO 1/4 MILE OR LESS
LOWEST:     -2 ON  5                               3 = THUNDER
                        SNOW, ICE PELLETS, HAIL    4 = ICE PELLETS
                        TOTAL MONTH:    M          5 = HAIL
                        GRTST 24HR    M  ON   M    6 = FREEZING RAIN OR DRIZZLE
                        GRTST DEPTH:  M  ON   M    7 = DUSTSTORM OR SANDSTORM:
                                                       VSBY 1/2 MILE OR LESS
                                                   8 = SMOKE OR HAZE
[NO. OF DAYS WITH]      [WEATHER - DAYS WITH]      9 = BLOWING SNOW
                                                   X = TORNADO
MAX 32 OR BELOW:   2    0.01 INCH OR MORE:   0
MAX 90 OR ABOVE:   0    0.10 INCH OR MORE:   0
MIN 32 OR BELOW:  26    0.50 INCH OR MORE:   0
MIN  0 OR BELOW:   1    1.00 INCH OR MORE:   0

[HDD (BASE 65) ]
TOTAL THIS MO.   799    CLEAR  (SCALE 0-3)  15
DPTR FM NORMAL     M    PTCLDY (SCALE 4-7)  10
TOTAL FM JUL 1  6637    CLOUDY (SCALE 8-10)  2
DPTR FM NORMAL     M

[CDD (BASE 65) ]
TOTAL THIS MO.     0
DPTR FM NORMAL     M    [PRESSURE DATA]
TOTAL FM JAN 1     0    HIGHEST SLP M ON M
DPTR FM NORMAL     M    LOWEST  SLP M ON M

[REMARKS]
