000
CXUS53 KUNR 240945
CF62WX
PRELIMINARY LOCAL CLIMATOLOGICAL DATA (WS FORM: F-6)

                                          STATION:   BUFFALO SD
                                          MONTH:     MAY
                                          YEAR:      2015
                                          LATITUDE:   45 35 N
                                          LONGITUDE: 103 33 W

  TEMPERATURE IN F:       :PCPN:    SNOW:  WIND      :SUNSHINE: SKY     :PK WND
================================================================================
1   2   3   4   5  6A  6B    7    8   9   10  11  12  13   14  15   16   17  18
                                     12Z  AVG MX 2MIN
DY MAX MIN AVG DEP HDD CDD  WTR  SNW DPTH SPD SPD DIR MIN PSBL S-S WX    SPD DR
================================================================================

 1  76  39  58   9   7   0 0.00    M    M 10.3 24 270   M    M   M        28 240
 2  80  45  63  14   2   0 0.00    M    M 13.4 30 320   M    M   M        35 320
 3  62  45  54   4  11   0 0.00    M    M  9.4 24  30   M    M   M        30  20
 4  59  42  51   1  14   0 0.00    M    M 18.2 32 140   M    M   M        38 140
 5  71  41  56   6   9   0 0.00    M    M 19.6 33 140   M    M   M        41 150
 6  61  48  55   5  10   0 0.29    M    M 18.2 33 330   M    M   M        40 330
 7  54  39  47  -4  18   0 0.00    M    M 22.0 33 320   M    M   M        40 320
 8  58  37  48  -3  17   0 0.01    M    M  9.0 21  70   M    M   M        24  60
 9  40  35  38 -13  27   0 0.21    M    M 13.2 22  60   M    M   M        28  80
10  38  33  36 -16  29   0 0.17    M    M 19.4 31 340   M    M   M        37 340
11  60  32  46  -6  19   0 0.00    M    M 11.6 22 330   M    M   M        26 330
12  65  38  52   0  13   0 0.00    M    M 11.6 22  60   M    M   M        27  50
13  66  39  53   0  12   0 0.02    M    M 11.6 22  80   M    M   M        27  80
14  53  46  50  -3  15   0 0.00    M    M 12.0 22  20   M    M   M        24  20
15  50  45  48  -5  17   0 0.32    M    M 16.4 24  80   M    M   M        31  90
16  73  49  61   7   4   0 0.14    M    M  8.1 24  80   M    M   M        29  80
17  55  33  44 -10  21   0 0.00    M    M 25.6 40 330   M    M   M        48 330
18  56  33  45  -9  20   0 0.00    M    M 11.8 25 320   M    M   M        31 320
19  56  30  43 -11  22   0 0.00    M    M  9.2 20 130   M    M   M        24 130
20  62  31  47  -8  18   0 0.00    M    M  5.1 12  70   M    M   M        16  30
21  68  37  53  -2  12   0 0.00    M    M 10.7 24 140   M    M   M        29 140
22  68  37  53  -2  12   0 0.00    M    M 15.6 31 150   M    M   M        36 140
23  59  41  50  -6  15   0 0.01    M    M 11.3 21 130   M    M   M        25 150
================================================================================
SM 1390  895       344   0  1.17    M    313.3          M        M
================================================================================
AV 60.4 38.9                              13.6 FASTST   M    M   6    MAX(MPH)
                                 MISC ---->  # 40 330               # 48  330
================================================================================
NOTES:
# LAST OF SEVERAL OCCURRENCES

COLUMN 17 PEAK WIND IN M.P.H.

PRELIMINARY LOCAL CLIMATOLOGICAL DATA (WS FORM: F-6) , PAGE 2

                                          STATION:  BUFFALO SD
                                          MONTH:    MAY
                                          YEAR:     2015
                                          LATITUDE:   45 35 N
                                          LONGITUDE: 103 33 W

[TEMPERATURE DATA]      [PRECIPITATION DATA]       SYMBOLS USED IN COLUMN 16

AVERAGE MONTHLY: 49.7   TOTAL FOR MONTH:   1.17    1 = FOG OR MIST
DPTR FM NORMAL:  -2.6   DPTR FM NORMAL:   -0.78    2 = FOG REDUCING VISIBILITY
HIGHEST:    80 ON  2    GRTST 24HR  0.45 ON 15-16      TO 1/4 MILE OR LESS
LOWEST:     30 ON 19                               3 = THUNDER
                        SNOW, ICE PELLETS, HAIL    4 = ICE PELLETS
                        TOTAL MONTH:    M          5 = HAIL
                        GRTST 24HR    M  ON   M    6 = FREEZING RAIN OR DRIZZLE
                        GRTST DEPTH:  M  ON   M    7 = DUSTSTORM OR SANDSTORM:
                                                       VSBY 1/2 MILE OR LESS
                                                   8 = SMOKE OR HAZE
[NO. OF DAYS WITH]      [WEATHER - DAYS WITH]      9 = BLOWING SNOW
                                                   X = TORNADO
MAX 32 OR BELOW:   0    0.01 INCH OR MORE:   8
MAX 90 OR ABOVE:   0    0.10 INCH OR MORE:   5
MIN 32 OR BELOW:   3    0.50 INCH OR MORE:   0
MIN  0 OR BELOW:   0    1.00 INCH OR MORE:   0

[HDD (BASE 65) ]
TOTAL THIS MO.   344    CLEAR  (SCALE 0-3)   0
DPTR FM NORMAL    48    PTCLDY (SCALE 4-7)   0
TOTAL FM JUL 1  7105    CLOUDY (SCALE 8-10)  0
DPTR FM NORMAL  -644

[CDD (BASE 65) ]
TOTAL THIS MO.     0
DPTR FM NORMAL     0    [PRESSURE DATA]
TOTAL FM JAN 1     0    HIGHEST SLP M ON M
DPTR FM NORMAL     0    LOWEST  SLP 29.30 ON 16

[REMARKS]
