000
CXUS56 KMFR 301000
CF6AAT
PRELIMINARY LOCAL CLIMATOLOGICAL DATA (WS FORM: F-6)

                                          STATION:   ALTURAS CA
                                          MONTH:     JULY
                                          YEAR:      2016
                                          LATITUDE:   41 29 N
                                          LONGITUDE: 120 34 W

  TEMPERATURE IN F:       :PCPN:    SNOW:  WIND      :SUNSHINE: SKY     :PK WND
================================================================================
1   2   3   4   5  6A  6B    7    8   9   10  11  12  13   14  15   16   17  18
                                     12Z  AVG MX 2MIN
DY MAX MIN AVG DEP HDD CDD  WTR  SNW DPTH SPD SPD DIR MIN PSBL S-S WX    SPD DR
================================================================================

 1  94  52  73   9   0   8 0.00    M    M  4.4 17 310   M    M   0        22 300
 2  94  49  72   8   0   7 0.00    M    M  6.4 23 260   M    M   0        29 260
 3  90  51  71   7   0   6 0.00    M    M  8.4 22 270   M    M   1        27 260
 4  86  52  69   5   0   4 0.00    M    M  6.7 23 280   M    M   1        28 280
 5  84  43  64  -1   1   0 0.00    M    M  6.7 20 290   M    M   2        27 290
 6  83  48  66   1   0   1 0.00    M    M  6.0 17 260   M    M   1        23 250
 7  86  43  65   0   0   0 0.00    M    M  7.2 24 250   M    M   0        30 250
 8  80  51  66   0   0   1 0.00    M    M  9.1 23 250   M    M   3 8      29 250
 9  77  52  65  -1   0   0 0.03    M    M 13.6 25 270   M    M   7 1      35 280
10  66  43  55 -11  10   0 0.02    M    M  8.4 23 340   M    M   5        29 310
11  80  31  56 -10   9   0 0.00    M    M  4.6 16 120   M    M   0        23 140
12  82  38  60  -6   5   0 0.00    M    M  6.6 21 280   M    M   0        28 240
13  89  39  64  -2   1   0 0.00    M    M  4.1 14 260   M    M   0        20 260
14  93  41  67   0   0   2 0.00    M    M  3.9 16 290   M    M   0        22 270
15  90  47  69   2   0   4 0.00    M    M  8.0 20 320   M    M   1        28 270
16  87  46  67   0   0   2 0.00    M    M  4.8 16 280   M    M   0        23 290
17  85  43  64  -3   1   0 0.00    M    M  7.9 25 270   M    M   0        34 280
18  81  40  61  -6   4   0 0.00    M    M  9.2 26 230   M    M   0        32 240
19  83  38  61  -6   4   0 0.00    M    M  6.9 22 270   M    M   0        28 250
20  86  40  63  -4   2   0 0.00    M    M  4.4 18 270   M    M   0        22 280
21  89  41  65  -2   0   0 0.00    M    M  7.6 24 280   M    M   0        32 260
22  87  36  62  -5   3   0 0.00    M    M  5.0 18 280   M    M   0        24 290
23  90  43  67  -1   0   2 0.00    M    M  2.7 12 320   M    M   0        15 320
24  97  42  70   2   0   5 0.00    M    M  4.4 21 250   M    M   0        26 260
25  96  49  73   5   0   8 0.00    M    M  5.2 17 280   M    M   0        22 250
26  96  51  74   6   0   9 0.00    M    M  3.0 15 270   M    M   0        19 280
27  99  50  75   7   0  10 0.00    M    M  5.5 20 280   M    M   0        24 280
28 100  51  76   8   0  11 0.00    M    M  5.3 20 270   M    M   0        24 280
29 101  52  77  10   0  12 0.00    M    M  6.7 23 260   M    M   0 8      27 250
================================================================================
SM 2551 1302        40  92  0.05    M    182.7          M       21
================================================================================
AV 88.0 44.9                               6.3 FASTST   M    M   1    MAX(MPH)
                                 MISC ---->  # 26 230               # 35  280
================================================================================
NOTES:
# LAST OF SEVERAL OCCURRENCES

COLUMN 17 PEAK WIND IN M.P.H.

PRELIMINARY LOCAL CLIMATOLOGICAL DATA (WS FORM: F-6) , PAGE 2

                                          STATION:  ALTURAS CA
                                          MONTH:    JULY
                                          YEAR:     2016
                                          LATITUDE:   41 29 N
                                          LONGITUDE: 120 34 W

[TEMPERATURE DATA]      [PRECIPITATION DATA]       SYMBOLS USED IN COLUMN 16

AVERAGE MONTHLY: 66.4   TOTAL FOR MONTH:   0.05    1 = FOG OR MIST
DPTR FM NORMAL:   0.1   DPTR FM NORMAL:   -0.26    2 = FOG REDUCING VISIBILITY
HIGHEST:   101 ON 29    GRTST 24HR  0.05 ON  9-10      TO 1/4 MILE OR LESS
LOWEST:     31 ON 11                               3 = THUNDER
                        SNOW, ICE PELLETS, HAIL    4 = ICE PELLETS
                        TOTAL MONTH:    M          5 = HAIL
                        GRTST 24HR    M  ON   M    6 = FREEZING RAIN OR DRIZZLE
                        GRTST DEPTH:  M  ON   M    7 = DUSTSTORM OR SANDSTORM:
                                                       VSBY 1/2 MILE OR LESS
                                                   8 = SMOKE OR HAZE
[NO. OF DAYS WITH]      [WEATHER - DAYS WITH]      9 = BLOWING SNOW
                                                   X = TORNADO
MAX 32 OR BELOW:   0    0.01 INCH OR MORE:   2
MAX 90 OR ABOVE:  12    0.10 INCH OR MORE:   0
MIN 32 OR BELOW:   1    0.50 INCH OR MORE:   0
MIN  0 OR BELOW:   0    1.00 INCH OR MORE:   0

[HDD (BASE 65) ]
TOTAL THIS MO.    40    CLEAR  (SCALE 0-3)  26
DPTR FM NORMAL     1    PTCLDY (SCALE 4-7)   3
TOTAL FM JUL 1    40    CLOUDY (SCALE 8-10)  0
DPTR FM NORMAL     1

[CDD (BASE 65) ]
TOTAL THIS MO.    92
DPTR FM NORMAL    19    [PRESSURE DATA]
TOTAL FM JAN 1   140    HIGHEST SLP M ON M
DPTR FM NORMAL    56    LOWEST  SLP 29.76 ON 29

[REMARKS]
