000
CXUS54 KSJT 270900
CF6ABI
PRELIMINARY LOCAL CLIMATOLOGICAL DATA (WS FORM: F-6)

                                          STATION:   ABILENE
                                          MONTH:     FEBRUARY
                                          YEAR:      2015
                                          LATITUDE:   32 25 N
                                          LONGITUDE:  99 41 W

  TEMPERATURE IN F:       :PCPN:    SNOW:  WIND      :SUNSHINE: SKY     :PK WND
================================================================================
1   2   3   4   5  6A  6B    7    8   9   10  11  12  13   14  15   16   17  18
                                     12Z  AVG MX 2MIN
DY MAX MIN AVG DEP HDD CDD  WTR  SNW DPTH SPD SPD DIR MIN PSBL S-S WX    SPD DR
================================================================================

 1  55  34  45  -1  20   0 0.00  0.0    0 14.3 29  10   M    M   6        35 350
 2  50  23  37  -9  28   0 0.00  0.0    0  7.3 16 170   M    M   0        19 170
 3  57  36  47   1  18   0 0.00  0.0    0 12.3 23 200   M    M   0        30 210
 4  65  31  48   2  17   0 0.00  0.0    0 15.4 35  10   M    M   7 1      42 350
 5  38  27  33 -14  32   0 0.00  0.0    0  9.3 22 350   M    M   8        28 360
 6  64  29  47   0  18   0 0.00  0.0    0 11.1 21 200   M    M   0        27 200
 7  76  43  60  13   5   0 0.00  0.0    0 17.7 29 200   M    M   0 1      37 200
 8  77  46  62  15   3   0 0.00  0.0    0 12.2 29 210   M    M   0        35 210
 9  78  39  59  12   6   0 0.00  0.0    0  4.9 10 170   M    M   0        14 180
10  83  50  67  19   0   2 0.00  0.0    0 13.6 30 210   M    M   0        39 210
11  66  44  55   7  10   0 0.00  0.0    0 13.3 26  10   M    M   3        34  10
12  55  38  47  -1  18   0 0.00  0.0    0  9.2 20 360   M    M   4        26  20
13  71  37  54   6  11   0 0.00  0.0    0  7.2 17 280   M    M   0        23 280
14  77  42  60  12   5   0 0.00  0.0    0  5.9 15 210   M    M   0        22 220
15  71  33  52   4  13   0 0.00  0.0    0 14.8 26 200   M    M   5 1      35 210
16  43  25  34 -15  31   0    T    T    0 15.1 31 350   M    M   4 16     37 340
17  54  30  42  -7  23   0    T    T    0  6.7 18 290   M    M   6        23 280
18  63  29  46  -3  19   0 0.00  0.0    0  8.2 17 200   M    M   0        23 190
19  71  38  55   6  10   0 0.00  0.0    0 14.3 26 200   M    M   0        30 210
20  80  53  67  17   0   2 0.00  0.0    0 19.8 31 190   M    M   0        39 220
21  65  46  56   6   9   0 0.00  0.0    0 12.7 31 350   M    M   3        35 350
22  47  24  36 -14  29   0 1.13    T    0 14.4 30 360   M    M   8 1346   36 350
23  24  21  23 -27  42   0 0.11  0.3    0 13.0 22 360   M    M   9 146    29 350
24  37  22  30 -21  35   0 0.02    T    0  4.9 10 150   M    M   7 1      17  10
25  62  33  48  -3  17   0 0.21    T    0  6.9 17 300   M    M   3 1      22 310
26  44  25  35 -16  30   0 0.08    M    0 13.4 26  20   M    M   9 1      34  20
================================================================================
SM 1573  898       449   4  1.55     0.3 297.9          M       82
================================================================================
AV 60.5 34.5                              11.5 FASTST   M    M   3    MAX(MPH)
                                 MISC ---->  # 35  10               # 42  350
================================================================================
NOTES:
# LAST OF SEVERAL OCCURRENCES

COLUMN 17 PEAK WIND IN M.P.H.

PRELIMINARY LOCAL CLIMATOLOGICAL DATA (WS FORM: F-6) , PAGE 2

                                          STATION:  ABILENE
                                          MONTH:    FEBRUARY
                                          YEAR:     2015
                                          LATITUDE:   32 25 N
                                          LONGITUDE:  99 41 W

[TEMPERATURE DATA]      [PRECIPITATION DATA]       SYMBOLS USED IN COLUMN 16

AVERAGE MONTHLY: 47.5   TOTAL FOR MONTH:   1.55    1 = FOG OR MIST
DPTR FM NORMAL:  -0.8   DPTR FM NORMAL:    0.30    2 = FOG REDUCING VISIBILITY
HIGHEST:    83 ON 10    GRTST 24HR  1.24 ON 22-23      TO 1/4 MILE OR LESS
LOWEST:     21 ON 23                               3 = THUNDER
                        SNOW, ICE PELLETS, HAIL    4 = ICE PELLETS
                        TOTAL MONTH:   0.3 INCH    5 = HAIL
                        GRTST 24HR   0.3 ON   M    6 = FREEZING RAIN OR DRIZZLE
                        GRTST DEPTH:   0           7 = DUSTSTORM OR SANDSTORM:
                                                       VSBY 1/2 MILE OR LESS
                                                   8 = SMOKE OR HAZE
[NO. OF DAYS WITH]      [WEATHER - DAYS WITH]      9 = BLOWING SNOW
                                                   X = TORNADO
MAX 32 OR BELOW:   1    0.01 INCH OR MORE:   5
MAX 90 OR ABOVE:   0    0.10 INCH OR MORE:   3
MIN 32 OR BELOW:  11    0.50 INCH OR MORE:   1
MIN  0 OR BELOW:   0    1.00 INCH OR MORE:   1

[HDD (BASE 65) ]
TOTAL THIS MO.   449    CLEAR  (SCALE 0-3)  14
DPTR FM NORMAL    12    PTCLDY (SCALE 4-7)   8
TOTAL FM JUL 1  1995    CLOUDY (SCALE 8-10)  4
DPTR FM NORMAL  -111

[CDD (BASE 65) ]
TOTAL THIS MO.     4
DPTR FM NORMAL     4    [PRESSURE DATA]
TOTAL FM JAN 1     4    HIGHEST SLP M ON M
DPTR FM NORMAL     3    LOWEST  SLP 29.57 ON 20

[REMARKS]
